209.85.228.82 - - [21/Jun/2011:07:28:23 +0000] "GET /CV.html HTTP/1.1" 200 5934 "-" "Feedfetcher-Google; (+http://www.google.com/feedfetcher.html; feed-id=330981569284202033)"
209.85.228.80 - - [21/Jun/2011:08:37:21 +0000] "GET /CV.html HTTP/1.1" 200 5934 "-" "Feedfetcher-Google; (+http://www.google.com/feedfetcher.html; feed-id=330981569284202033)"
78.102.104.138 - - [21/Jun/2011:09:22:33 +0000] "GET /CV.html HTTP/1.1" 200 5934 "http://www.linkedin.com/profile/view?id=18790121&authType=NAME_SEARCH&authToken=W_ca&locale=en_US&srchid=d97d55d2-7062-4751-93fc-d7bad28bb1a0-0&srchindex=3&srchtotal=4&goback=%2Efps_PBCK_jakub+%C5%A1%C5%A5astn%C3%BD_*1_*1_*1_*1_*1_*1_*2_*1_Y_*1_*1_*1_false_1_R_true_*2_*2_*2_*2_*2_*2_*2_*2_*2_*2_*2_*2_*2_*2_*2_*2_*2_*2_*2_*2_*2&pvs=ps&trk=pp_profile_name_link" "Mozilla/5.0 (Windows NT 6.1; WOW64) AppleWebKit/534.30 (KHTML, like Gecko) Chrome/12.0.742.100 Safari/534.30"
78.102.104.138 - - [21/Jun/2011:09:22:33 +0000] "GET /assets/css/all.css HTTP/1.1" 200 190 "http://static.101ideas.cz/CV.html" "Mozilla/5.0 (Windows NT 6.1; WOW64) AppleWebKit/534.30 (KHTML, like Gecko) Chrome/12.0.742.100 Safari/534.30"
78.102.104.138 - - [21/Jun/2011:09:22:33 +0000] "GET /assets/css/design.css HTTP/1.1" 200 762 "http://static.101ideas.cz/CV.html" "Mozilla/5.0 (Windows NT 6.1; WOW64) AppleWebKit/534.30 (KHTML, like Gecko) Chrome/12.0.742.100 Safari/534.30"
78.102.104.138 - - [21/Jun/2011:09:22:33 +0000] "GET /assets/js/application.js HTTP/1.1" 200 1053 "http://static.101ideas.cz/CV.html" "Mozilla/5.0 (Windows NT 6.1; WOW64) AppleWebKit/534.30 (KHTML, like Gecko) Chrome/12.0.742.100 Safari/534.30"
78.102.104.138 - - [21/Jun/2011:09:22:33 +0000] "GET /assets/js/mootools-1.2-core.js HTTP/1.1" 200 66868 "http://static.101ideas.cz/CV.html" "Mozilla/5.0 (Windows NT 6.1; WOW64) AppleWebKit/534.30 (KHTML, like Gecko) Chrome/12.0.742.100 Safari/534.30"
78.102.104.138 - - [21/Jun/2011:09:22:34 +0000] "GET /assets/js/mootools-1.2-more.js HTTP/1.1" 200 130450 "http://static.101ideas.cz/CV.html" "Mozilla/5.0 (Windows NT 6.1; WOW64) AppleWebKit/534.30 (KHTML, like Gecko) Chrome/12.0.742.100 Safari/534.30"
78.102.104.138 - - [21/Jun/2011:09:22:34 +0000] "GET /favicon.ico HTTP/1.1" 404 148 "-" "Mozilla/5.0 (Windows NT 6.1; WOW64) AppleWebKit/534.30 (KHTML, like Gecko) Chrome/12.0.742.100 Safari/534.30"
78.102.104.138 - - [21/Jun/2011:09:22:35 +0000] "GET /favicon.ico HTTP/1.1" 404 148 "-" "Mozilla/5.0 (compatible; Google Desktop/5.9.1005.12335; http://desktop.google.com/)"
209.85.226.83 - - [21/Jun/2011:10:00:14 +0000] "GET /CV.html HTTP/1.1" 200 5934 "-" "Feedfetcher-Google; (+http://www.google.com/feedfetcher.html; feed-id=330981569284202033)"
209.85.228.87 - - [21/Jun/2011:11:09:36 +0000] "GET /CV.html HTTP/1.1" 200 5934 "-" "Feedfetcher-Google; (+http://www.google.com/feedfetcher.html; feed-id=330981569284202033)"
209.85.228.80 - - [21/Jun/2011:12:18:36 +0000] "GET /CV.html HTTP/1.1" 200 5934 "-" "Feedfetcher-Google; (+http://www.google.com/feedfetcher.html; feed-id=330981569284202033)"
38.109.45.44 - - [21/Jun/2011:12:36:42 +0000] "GET /CV.html HTTP/1.0" 200 15819 "-" "Mozilla/5.0 (Windows; U; Windows NT 5.1; ru; rv:1.9) Gecko/2008052906 Firefox/3.0"
209.85.228.81 - - [21/Jun/2011:13:40:02 +0000] "GET /CV.html HTTP/1.1" 200 5934 "-" "Feedfetcher-Google; (+http://www.google.com/feedfetcher.html; feed-id=330981569284202033)"
209.85.226.84 - - [21/Jun/2011:14:50:11 +0000] "GET /CV.html HTTP/1.1" 200 5934 "-" "Feedfetcher-Google; (+http://www.google.com/feedfetcher.html; feed-id=330981569284202033)"
195.138.205.241 - - [21/Jun/2011:15:43:34 +0000] "GET /CV.html HTTP/1.1" 200 15819 "http://www.linkedin.com/profile/view?id=18790121&authType=OUT_OF_NETWORK&authToken=o6T7&locale=en_US&srchid=9fee0652-75f4-4060-a98c-20bb9dafe5e2-1&srchindex=28&srchtotal=85&goback=%2Efps_PBCK_*1_*1_*1_*1_Ruby+developer_CP_*1_*2_*1_I_gb_W12+7TP_50_false_3_R_true_CC%2CN%2CI%2CPC%2CED%2CL%2CFG%2CTE%2CFA%2CSE%2CP%2CCS%2CF%2CDR%2CG_*2_*2_*2_*2_*2_*2_*2_*2_*2_*2_*2_*2_*2_*2_*2_*2_*2_*2_*2_*2&pvs=ps&trk=pp_profile_name_link" "Mozilla/4.0 (compatible; MSIE 7.0; Windows NT 5.2; WOW64; Trident/4.0; .NET CLR 1.1.4322; .NET CLR 2.0.50727; .NET CLR 3.0.4506.2152; .NET CLR 3.5.30729)"
195.138.205.241 - - [21/Jun/2011:15:43:34 +0000] "GET /assets/css/all.css HTTP/1.1" 200 190 "http://static.101ideas.cz/CV.html" "Mozilla/4.0 (compatible; MSIE 8.0; Windows NT 5.2; WOW64; Trident/4.0; .NET CLR 1.1.4322; .NET CLR 2.0.50727; .NET CLR 3.0.4506.2152; .NET CLR 3.5.30729)"
195.138.205.241 - - [21/Jun/2011:15:43:34 +0000] "GET /assets/css/design.css HTTP/1.1" 200 762 "http://static.101ideas.cz/CV.html" "Mozilla/4.0 (compatible; MSIE 8.0; Windows NT 5.2; WOW64; Trident/4.0; .NET CLR 1.1.4322; .NET CLR 2.0.50727; .NET CLR 3.0.4506.2152; .NET CLR 3.5.30729)"
195.138.205.241 - - [21/Jun/2011:15:43:34 +0000] "GET /assets/js/mootools-1.2-core.js HTTP/1.1" 200 66868 "http://static.101ideas.cz/CV.html" "Mozilla/4.0 (compatible; MSIE 8.0; Windows NT 5.2; WOW64; Trident/4.0; .NET CLR 1.1.4322; .NET CLR 2.0.50727; .NET CLR 3.0.4506.2152; .NET CLR 3.5.30729)"
195.138.205.241 - - [21/Jun/2011:15:43:34 +0000] "GET /assets/js/mootools-1.2-more.js HTTP/1.1" 200 130450 "http://static.101ideas.cz/CV.html" "Mozilla/4.0 (compatible; MSIE 8.0; Windows NT 5.2; WOW64; Trident/4.0; .NET CLR 1.1.4322; .NET CLR 2.0.50727; .NET CLR 3.0.4506.2152; .NET CLR 3.5.30729)"
195.138.205.241 - - [21/Jun/2011:15:43:34 +0000] "GET /assets/js/application.js HTTP/1.1" 200 1053 "http://static.101ideas.cz/CV.html" "Mozilla/4.0 (compatible; MSIE 8.0; Windows NT 5.2; WOW64; Trident/4.0; .NET CLR 1.1.4322; .NET CLR 2.0.50727; .NET CLR 3.0.4506.2152; .NET CLR 3.5.30729)"
195.138.205.241 - - [21/Jun/2011:15:43:34 +0000] "GET /favicon.ico HTTP/1.1" 404 529 "-" "Mozilla/4.0 (compatible; MSIE 8.0; Windows NT 5.2; WOW64; Trident/4.0; .NET CLR 1.1.4322; .NET CLR 2.0.50727; .NET CLR 3.0.4506.2152; .NET CLR 3.5.30729)"
78.45.57.153 - - [21/Jun/2011:15:56:17 +0000] "GET /CV.html HTTP/1.1" 200 5934 "-" "Mozilla/5.0 (Macintosh; Intel Mac OS X 10_6_7) AppleWebKit/534.30 (KHTML, like Gecko) Chrome/12.0.742.100 Safari/534.30"
78.45.57.153 - - [21/Jun/2011:15:56:17 +0000] "GET /assets/css/all.css HTTP/1.1" 200 190 "http://static.101ideas.cz/CV.html" "Mozilla/5.0 (Macintosh; Intel Mac OS X 10_6_7) AppleWebKit/534.30 (KHTML, like Gecko) Chrome/12.0.742.100 Safari/534.30"
78.45.57.153 - - [21/Jun/2011:15:56:17 +0000] "GET /assets/css/design.css HTTP/1.1" 200 762 "http://static.101ideas.cz/CV.html" "Mozilla/5.0 (Macintosh; Intel Mac OS X 10_6_7) AppleWebKit/534.30 (KHTML, like Gecko) Chrome/12.0.742.100 Safari/534.30"
78.45.57.153 - - [21/Jun/2011:15:56:17 +0000] "GET /assets/js/mootools-1.2-core.js HTTP/1.1" 200 66868 "http://static.101ideas.cz/CV.html" "Mozilla/5.0 (Macintosh; Intel Mac OS X 10_6_7) AppleWebKit/534.30 (KHTML, like Gecko) Chrome/12.0.742.100 Safari/534.30"
78.45.57.153 - - [21/Jun/2011:15:56:17 +0000] "GET /assets/js/application.js HTTP/1.1" 200 1053 "http://static.101ideas.cz/CV.html" "Mozilla/5.0 (Macintosh; Intel Mac OS X 10_6_7) AppleWebKit/534.30 (KHTML, like Gecko) Chrome/12.0.742.100 Safari/534.30"
78.45.57.153 - - [21/Jun/2011:15:56:17 +0000] "GET /assets/js/mootools-1.2-more.js HTTP/1.1" 200 130450 "http://static.101ideas.cz/CV.html" "Mozilla/5.0 (Macintosh; Intel Mac OS X 10_6_7) AppleWebKit/534.30 (KHTML, like Gecko) Chrome/12.0.742.100 Safari/534.30"
78.45.57.153 - - [21/Jun/2011:15:56:18 +0000] "GET /favicon.ico HTTP/1.1" 404 148 "-" "Mozilla/5.0 (Macintosh; Intel Mac OS X 10_6_7) AppleWebKit/534.30 (KHTML, like Gecko) Chrome/12.0.742.100 Safari/534.30"
209.85.228.84 - - [21/Jun/2011:15:58:05 +0000] "GET /CV.html HTTP/1.1" 200 5934 "-" "Feedfetcher-Google; (+http://www.google.com/feedfetcher.html; feed-id=330981569284202033)"
208.80.194.66 - - [21/Jun/2011:17:21:54 +0000] "GET /CV.html HTTP/1.0" 200 15819 "-" "Mozilla/4.0 (compatible; MSIE 6.0; Windows NT 5.1; SV1; .NET CLR 1.1.4322; .NET CLR 2.0.50728)"
95.108.217.251 - - [21/Jun/2011:19:29:41 +0000] "GET /robots.txt HTTP/1.1" 404 169 "-" "Mozilla/5.0 (compatible; YandexBot/3.0; +http://yandex.com/bots)"
208.80.194.66 - - [21/Jun/2011:21:47:42 +0000] "GET /assets/js/application.js HTTP/1.0" 200 1053 "-" "Mozilla/4.0 (compatible; MSIE 6.0; Windows NT 5.1; SV1; .NET CLR 1.1.4322; .NET CLR 2.0.50728)"
109.230.220.51 - - [21/Jun/2011:23:34:56 +0000] "GET /CV.html HTTP/1.0" 200 15819 "http://static.101ideas.cz/CV.html" "Mozilla/4.0 (compatible; MSIE 5.5; Windows 95; BCD2000)"
95.108.217.251 - - [22/Jun/2011:03:29:38 +0000] "GET / HTTP/1.1" 200 261 "-" "Mozilla/5.0 (compatible; YandexBot/3.0; +http://yandex.com/bots)"
67.195.111.251 - - [22/Jun/2011:03:53:45 +0000] "GET /robots.txt HTTP/1.0" 404 169 "-" "Mozilla/5.0 (compatible; Yahoo! Slurp; http://help.yahoo.com/help/us/ysearch/slurp)"
67.195.111.251 - - [22/Jun/2011:03:53:45 +0000] "GET /parts/contact-informations.html HTTP/1.0" 200 281 "-" "Mozilla/5.0 (compatible; Yahoo! Slurp; http://help.yahoo.com/help/us/ysearch/slurp)"
95.108.217.251 - - [22/Jun/2011:05:35:35 +0000] "GET /assets/js/ajax-load.js HTTP/1.1" 200 318 "-" "Mozilla/5.0 (compatible; YandexBot/3.0; +http://yandex.com/bots)"
95.108.217.251 - - [22/Jun/2011:05:35:38 +0000] "GET /assets/js/mootools-1.2-core.js HTTP/1.1" 200 66868 "-" "Mozilla/5.0 (compatible; YandexBot/3.0; +http://yandex.com/bots)"
95.108.217.251 - - [22/Jun/2011:05:36:36 +0000] "GET /assets/js/mootools-1.2-more.js HTTP/1.1" 200 111840 "-" "Mozilla/5.0 (compatible; YandexBot/3.0; +http://yandex.com/bots)"
67.195.111.251 - - [22/Jun/2011:07:26:32 +0000] "GET /CV.html HTTP/1.0" 200 15819 "-" "Mozilla/5.0 (compatible; Yahoo! Slurp; http://help.yahoo.com/help/us/ysearch/slurp)"
67.195.111.251 - - [22/Jun/2011:07:26:32 +0000] "GET /assets/css/all.css HTTP/1.0" 200 190 "http://static.101ideas.cz/CV.html" "Mozilla/5.0 (compatible; Yahoo! Slurp; http://help.yahoo.com/help/us/ysearch/slurp)"
67.195.111.251 - - [22/Jun/2011:07:26:32 +0000] "GET /assets/css/design.css HTTP/1.0" 200 762 "http://static.101ideas.cz/CV.html" "Mozilla/5.0 (compatible; Yahoo! Slurp; http://help.yahoo.com/help/us/ysearch/slurp)"
209.85.226.87 - - [22/Jun/2011:07:27:07 +0000] "GET /CV.html HTTP/1.1" 200 5934 "-" "Feedfetcher-Google; (+http://www.google.com/feedfetcher.html; feed-id=330981569284202033)"
209.85.228.85 - - [22/Jun/2011:08:18:39 +0000] "GET /CV.html HTTP/1.1" 200 5934 "-" "Feedfetcher-Google; (+http://www.google.com/feedfetcher.html; feed-id=330981569284202033)"
209.85.228.82 - - [22/Jun/2011:09:07:55 +0000] "GET /CV.html HTTP/1.1" 200 5934 "-" "Feedfetcher-Google; (+http://www.google.com/feedfetcher.html; feed-id=330981569284202033)"
209.85.226.81 - - [22/Jun/2011:10:14:02 +0000] "GET /CV.html HTTP/1.1" 200 5934 "-" "Feedfetcher-Google; (+http://www.google.com/feedfetcher.html; feed-id=330981569284202033)"
207.97.227.236 - - [22/Jun/2011:10:55:24 +0000] "GET /amqp-debug.png HTTP/1.1" 404 169 "-" "-"
209.85.226.87 - - [22/Jun/2011:11:14:22 +0000] "GET /CV.html HTTP/1.1" 200 5934 "-" "Feedfetcher-Google; (+http://www.google.com/feedfetcher.html; feed-id=330981569284202033)"
209.85.226.81 - - [22/Jun/2011:12:27:00 +0000] "GET /CV.html HTTP/1.1" 200 5934 "-" "Feedfetcher-Google; (+http://www.google.com/feedfetcher.html; feed-id=330981569284202033)"
207.97.227.236 - - [22/Jun/2011:13:07:07 +0000] "GET /amqp-debug.png HTTP/1.1" 404 169 "-" "-"
209.85.226.86 - - [22/Jun/2011:13:23:37 +0000] "GET /CV.html HTTP/1.1" 200 5934 "-" "Feedfetcher-Google; (+http://www.google.com/feedfetcher.html; feed-id=330981569284202033)"
88.163.135.34 - - [22/Jun/2011:13:27:10 +0000] "GET /amqp-debug.png HTTP/1.1" 404 148 "http://rdoc.info/github/ruby-amqp/amq-protocol/master/file/README.textile" "Mozilla/5.0 (Windows NT 6.1; WOW64) AppleWebKit/535.1 (KHTML, like Gecko) Chrome/13.0.782.24 Safari/535.1"
81.138.114.125 - - [22/Jun/2011:13:35:49 +0000] "GET /CV.html HTTP/1.1" 200 15819 "http://www.linkedin.com/profile/view?id=18790121&authType=name&authToken=tuzo&goback=%2Efps_*1_*1_*1_*1_*1_*1_*1_*1_*1_*1_*1_*1_*1_*1_*1_*1_*1_*1_*1_*1_*1_*1_*1_*1_*1_*1_*1_*1_*1_*1_*1_*1_*1_*1_*1_*1_*1_*1_*1&pvs=ps" "Mozilla/5.0 (Windows NT 5.1) AppleWebKit/534.30 (KHTML, like Gecko) Chrome/12.0.742.100 Safari/534.30"
81.138.114.125 - - [22/Jun/2011:13:35:49 +0000] "GET /assets/css/all.css HTTP/1.1" 200 190 "http://static.101ideas.cz/CV.html" "Mozilla/5.0 (Windows NT 5.1) AppleWebKit/534.30 (KHTML, like Gecko) Chrome/12.0.742.100 Safari/534.30"
81.138.114.125 - - [22/Jun/2011:13:35:49 +0000] "GET /assets/css/design.css HTTP/1.1" 200 762 "http://static.101ideas.cz/CV.html" "Mozilla/5.0 (Windows NT 5.1) AppleWebKit/534.30 (KHTML, like Gecko) Chrome/12.0.742.100 Safari/534.30"
81.138.114.125 - - [22/Jun/2011:13:35:49 +0000] "GET /assets/js/application.js HTTP/1.1" 200 1053 "http://static.101ideas.cz/CV.html" "Mozilla/5.0 (Windows NT 5.1) AppleWebKit/534.30 (KHTML, like Gecko) Chrome/12.0.742.100 Safari/534.30"
81.138.114.125 - - [22/Jun/2011:13:35:49 +0000] "GET /assets/js/mootools-1.2-more.js HTTP/1.1" 200 130450 "http://static.101ideas.cz/CV.html" "Mozilla/5.0 (Windows NT 5.1) AppleWebKit/534.30 (KHTML, like Gecko) Chrome/12.0.742.100 Safari/534.30"
81.138.114.125 - - [22/Jun/2011:13:35:49 +0000] "GET /assets/js/mootools-1.2-core.js HTTP/1.1" 200 66868 "http://static.101ideas.cz/CV.html" "Mozilla/5.0 (Windows NT 5.1) AppleWebKit/534.30 (KHTML, like Gecko) Chrome/12.0.742.100 Safari/534.30"
81.138.114.125 - - [22/Jun/2011:13:35:49 +0000] "GET /favicon.ico HTTP/1.1" 404 169 "-" "Mozilla/5.0 (Windows NT 5.1) AppleWebKit/534.30 (KHTML, like Gecko) Chrome/12.0.742.100 Safari/534.30"
74.125.114.81 - - [22/Jun/2011:13:54:45 +0000] "GET /CV.html HTTP/1.1" 200 5934 "-" "Feedfetcher-Google; (+http://www.google.com/feedfetcher.html; feed-id=330981569284202033)"
67.195.111.251 - - [22/Jun/2011:13:56:31 +0000] "GET /robots.txt HTTP/1.0" 404 169 "-" "Mozilla/5.0 (compatible; Yahoo! Slurp; http://help.yahoo.com/help/us/ysearch/slurp)"
67.195.111.251 - - [22/Jun/2011:13:56:31 +0000] "GET /parts/my-own-oss-projects.html HTTP/1.0" 200 1555 "-" "Mozilla/5.0 (compatible; Yahoo! Slurp; http://help.yahoo.com/help/us/ysearch/slurp)"
74.125.114.86 - - [22/Jun/2011:15:07:09 +0000] "GET /CV.html HTTP/1.1" 200 5934 "-" "Feedfetcher-Google; (+http://www.google.com/feedfetcher.html; feed-id=330981569284202033)"
209.85.226.87 - - [22/Jun/2011:15:23:38 +0000] "GET /CV.html HTTP/1.1" 200 5934 "-" "Feedfetcher-Google; (+http://www.google.com/feedfetcher.html; feed-id=330981569284202033)"
209.85.226.87 - - [22/Jun/2011:18:55:23 +0000] "GET /CV.html HTTP/1.1" 200 5934 "-" "Feedfetcher-Google; (+http://www.google.com/feedfetcher.html; feed-id=330981569284202033)"
66.249.66.19 - - [23/Jun/2011:01:09:51 +0000] "GET / HTTP/1.1" 200 262 "-" "Mozilla/5.0 (compatible; Googlebot/2.1; +http://www.google.com/bot.html)"
74.125.16.3 - - [23/Jun/2011:05:31:35 +0000] "GET /CV.html HTTP/1.1" 200 5934 "-" "Feedfetcher-Google; (+http://www.google.com/feedfetcher.html; feed-id=330981569284202033)"
173.203.140.220 - - [23/Jun/2011:06:41:32 +0000] "GET /amqp-debug.png HTTP/1.1" 404 169 "-" "-"
207.97.227.235 - - [23/Jun/2011:06:43:20 +0000] "GET /amqp-debug.png HTTP/1.1" 404 169 "-" "-"
207.97.227.235 - - [23/Jun/2011:06:44:30 +0000] "GET /amqp-debug.png HTTP/1.1" 404 169 "-" "-"
207.97.227.235 - - [23/Jun/2011:06:45:31 +0000] "GET /amqp-debug.png HTTP/1.1" 404 169 "-" "-"
173.203.140.220 - - [23/Jun/2011:06:47:27 +0000] "GET /amqp-debug.png HTTP/1.1" 404 169 "-" "-"
74.125.16.3 - - [23/Jun/2011:07:34:19 +0000] "GET /CV.html HTTP/1.1" 200 5934 "-" "Feedfetcher-Google; (+http://www.google.com/feedfetcher.html; feed-id=330981569284202033)"
74.125.16.3 - - [23/Jun/2011:07:55:19 +0000] "GET /CV.html HTTP/1.1" 200 5934 "-" "Feedfetcher-Google; (+http://www.google.com/feedfetcher.html; feed-id=330981569284202033)"
209.85.228.81 - - [23/Jun/2011:08:09:23 +0000] "GET /CV.html HTTP/1.1" 200 5934 "-" "Feedfetcher-Google; (+http://www.google.com/feedfetcher.html; feed-id=330981569284202033)"
66.249.66.19 - - [23/Jun/2011:08:37:27 +0000] "GET /robots.txt HTTP/1.1" 404 148 "-" "Googlebot-Image/1.0"
66.249.66.19 - - [23/Jun/2011:08:37:27 +0000] "GET /merb-flood.png HTTP/1.1" 404 148 "-" "Googlebot-Image/1.0"
74.125.16.3 - - [23/Jun/2011:09:26:58 +0000] "GET /CV.html HTTP/1.1" 200 5934 "-" "Feedfetcher-Google; (+http://www.google.com/feedfetcher.html; feed-id=330981569284202033)"
209.85.226.85 - - [23/Jun/2011:10:38:08 +0000] "GET /CV.html HTTP/1.1" 200 5934 "-" "Feedfetcher-Google; (+http://www.google.com/feedfetcher.html; feed-id=330981569284202033)"
74.125.16.3 - - [23/Jun/2011:11:06:21 +0000] "GET /CV.html HTTP/1.1" 200 5934 "-" "Feedfetcher-Google; (+http://www.google.com/feedfetcher.html; feed-id=330981569284202033)"
74.125.16.3 - - [23/Jun/2011:12:08:34 +0000] "GET /CV.html HTTP/1.1" 200 5934 "-" "Feedfetcher-Google; (+http://www.google.com/feedfetcher.html; feed-id=330981569284202033)"
209.85.228.80 - - [23/Jun/2011:12:42:11 +0000] "GET /CV.html HTTP/1.1" 200 5934 "-" "Feedfetcher-Google; (+http://www.google.com/feedfetcher.html; feed-id=330981569284202033)"
119.63.196.12 - - [23/Jun/2011:12:57:53 +0000] "GET /robots.txt HTTP/1.1" 404 148 "-" "Baiduspider+(+http://www.baidu.com/search/spider.htm)"
74.125.16.3 - - [23/Jun/2011:13:11:22 +0000] "GET /CV.html HTTP/1.1" 200 5934 "-" "Feedfetcher-Google; (+http://www.google.com/feedfetcher.html; feed-id=330981569284202033)"
209.85.226.86 - - [23/Jun/2011:13:44:41 +0000] "GET /CV.html HTTP/1.1" 200 5934 "-" "Feedfetcher-Google; (+http://www.google.com/feedfetcher.html; feed-id=330981569284202033)"
74.125.16.3 - - [23/Jun/2011:14:26:16 +0000] "GET /CV.html HTTP/1.1" 200 5934 "-" "Feedfetcher-Google; (+http://www.google.com/feedfetcher.html; feed-id=330981569284202033)"
74.125.16.3 - - [23/Jun/2011:15:53:35 +0000] "GET /CV.html HTTP/1.1" 200 5934 "-" "Feedfetcher-Google; (+http://www.google.com/feedfetcher.html; feed-id=330981569284202033)"
209.85.228.83 - - [23/Jun/2011:16:50:04 +0000] "GET /CV.html HTTP/1.1" 200 5934 "-" "Feedfetcher-Google; (+http://www.google.com/feedfetcher.html; feed-id=330981569284202033)"
209.85.226.84 - - [23/Jun/2011:17:39:53 +0000] "GET /CV.html HTTP/1.1" 200 5934 "-" "Feedfetcher-Google; (+http://www.google.com/feedfetcher.html; feed-id=330981569284202033)"
207.97.227.235 - - [23/Jun/2011:17:45:26 +0000] "GET /amqp-debug.png HTTP/1.1" 404 169 "-" "-"
209.85.228.84 - - [23/Jun/2011:19:32:19 +0000] "GET /CV.html HTTP/1.1" 200 5934 "-" "Feedfetcher-Google; (+http://www.google.com/feedfetcher.html; feed-id=330981569284202033)"
198.22.153.9 - - [23/Jun/2011:19:59:45 +0000] "GET /amqp-debug.png HTTP/1.1" 404 203 "http://www.rdoc.info/github/ruby-amqp/amq-protocol/master/file/README.textile" "Mozilla/4.0 (compatible; MSIE 7.0; Windows NT 6.1; WOW64; Trident/4.0; SLCC2; .NET CLR 2.0.50727; .NET CLR 3.5.30729; .NET CLR 3.0.30729; Media Center PC 6.0; MS-RTC LM 8; .NET4.0C)"
209.85.226.87 - - [23/Jun/2011:22:09:56 +0000] "GET /CV.html HTTP/1.1" 200 5934 "-" "Feedfetcher-Google; (+http://www.google.com/feedfetcher.html; feed-id=330981569284202033)"
38.101.148.126 - - [24/Jun/2011:01:12:07 +0000] "GET /robots.txt HTTP/1.1" 404 148 "-" "Mozilla/5.0 (compatible; discobot/1.1; +http://discoveryengine.com/discobot.html)"
66.249.66.19 - - [24/Jun/2011:06:22:21 +0000] "GET /robots.txt HTTP/1.1" 404 148 "-" "Mozilla/5.0 (compatible; Googlebot/2.1; +http://www.google.com/bot.html)"
66.249.66.19 - - [24/Jun/2011:06:22:21 +0000] "GET /parts/other-activities.html HTTP/1.1" 200 341 "-" "Mozilla/5.0 (compatible; Googlebot/2.1; +http://www.google.com/bot.html)"
87.194.162.104 - - [24/Jun/2011:07:18:13 +0000] "GET /CV.htm HTTP/1.1" 404 148 "-" "Mozilla/5.0 (Windows NT 6.1; WOW64) AppleWebKit/534.30 (KHTML, like Gecko) Chrome/12.0.742.100 Safari/534.30"
87.194.162.104 - - [24/Jun/2011:07:18:13 +0000] "GET /favicon.ico HTTP/1.1" 404 148 "-" "Mozilla/5.0 (Windows NT 6.1; WOW64) AppleWebKit/534.30 (KHTML, like Gecko) Chrome/12.0.742.100 Safari/534.30"
87.194.162.104 - - [24/Jun/2011:07:18:51 +0000] "GET /CV.html HTTP/1.1" 200 5934 "http://www.linkedin.com/profile/view?id=18790121&authType=OUT_OF_NETWORK&authToken=o6T7&locale=en_US&srchid=6822cdee-de7f-4a28-aaf2-1edfc2e7244d-1&srchindex=11&srchtotal=1495&goback=%2Efps_PBCK_%22ruby+on+rails%22_*1_*1_*1_*1_*1_*1_*2_*1_Y_*1_*1_*1_false_2_R_true_CC%2CN%2CG%2CI%2CPC%2CED%2CL%2CFG%2CTE%2CFA%2CSE%2CP%2CCS%2CF%2CDR_gb%3A0_*2_*2_*2_*2_*2_*2_*2_*2_*2_*2_*2_*2_*2_*2_*2_*2_*2_*2_*2&pvs=ps&trk=pp_profile_name_link" "Mozilla/5.0 (Windows NT 6.1; WOW64) AppleWebKit/534.30 (KHTML, like Gecko) Chrome/12.0.742.100 Safari/534.30"
87.194.162.104 - - [24/Jun/2011:07:18:51 +0000] "GET /assets/css/all.css HTTP/1.1" 200 190 "http://static.101ideas.cz/CV.html" "Mozilla/5.0 (Windows NT 6.1; WOW64) AppleWebKit/534.30 (KHTML, like Gecko) Chrome/12.0.742.100 Safari/534.30"
87.194.162.104 - - [24/Jun/2011:07:18:51 +0000] "GET /assets/css/design.css HTTP/1.1" 200 762 "http://static.101ideas.cz/CV.html" "Mozilla/5.0 (Windows NT 6.1; WOW64) AppleWebKit/534.30 (KHTML, like Gecko) Chrome/12.0.742.100 Safari/534.30"
87.194.162.104 - - [24/Jun/2011:07:18:51 +0000] "GET /assets/js/application.js HTTP/1.1" 200 1053 "http://static.101ideas.cz/CV.html" "Mozilla/5.0 (Windows NT 6.1; WOW64) AppleWebKit/534.30 (KHTML, like Gecko) Chrome/12.0.742.100 Safari/534.30"
87.194.162.104 - - [24/Jun/2011:07:18:51 +0000] "GET /assets/js/mootools-1.2-core.js HTTP/1.1" 200 66868 "http://static.101ideas.cz/CV.html" "Mozilla/5.0 (Windows NT 6.1; WOW64) AppleWebKit/534.30 (KHTML, like Gecko) Chrome/12.0.742.100 Safari/534.30"
87.194.162.104 - - [24/Jun/2011:07:18:51 +0000] "GET /assets/js/mootools-1.2-more.js HTTP/1.1" 200 130450 "http://static.101ideas.cz/CV.html" "Mozilla/5.0 (Windows NT 6.1; WOW64) AppleWebKit/534.30 (KHTML, like Gecko) Chrome/12.0.742.100 Safari/534.30"
87.194.162.104 - - [24/Jun/2011:07:18:51 +0000] "GET /favicon.ico HTTP/1.1" 404 148 "-" "Mozilla/5.0 (Windows NT 6.1; WOW64) AppleWebKit/534.30 (KHTML, like Gecko) Chrome/12.0.742.100 Safari/534.30"
74.125.16.3 - - [24/Jun/2011:07:24:28 +0000] "GET /CV.html HTTP/1.1" 200 5934 "-" "Feedfetcher-Google; (+http://www.google.com/feedfetcher.html; feed-id=330981569284202033)"
207.46.204.235 - - [24/Jun/2011:07:53:48 +0000] "GET /robots.txt HTTP/1.1" 404 169 "-" "Mozilla/5.0 (compatible; bingbot/2.0; +http://www.bing.com/bingbot.htm)"
207.46.204.235 - - [24/Jun/2011:07:54:35 +0000] "GET /CV.html HTTP/1.1" 200 5934 "-" "Mozilla/5.0 (compatible; bingbot/2.0; +http://www.bing.com/bingbot.htm)"
74.125.16.3 - - [24/Jun/2011:08:25:48 +0000] "GET /CV.html HTTP/1.1" 200 5934 "-" "Feedfetcher-Google; (+http://www.google.com/feedfetcher.html; feed-id=330981569284202033)"
209.85.226.87 - - [24/Jun/2011:08:51:55 +0000] "GET /CV.html HTTP/1.1" 200 5934 "-" "Feedfetcher-Google; (+http://www.google.com/feedfetcher.html; feed-id=330981569284202033)"
74.125.16.3 - - [24/Jun/2011:10:01:31 +0000] "GET /CV.html HTTP/1.1" 200 5934 "-" "Feedfetcher-Google; (+http://www.google.com/feedfetcher.html; feed-id=330981569284202033)"
207.97.227.235 - - [24/Jun/2011:10:20:33 +0000] "GET /amqp-debug.png HTTP/1.1" 404 169 "-" "-"
207.97.227.234 - - [24/Jun/2011:11:11:23 +0000] "GET /amqp-debug.png HTTP/1.1" 404 169 "-" "-"
74.125.16.3 - - [24/Jun/2011:12:51:25 +0000] "GET /CV.html HTTP/1.1" 200 5934 "-" "Feedfetcher-Google; (+http://www.google.com/feedfetcher.html; feed-id=330981569284202033)"
173.203.140.221 - - [24/Jun/2011:13:21:43 +0000] "GET /amqp-debug.png HTTP/1.1" 404 169 "-" "-"
84.2.102.183 - - [24/Jun/2011:15:42:15 +0000] "GET /favicon.ico HTTP/1.1" 404 148 "-" "Mozilla/5.0 (Macintosh; Intel Mac OS X 10.6; rv:2.0.1) Gecko/20100101 Firefox/4.0.1"
46.4.85.242 - - [24/Jun/2011:15:55:19 +0000] "GET /robots.txt HTTP/1.1" 404 148 "http://www.101ideas.cz/" "Mozilla/5.0 (Macintosh; U; Intel Mac OS X 10.6; de; rv:1.9.2.15) Gecko/20110303 Firefox/3.6.15"
209.85.228.87 - - [24/Jun/2011:16:47:41 +0000] "GET /favicon.ico HTTP/1.1" 404 148 "-" "-"
207.97.227.236 - - [24/Jun/2011:17:01:42 +0000] "GET /amqp-debug.png HTTP/1.1" 404 169 "-" "-"
173.203.140.220 - - [24/Jun/2011:17:02:20 +0000] "GET /amqp-debug.png HTTP/1.1" 404 169 "-" "-"
95.108.151.5 - - [24/Jun/2011:17:41:20 +0000] "GET /robots.txt HTTP/1.1" 404 169 "-" "Mozilla/5.0 (compatible; YandexMedia/3.0; +http://yandex.com/bots)"
95.108.151.5 - - [24/Jun/2011:17:41:21 +0000] "GET /CV.html HTTP/1.1" 200 15819 "-" "Mozilla/5.0 (compatible; YandexMedia/3.0; +http://yandex.com/bots)"
207.97.227.233 - - [24/Jun/2011:18:11:50 +0000] "GET /amqp-debug.png HTTP/1.1" 404 169 "-" "-"
207.97.227.233 - - [24/Jun/2011:18:12:00 +0000] "GET /amqp-debug.png HTTP/1.1" 404 169 "-" "-"
209.85.228.81 - - [24/Jun/2011:18:31:21 +0000] "GET /CV.html HTTP/1.1" 200 5934 "-" "Feedfetcher-Google; (+http://www.google.com/feedfetcher.html; feed-id=330981569284202033)"
209.85.228.82 - - [24/Jun/2011:20:49:31 +0000] "GET /CV.html HTTP/1.1" 200 5934 "-" "Feedfetcher-Google; (+http://www.google.com/feedfetcher.html; feed-id=330981569284202033)"
209.85.226.85 - - [24/Jun/2011:23:41:07 +0000] "GET /CV.html HTTP/1.1" 200 5934 "-" "Feedfetcher-Google; (+http://www.google.com/feedfetcher.html; feed-id=330981569284202033)"
90.183.39.17 - - [25/Jun/2011:02:32:46 +0000] "GET /robots.txt HTTP/1.1" 404 169 "-" "holmes/3.12.4 (http://morfeo.centrum.cz/bot)"
173.203.140.221 - - [25/Jun/2011:09:36:31 +0000] "GET /amqp-debug.png HTTP/1.1" 404 169 "-" "-"
119.63.196.110 - - [25/Jun/2011:10:27:43 +0000] "GET /robots.txt HTTP/1.1" 404 148 "-" "Baiduspider+(+http://www.baidu.com/search/spider.htm)"
209.85.228.84 - - [25/Jun/2011:12:05:11 +0000] "GET /CV.html HTTP/1.1" 200 5934 "-" "Feedfetcher-Google; (+http://www.google.com/feedfetcher.html; feed-id=330981569284202033)"
209.85.226.86 - - [25/Jun/2011:13:30:33 +0000] "GET /CV.html HTTP/1.1" 200 5934 "-" "Feedfetcher-Google; (+http://www.google.com/feedfetcher.html; feed-id=330981569284202033)"
74.125.16.3 - - [25/Jun/2011:14:25:23 +0000] "GET /CV.html HTTP/1.1" 200 5934 "-" "Feedfetcher-Google; (+http://www.google.com/feedfetcher.html; feed-id=330981569284202033)"
95.108.217.251 - - [25/Jun/2011:19:23:32 +0000] "GET /robots.txt HTTP/1.1" 404 169 "-" "Mozilla/5.0 (compatible; YandexBot/3.0; +http://yandex.com/bots)"
41.184.65.65 - - [25/Jun/2011:20:05:05 +0000] "GET /access.log HTTP/1.1" 200 26246 "-" "Mozilla/5.0 (Windows NT 6.1) AppleWebKit/534.30 (KHTML, like Gecko) Chrome/12.0.742.100 Safari/534.30"
41.184.65.65 - - [25/Jun/2011:20:05:08 +0000] "GET /favicon.ico HTTP/1.1" 404 148 "-" "Mozilla/5.0 (Windows NT 6.1) AppleWebKit/534.30 (KHTML, like Gecko) Chrome/12.0.742.100 Safari/534.30"
95.108.217.251 - - [25/Jun/2011:22:09:08 +0000] "GET /CV.html HTTP/1.1" 200 5934 "-" "Mozilla/5.0 (compatible; YandexBot/3.0; +http://yandex.com/bots)"
89.103.167.52 - - [25/Jun/2011:22:15:48 +0000] "GET /CV.html HTTP/1.1" 200 5934 "http://www.google.cz/url?sa=t&source=web&cd=3&ved=0CCwQFjAC&url=http%3A%2F%2Fstatic.101ideas.cz%2FCV.html&rct=j&q=jakub%20stastny%20cv&ei=Dl4GTrPnN5CeOo-cpcIN&usg=AFQjCNHCic8llfSx4V4-gEBQOJIiKhelsw" "Mozilla/5.0 (Macintosh; U; Intel Mac OS X 10_6_8; en-us) AppleWebKit/533.21.1 (KHTML, like Gecko) Version/5.0.5 Safari/533.21.1"
89.103.167.52 - - [25/Jun/2011:22:15:48 +0000] "GET /assets/js/application.js HTTP/1.1" 200 1053 "http://static.101ideas.cz/CV.html" "Mozilla/5.0 (Macintosh; U; Intel Mac OS X 10_6_8; en-us) AppleWebKit/533.21.1 (KHTML, like Gecko) Version/5.0.5 Safari/533.21.1"
89.103.167.52 - - [25/Jun/2011:22:15:48 +0000] "GET /assets/css/all.css HTTP/1.1" 200 190 "http://static.101ideas.cz/CV.html" "Mozilla/5.0 (Macintosh; U; Intel Mac OS X 10_6_8; en-us) AppleWebKit/533.21.1 (KHTML, like Gecko) Version/5.0.5 Safari/533.21.1"
89.103.167.52 - - [25/Jun/2011:22:15:49 +0000] "GET /assets/js/mootools-1.2-core.js HTTP/1.1" 200 66868 "http://static.101ideas.cz/CV.html" "Mozilla/5.0 (Macintosh; U; Intel Mac OS X 10_6_8; en-us) AppleWebKit/533.21.1 (KHTML, like Gecko) Version/5.0.5 Safari/533.21.1"
89.103.167.52 - - [25/Jun/2011:22:15:49 +0000] "GET /assets/css/design.css HTTP/1.1" 200 762 "http://static.101ideas.cz/CV.html" "Mozilla/5.0 (Macintosh; U; Intel Mac OS X 10_6_8; en-us) AppleWebKit/533.21.1 (KHTML, like Gecko) Version/5.0.5 Safari/533.21.1"
89.103.167.52 - - [25/Jun/2011:22:15:49 +0000] "GET /assets/js/mootools-1.2-more.js HTTP/1.1" 200 130450 "http://static.101ideas.cz/CV.html" "Mozilla/5.0 (Macintosh; U; Intel Mac OS X 10_6_8; en-us) AppleWebKit/533.21.1 (KHTML, like Gecko) Version/5.0.5 Safari/533.21.1"
89.103.167.52 - - [25/Jun/2011:22:15:49 +0000] "GET /favicon.ico HTTP/1.1" 404 148 "http://static.101ideas.cz/CV.html" "Mozilla/5.0 (Macintosh; U; Intel Mac OS X 10_6_8; en-us) AppleWebKit/533.21.1 (KHTML, like Gecko) Version/5.0.5 Safari/533.21.1"
95.220.153.77 - - [25/Jun/2011:23:28:10 +0000] "GET /parts/5_my-own-oss-projects.html.haml.html HTTP/1.1" 200 762 "http://yandex.ru/yandsearch?text=is+my+solution" "Mozilla/4.0 (compatible; MSIE 8.0; Windows NT 6.1; Trident/4.0; SLCC2; .NET CLR 2.0.50727; .NET CLR 3.5.30729; .NET CLR 3.0.30729; Media Center PC 6.0)"
95.28.191.85 - - [25/Jun/2011:23:36:19 +0000] "GET /assets/ HTTP/1.1" 200 219 "http://yandex.ru/yandsearch?text=of+assets+SegSt" "Opera/9.80 (Windows NT 5.1; U; ru) Presto/2.6.30 Version/10.63"
209.85.226.87 - - [26/Jun/2011:00:00:39 +0000] "GET /CV.html HTTP/1.1" 200 5934 "-" "Feedfetcher-Google; (+http://www.google.com/feedfetcher.html; feed-id=330981569284202033)"
173.203.140.221 - - [26/Jun/2011:00:07:13 +0000] "GET /amqp-debug.png HTTP/1.1" 404 169 "-" "-"
67.195.111.251 - - [26/Jun/2011:01:28:08 +0000] "GET /robots.txt HTTP/1.0" 404 169 "-" "Mozilla/5.0 (compatible; Yahoo! Slurp; http://help.yahoo.com/help/us/ysearch/slurp)"
67.195.111.251 - - [26/Jun/2011:01:28:08 +0000] "GET /parts/experience.html HTTP/1.0" 200 4523 "-" "Mozilla/5.0 (compatible; Yahoo! Slurp; http://help.yahoo.com/help/us/ysearch/slurp)"
67.195.111.251 - - [26/Jun/2011:04:35:12 +0000] "GET /CV.html HTTP/1.0" 200 15819 "-" "Mozilla/5.0 (compatible; Yahoo! Slurp; http://help.yahoo.com/help/us/ysearch/slurp)"
67.195.111.251 - - [26/Jun/2011:04:35:12 +0000] "GET /assets/css/all.css HTTP/1.0" 200 190 "http://static.101ideas.cz/CV.html" "Mozilla/5.0 (compatible; Yahoo! Slurp; http://help.yahoo.com/help/us/ysearch/slurp)"
67.195.111.251 - - [26/Jun/2011:04:35:13 +0000] "GET /assets/css/design.css HTTP/1.0" 200 762 "http://static.101ideas.cz/CV.html" "Mozilla/5.0 (compatible; Yahoo! Slurp; http://help.yahoo.com/help/us/ysearch/slurp)"
95.108.217.251 - - [26/Jun/2011:06:23:53 +0000] "GET /assets/js/application.js HTTP/1.1" 200 1053 "-" "Mozilla/5.0 (compatible; YandexBot/3.0; +http://yandex.com/bots)"
209.85.228.84 - - [26/Jun/2011:09:44:54 +0000] "GET /CV.html HTTP/1.1" 200 5934 "-" "Feedfetcher-Google; (+http://www.google.com/feedfetcher.html; feed-id=330981569284202033)"
74.125.114.87 - - [26/Jun/2011:11:32:02 +0000] "GET /CV.html HTTP/1.1" 200 5934 "-" "Feedfetcher-Google; (+http://www.google.com/feedfetcher.html; feed-id=330981569284202033)"
209.85.228.86 - - [26/Jun/2011:12:56:12 +0000] "GET /CV.html HTTP/1.1" 200 5934 "-" "Feedfetcher-Google; (+http://www.google.com/feedfetcher.html; feed-id=330981569284202033)"
74.125.114.84 - - [26/Jun/2011:13:56:17 +0000] "GET /CV.html HTTP/1.1" 200 5934 "-" "Feedfetcher-Google; (+http://www.google.com/feedfetcher.html; feed-id=330981569284202033)"
119.63.196.54 - - [26/Jun/2011:14:57:06 +0000] "GET /robots.txt HTTP/1.1" 404 148 "-" "Baiduspider+(+http://www.baidu.com/search/spider.htm)"
173.203.140.220 - - [26/Jun/2011:16:09:11 +0000] "GET /amqp-debug.png HTTP/1.1" 404 169 "-" "-"
207.97.227.233 - - [26/Jun/2011:16:22:19 +0000] "GET /amqp-debug.png HTTP/1.1" 404 169 "-" "-"
207.97.227.234 - - [26/Jun/2011:16:22:20 +0000] "GET /amqp-debug.png HTTP/1.1" 404 169 "-" "-"
209.85.226.82 - - [26/Jun/2011:23:58:59 +0000] "GET /CV.html HTTP/1.1" 200 5934 "-" "Feedfetcher-Google; (+http://www.google.com/feedfetcher.html; feed-id=330981569284202033)"
95.26.171.231 - - [27/Jun/2011:07:13:42 +0000] "GET /save_without_trailing_whitespace.tmMacro HTTP/1.1" 404 148 "http://yandex.ru/yandsearch?text=string+document+string" "Opera/9.80 (Windows NT 5.1; U; ru) Presto/2.6.30 Version/10.63"
74.125.114.84 - - [27/Jun/2011:07:25:16 +0000] "GET /CV.html HTTP/1.1" 200 5934 "-" "Feedfetcher-Google; (+http://www.google.com/feedfetcher.html; feed-id=330981569284202033)"
74.125.16.3 - - [27/Jun/2011:08:27:49 +0000] "GET /CV.html HTTP/1.1" 200 5934 "-" "Feedfetcher-Google; (+http://www.google.com/feedfetcher.html; feed-id=330981569284202033)"
209.85.226.80 - - [27/Jun/2011:08:50:03 +0000] "GET /CV.html HTTP/1.1" 200 5934 "-" "Feedfetcher-Google; (+http://www.google.com/feedfetcher.html; feed-id=330981569284202033)"
74.125.16.3 - - [27/Jun/2011:09:31:07 +0000] "GET /CV.html HTTP/1.1" 200 5934 "-" "Feedfetcher-Google; (+http://www.google.com/feedfetcher.html; feed-id=330981569284202033)"
74.125.114.80 - - [27/Jun/2011:10:03:11 +0000] "GET /CV.html HTTP/1.1" 200 5934 "-" "Feedfetcher-Google; (+http://www.google.com/feedfetcher.html; feed-id=330981569284202033)"
74.125.16.3 - - [27/Jun/2011:11:08:05 +0000] "GET /CV.html HTTP/1.1" 200 5934 "-" "Feedfetcher-Google; (+http://www.google.com/feedfetcher.html; feed-id=330981569284202033)"
209.85.228.86 - - [27/Jun/2011:12:25:56 +0000] "GET /CV.html HTTP/1.1" 200 5934 "-" "Feedfetcher-Google; (+http://www.google.com/feedfetcher.html; feed-id=330981569284202033)"
74.125.16.3 - - [27/Jun/2011:13:02:59 +0000] "GET /CV.html HTTP/1.1" 200 5934 "-" "Feedfetcher-Google; (+http://www.google.com/feedfetcher.html; feed-id=330981569284202033)"
74.125.16.3 - - [27/Jun/2011:14:19:37 +0000] "GET /CV.html HTTP/1.1" 200 5934 "-" "Feedfetcher-Google; (+http://www.google.com/feedfetcher.html; feed-id=330981569284202033)"
74.125.16.3 - - [27/Jun/2011:14:56:24 +0000] "GET /CV.html HTTP/1.1" 200 5934 "-" "Feedfetcher-Google; (+http://www.google.com/feedfetcher.html; feed-id=330981569284202033)"
66.249.66.19 - - [27/Jun/2011:15:19:11 +0000] "GET /robots.txt HTTP/1.1" 404 148 "-" "Mozilla/5.0 (compatible; Googlebot/2.1; +http://www.google.com/bot.html)"
66.249.66.19 - - [27/Jun/2011:15:19:11 +0000] "GET /CV.html HTTP/1.1" 200 5934 "-" "Mozilla/5.0 (compatible; Googlebot/2.1; +http://www.google.com/bot.html)"
67.195.111.251 - - [27/Jun/2011:15:32:56 +0000] "GET /robots.txt HTTP/1.0" 404 169 "-" "Mozilla/5.0 (compatible; Yahoo! Slurp; http://help.yahoo.com/help/us/ysearch/slurp)"
67.195.111.251 - - [27/Jun/2011:15:32:56 +0000] "GET /save_without_trailing_whitespace.tmMacro HTTP/1.0" 404 169 "-" "Mozilla/5.0 (compatible; Yahoo! Slurp; http://help.yahoo.com/help/us/ysearch/slurp)"
109.84.236.193 - - [27/Jun/2011:16:13:22 +0000] "GET /CV.html HTTP/1.1" 200 5934 "http://search.yahoo.com/search?p=first%3A%22Jakub%22+last%3A%22%C5%A0%C5%A5astn%C3%BD%22+&meta=pplt%3De&fr=php-emai" "Mozilla/5.0 (Windows NT 6.1; WOW64) AppleWebKit/534.30 (KHTML, like Gecko) Chrome/12.0.742.100 Safari/534.30"
109.84.236.193 - - [27/Jun/2011:16:13:22 +0000] "GET /assets/css/all.css HTTP/1.1" 200 190 "http://static.101ideas.cz/CV.html" "Mozilla/5.0 (Windows NT 6.1; WOW64) AppleWebKit/534.30 (KHTML, like Gecko) Chrome/12.0.742.100 Safari/534.30"
109.84.236.193 - - [27/Jun/2011:16:13:22 +0000] "GET /assets/css/design.css HTTP/1.1" 200 762 "http://static.101ideas.cz/CV.html" "Mozilla/5.0 (Windows NT 6.1; WOW64) AppleWebKit/534.30 (KHTML, like Gecko) Chrome/12.0.742.100 Safari/534.30"
109.84.236.193 - - [27/Jun/2011:16:13:22 +0000] "GET /assets/js/application.js HTTP/1.1" 200 1053 "http://static.101ideas.cz/CV.html" "Mozilla/5.0 (Windows NT 6.1; WOW64) AppleWebKit/534.30 (KHTML, like Gecko) Chrome/12.0.742.100 Safari/534.30"
109.84.236.193 - - [27/Jun/2011:16:13:22 +0000] "GET /assets/js/mootools-1.2-core.js HTTP/1.1" 200 66868 "http://static.101ideas.cz/CV.html" "Mozilla/5.0 (Windows NT 6.1; WOW64) AppleWebKit/534.30 (KHTML, like Gecko) Chrome/12.0.742.100 Safari/534.30"
109.84.236.193 - - [27/Jun/2011:16:13:22 +0000] "GET /assets/js/mootools-1.2-more.js HTTP/1.1" 200 130450 "http://static.101ideas.cz/CV.html" "Mozilla/5.0 (Windows NT 6.1; WOW64) AppleWebKit/534.30 (KHTML, like Gecko) Chrome/12.0.742.100 Safari/534.30"
109.84.236.193 - - [27/Jun/2011:16:13:23 +0000] "GET /favicon.ico HTTP/1.1" 404 148 "-" "Mozilla/5.0 (Windows NT 6.1; WOW64) AppleWebKit/534.30 (KHTML, like Gecko) Chrome/12.0.742.100 Safari/534.30"
209.85.226.83 - - [27/Jun/2011:16:28:47 +0000] "GET /CV.html HTTP/1.1" 200 5934 "-" "Feedfetcher-Google; (+http://www.google.com/feedfetcher.html; feed-id=330981569284202033)"
90.183.39.17 - - [27/Jun/2011:18:39:08 +0000] "GET / HTTP/1.1" 200 613 "-" "holmes/3.12.4 (http://morfeo.centrum.cz/bot)"
66.249.66.19 - - [27/Jun/2011:18:43:53 +0000] "GET /save_without_trailing_whitespace.tmMacro HTTP/1.1" 404 148 "-" "Mozilla/5.0 (compatible; Googlebot/2.1; +http://www.google.com/bot.html)"
209.85.228.83 - - [27/Jun/2011:20:16:59 +0000] "GET /CV.html HTTP/1.1" 200 5934 "-" "Feedfetcher-Google; (+http://www.google.com/feedfetcher.html; feed-id=330981569284202033)"
62.204.207.48 - - [27/Jun/2011:23:00:34 +0000] "HEAD /Rango.pdf HTTP/1.1" 404 0 "-" "curl/7.15.5 (x86_64-redhat-linux-gnu) libcurl/7.15.5 OpenSSL/0.9.8b zlib/1.2.3 libidn/0.6.5"
38.101.148.126 - - [28/Jun/2011:03:47:42 +0000] "GET /robots.txt HTTP/1.1" 404 148 "-" "Mozilla/5.0 (compatible; discobot/1.1; +http://discoveryengine.com/discobot.html)"
95.108.217.251 - - [28/Jun/2011:04:29:37 +0000] "GET /robots.txt HTTP/1.1" 404 169 "-" "Mozilla/5.0 (compatible; YandexBot/3.0; +http://yandex.com/bots)"
95.108.217.251 - - [28/Jun/2011:06:27:37 +0000] "GET / HTTP/1.1" 200 262 "-" "Mozilla/5.0 (compatible; YandexBot/3.0; +http://yandex.com/bots)"
74.125.16.3 - - [28/Jun/2011:09:06:06 +0000] "GET /CV.html HTTP/1.1" 200 5934 "-" "Feedfetcher-Google; (+http://www.google.com/feedfetcher.html; feed-id=330981569284202033)"
74.125.114.86 - - [28/Jun/2011:09:33:26 +0000] "GET /CV.html HTTP/1.1" 200 5934 "-" "Feedfetcher-Google; (+http://www.google.com/feedfetcher.html; feed-id=330981569284202033)"
209.85.228.83 - - [28/Jun/2011:10:04:41 +0000] "GET /CV.html HTTP/1.1" 200 5934 "-" "Feedfetcher-Google; (+http://www.google.com/feedfetcher.html; feed-id=330981569284202033)"
207.97.227.236 - - [28/Jun/2011:10:42:14 +0000] "GET /amqp-debug.png HTTP/1.1" 404 169 "-" "-"
74.125.114.84 - - [28/Jun/2011:11:07:33 +0000] "GET /CV.html HTTP/1.1" 200 5934 "-" "Feedfetcher-Google; (+http://www.google.com/feedfetcher.html; feed-id=330981569284202033)"
209.85.228.83 - - [28/Jun/2011:12:48:49 +0000] "GET /CV.html HTTP/1.1" 200 5934 "-" "Feedfetcher-Google; (+http://www.google.com/feedfetcher.html; feed-id=330981569284202033)"
209.85.226.84 - - [28/Jun/2011:14:34:52 +0000] "GET /CV.html HTTP/1.1" 200 5934 "-" "Feedfetcher-Google; (+http://www.google.com/feedfetcher.html; feed-id=330981569284202033)"
209.85.226.86 - - [28/Jun/2011:15:26:02 +0000] "GET /favicon.ico HTTP/1.1" 404 148 "-" "-"
209.85.226.82 - - [28/Jun/2011:16:26:55 +0000] "GET /CV.html HTTP/1.1" 200 5934 "-" "Feedfetcher-Google; (+http://www.google.com/feedfetcher.html; feed-id=330981569284202033)"
209.85.228.80 - - [28/Jun/2011:18:12:18 +0000] "GET /CV.html HTTP/1.1" 200 5934 "-" "Feedfetcher-Google; (+http://www.google.com/feedfetcher.html; feed-id=330981569284202033)"
173.203.140.220 - - [28/Jun/2011:19:21:10 +0000] "GET /amqp-debug.png HTTP/1.1" 404 169 "-" "-"
209.85.226.80 - - [28/Jun/2011:19:34:54 +0000] "GET /CV.html HTTP/1.1" 200 5934 "-" "Feedfetcher-Google; (+http://www.google.com/feedfetcher.html; feed-id=330981569284202033)"
209.85.226.84 - - [28/Jun/2011:20:59:18 +0000] "GET /CV.html HTTP/1.1" 200 5934 "-" "Feedfetcher-Google; (+http://www.google.com/feedfetcher.html; feed-id=330981569284202033)"
209.85.228.81 - - [28/Jun/2011:23:23:47 +0000] "GET /CV.html HTTP/1.1" 200 5934 "-" "Feedfetcher-Google; (+http://www.google.com/feedfetcher.html; feed-id=330981569284202033)"
213.186.122.3 - - [28/Jun/2011:23:36:56 +0000] "GET /robots.txt HTTP/1.1" 404 148 "-" "Mozilla/5.0 (compatible; SiteBot/0.1; +http://www.sitebot.org/robot/)"
213.186.122.3 - - [28/Jun/2011:23:36:57 +0000] "GET /CV.html HTTP/1.1" 200 5934 "-" "Mozilla/5.0 (compatible; SiteBot/0.1; +http://www.sitebot.org/robot/)"
209.85.226.81 - - [29/Jun/2011:07:45:37 +0000] "GET /CV.html HTTP/1.1" 200 5934 "-" "Feedfetcher-Google; (+http://www.google.com/feedfetcher.html; feed-id=330981569284202033)"
209.85.228.87 - - [29/Jun/2011:08:46:33 +0000] "GET /CV.html HTTP/1.1" 200 5934 "-" "Feedfetcher-Google; (+http://www.google.com/feedfetcher.html; feed-id=330981569284202033)"
74.125.114.81 - - [29/Jun/2011:09:27:59 +0000] "GET /CV.html HTTP/1.1" 200 5934 "-" "Feedfetcher-Google; (+http://www.google.com/feedfetcher.html; feed-id=330981569284202033)"
209.85.226.82 - - [29/Jun/2011:10:36:33 +0000] "GET /CV.html HTTP/1.1" 200 5934 "-" "Feedfetcher-Google; (+http://www.google.com/feedfetcher.html; feed-id=330981569284202033)"
74.125.114.80 - - [29/Jun/2011:12:16:26 +0000] "GET /CV.html HTTP/1.1" 200 5934 "-" "Feedfetcher-Google; (+http://www.google.com/feedfetcher.html; feed-id=330981569284202033)"
209.85.228.87 - - [29/Jun/2011:12:39:47 +0000] "GET /CV.html HTTP/1.1" 200 5934 "-" "Feedfetcher-Google; (+http://www.google.com/feedfetcher.html; feed-id=330981569284202033)"
209.85.226.85 - - [29/Jun/2011:13:50:17 +0000] "GET /CV.html HTTP/1.1" 200 5934 "-" "Feedfetcher-Google; (+http://www.google.com/feedfetcher.html; feed-id=330981569284202033)"
81.138.114.125 - - [29/Jun/2011:15:34:29 +0000] "GET /CV.html HTTP/1.1" 200 15819 "http://www.google.co.uk/url?sa=t&source=web&cd=6&ved=0CEAQFjAF&url=http%3A%2F%2Fstatic.101ideas.cz%2FCV.html&rct=j&q=Jakub%20%C5%A0%C5%A5astn%C3%BD%20email&ei=9UULTtqUAoe2hQf22dnkDw&usg=AFQjCNHCic8llfSx4V4-gEBQOJIiKhelsw" "Mozilla/5.0 (Windows NT 5.1) AppleWebKit/534.30 (KHTML, like Gecko) Chrome/12.0.742.100 Safari/534.30"
81.138.114.125 - - [29/Jun/2011:15:34:29 +0000] "GET /assets/css/all.css HTTP/1.1" 200 190 "http://static.101ideas.cz/CV.html" "Mozilla/5.0 (Windows NT 5.1) AppleWebKit/534.30 (KHTML, like Gecko) Chrome/12.0.742.100 Safari/534.30"
81.138.114.125 - - [29/Jun/2011:15:34:29 +0000] "GET /assets/css/design.css HTTP/1.1" 200 762 "http://static.101ideas.cz/CV.html" "Mozilla/5.0 (Windows NT 5.1) AppleWebKit/534.30 (KHTML, like Gecko) Chrome/12.0.742.100 Safari/534.30"
81.138.114.125 - - [29/Jun/2011:15:34:29 +0000] "GET /assets/js/application.js HTTP/1.1" 200 1053 "http://static.101ideas.cz/CV.html" "Mozilla/5.0 (Windows NT 5.1) AppleWebKit/534.30 (KHTML, like Gecko) Chrome/12.0.742.100 Safari/534.30"
81.138.114.125 - - [29/Jun/2011:15:34:29 +0000] "GET /assets/js/mootools-1.2-core.js HTTP/1.1" 200 66868 "http://static.101ideas.cz/CV.html" "Mozilla/5.0 (Windows NT 5.1) AppleWebKit/534.30 (KHTML, like Gecko) Chrome/12.0.742.100 Safari/534.30"
81.138.114.125 - - [29/Jun/2011:15:34:29 +0000] "GET /assets/js/mootools-1.2-more.js HTTP/1.1" 200 130450 "http://static.101ideas.cz/CV.html" "Mozilla/5.0 (Windows NT 5.1) AppleWebKit/534.30 (KHTML, like Gecko) Chrome/12.0.742.100 Safari/534.30"
81.138.114.125 - - [29/Jun/2011:15:34:29 +0000] "GET /favicon.ico HTTP/1.1" 404 169 "-" "Mozilla/5.0 (Windows NT 5.1) AppleWebKit/534.30 (KHTML, like Gecko) Chrome/12.0.742.100 Safari/534.30"
74.125.16.3 - - [29/Jun/2011:20:27:20 +0000] "GET /CV.html HTTP/1.1" 200 5934 "-" "Feedfetcher-Google; (+http://www.google.com/feedfetcher.html; feed-id=330981569284202033)"
209.85.228.84 - - [29/Jun/2011:22:09:15 +0000] "GET /CV.html HTTP/1.1" 200 5934 "-" "Feedfetcher-Google; (+http://www.google.com/feedfetcher.html; feed-id=330981569284202033)"
74.125.16.3 - - [29/Jun/2011:23:58:45 +0000] "GET /CV.html HTTP/1.1" 200 5934 "-" "Feedfetcher-Google; (+http://www.google.com/feedfetcher.html; feed-id=330981569284202033)"
67.195.111.251 - - [30/Jun/2011:06:27:40 +0000] "GET /robots.txt HTTP/1.0" 404 169 "-" "Mozilla/5.0 (compatible; Yahoo! Slurp; http://help.yahoo.com/help/us/ysearch/slurp)"
67.195.111.251 - - [30/Jun/2011:06:27:41 +0000] "GET /CV.html HTTP/1.0" 200 15819 "-" "Mozilla/5.0 (compatible; Yahoo! Slurp; http://help.yahoo.com/help/us/ysearch/slurp)"
67.195.111.251 - - [30/Jun/2011:06:27:42 +0000] "GET /assets/css/all.css HTTP/1.0" 200 190 "http://static.101ideas.cz/CV.html" "Mozilla/5.0 (compatible; Yahoo! Slurp; http://help.yahoo.com/help/us/ysearch/slurp)"
67.195.111.251 - - [30/Jun/2011:06:27:42 +0000] "GET /assets/css/design.css HTTP/1.0" 200 762 "http://static.101ideas.cz/CV.html" "Mozilla/5.0 (compatible; Yahoo! Slurp; http://help.yahoo.com/help/us/ysearch/slurp)"
66.249.85.2 - - [30/Jun/2011:10:39:22 +0000] "GET /CV.html HTTP/1.1" 200 5934 "-" "Feedfetcher-Google; (+http://www.google.com/feedfetcher.html; feed-id=330981569284202033)"
209.85.226.87 - - [30/Jun/2011:11:55:29 +0000] "GET /CV.html HTTP/1.1" 200 5934 "-" "Feedfetcher-Google; (+http://www.google.com/feedfetcher.html; feed-id=330981569284202033)"
74.125.94.83 - - [30/Jun/2011:13:55:39 +0000] "GET /CV.html HTTP/1.1" 200 5934 "-" "Feedfetcher-Google; (+http://www.google.com/feedfetcher.html; feed-id=330981569284202033)"
173.203.140.221 - - [30/Jun/2011:14:03:10 +0000] "GET /amqp-debug.png HTTP/1.1" 404 169 "-" "-"
74.125.16.3 - - [30/Jun/2011:15:22:04 +0000] "GET /CV.html HTTP/1.1" 200 5934 "-" "Feedfetcher-Google; (+http://www.google.com/feedfetcher.html; feed-id=330981569284202033)"
89.103.167.52 - - [30/Jun/2011:20:05:29 +0000] "GET /CV.html HTTP/1.1" 200 5934 "http://www.linkedin.com/profile/view?id=18790121&goback=%2Enpe_*1_*1_*1_*1_*1%2Enpc_86163268_*1_*1_*1" "Mozilla/5.0 (iPad; U; CPU OS 4_3_3 like Mac OS X; en-us) AppleWebKit/533.17.9 (KHTML, like Gecko) Version/5.0.2 Mobile/8J2 Safari/6533.18.5"
89.103.167.52 - - [30/Jun/2011:20:05:29 +0000] "GET /assets/css/all.css HTTP/1.1" 200 190 "http://static.101ideas.cz/CV.html" "Mozilla/5.0 (iPad; U; CPU OS 4_3_3 like Mac OS X; en-us) AppleWebKit/533.17.9 (KHTML, like Gecko) Version/5.0.2 Mobile/8J2 Safari/6533.18.5"
89.103.167.52 - - [30/Jun/2011:20:05:29 +0000] "GET /assets/js/application.js HTTP/1.1" 200 1053 "http://static.101ideas.cz/CV.html" "Mozilla/5.0 (iPad; U; CPU OS 4_3_3 like Mac OS X; en-us) AppleWebKit/533.17.9 (KHTML, like Gecko) Version/5.0.2 Mobile/8J2 Safari/6533.18.5"
89.103.167.52 - - [30/Jun/2011:20:05:29 +0000] "GET /assets/css/design.css HTTP/1.1" 200 762 "http://static.101ideas.cz/CV.html" "Mozilla/5.0 (iPad; U; CPU OS 4_3_3 like Mac OS X; en-us) AppleWebKit/533.17.9 (KHTML, like Gecko) Version/5.0.2 Mobile/8J2 Safari/6533.18.5"
89.103.167.52 - - [30/Jun/2011:20:05:29 +0000] "GET /assets/js/mootools-1.2-core.js HTTP/1.1" 200 66868 "http://static.101ideas.cz/CV.html" "Mozilla/5.0 (iPad; U; CPU OS 4_3_3 like Mac OS X; en-us) AppleWebKit/533.17.9 (KHTML, like Gecko) Version/5.0.2 Mobile/8J2 Safari/6533.18.5"
89.103.167.52 - - [30/Jun/2011:20:05:30 +0000] "GET /assets/js/mootools-1.2-more.js HTTP/1.1" 200 130450 "http://static.101ideas.cz/CV.html" "Mozilla/5.0 (iPad; U; CPU OS 4_3_3 like Mac OS X; en-us) AppleWebKit/533.17.9 (KHTML, like Gecko) Version/5.0.2 Mobile/8J2 Safari/6533.18.5"
66.249.67.24 - - [30/Jun/2011:21:20:12 +0000] "GET /robots.txt HTTP/1.1" 404 148 "-" "Mozilla/5.0 (compatible; Googlebot/2.1; +http://www.google.com/bot.html)"
66.249.67.24 - - [30/Jun/2011:21:20:13 +0000] "GET /save_without_trailing_whitespace.tmMacro HTTP/1.1" 404 148 "-" "Mozilla/5.0 (compatible; Googlebot/2.1; +http://www.google.com/bot.html)"
207.97.227.236 - - [01/Jul/2011:00:57:14 +0000] "GET /amqp-debug.png HTTP/1.1" 404 169 "-" "-"
207.97.227.234 - - [01/Jul/2011:01:08:07 +0000] "GET /amqp-debug.png HTTP/1.1" 404 169 "-" "-"
207.97.227.233 - - [01/Jul/2011:01:18:33 +0000] "GET /amqp-debug.png HTTP/1.1" 404 169 "-" "-"
74.125.112.86 - - [01/Jul/2011:08:39:05 +0000] "GET /CV.html HTTP/1.1" 200 5934 "-" "Feedfetcher-Google; (+http://www.google.com/feedfetcher.html; feed-id=330981569284202033)"
74.125.114.82 - - [01/Jul/2011:10:12:12 +0000] "GET /CV.html HTTP/1.1" 200 5934 "-" "Feedfetcher-Google; (+http://www.google.com/feedfetcher.html; feed-id=330981569284202033)"
74.125.112.83 - - [01/Jul/2011:12:00:28 +0000] "GET /CV.html HTTP/1.1" 200 5934 "-" "Feedfetcher-Google; (+http://www.google.com/feedfetcher.html; feed-id=330981569284202033)"
74.125.114.85 - - [01/Jul/2011:13:26:26 +0000] "GET /CV.html HTTP/1.1" 200 5934 "-" "Feedfetcher-Google; (+http://www.google.com/feedfetcher.html; feed-id=330981569284202033)"
74.125.112.82 - - [01/Jul/2011:14:33:59 +0000] "GET /CV.html HTTP/1.1" 200 5934 "-" "Feedfetcher-Google; (+http://www.google.com/feedfetcher.html; feed-id=330981569284202033)"
207.97.227.234 - - [01/Jul/2011:15:41:31 +0000] "GET /amqp-debug.png HTTP/1.1" 404 169 "-" "-"
207.97.227.234 - - [01/Jul/2011:21:34:22 +0000] "GET /amqp-debug.png HTTP/1.1" 404 169 "-" "-"
194.44.170.105 - - [01/Jul/2011:21:52:16 +0000] "GET /CV.html HTTP/1.1" 200 5934 "-" "Mozilla/4.0 (compatible; MSIE 7.0; Windows NT 6.1; WOW64; Trident/5.0; SLCC2; .NET CLR 2.0.50727; .NET CLR 3.5.30729; .NET CLR 3.0.30729; .NET4.0C)"
194.44.170.105 - - [01/Jul/2011:21:52:17 +0000] "GET /assets/css/all.css HTTP/1.1" 200 190 "http://static.101ideas.cz/CV.html" "Mozilla/4.0 (compatible; MSIE 7.0; Windows NT 6.1; WOW64; Trident/5.0; SLCC2; .NET CLR 2.0.50727; .NET CLR 3.5.30729; .NET CLR 3.0.30729; .NET4.0C)"
194.44.170.105 - - [01/Jul/2011:21:52:17 +0000] "GET /assets/css/design.css HTTP/1.1" 200 762 "http://static.101ideas.cz/CV.html" "Mozilla/4.0 (compatible; MSIE 7.0; Windows NT 6.1; WOW64; Trident/5.0; SLCC2; .NET CLR 2.0.50727; .NET CLR 3.5.30729; .NET CLR 3.0.30729; .NET4.0C)"
194.44.170.105 - - [01/Jul/2011:21:52:17 +0000] "GET /assets/js/mootools-1.2-core.js HTTP/1.1" 200 66868 "http://static.101ideas.cz/CV.html" "Mozilla/4.0 (compatible; MSIE 7.0; Windows NT 6.1; WOW64; Trident/5.0; SLCC2; .NET CLR 2.0.50727; .NET CLR 3.5.30729; .NET CLR 3.0.30729; .NET4.0C)"
