82.145.32.40 - - [08/Aug/2011:16:38:17 +0000] "GET //phpMyAdmin-2.6.2-beta1/scripts/setup.php HTTP/1.1" 404 148 "-" "-"
82.145.32.40 - - [08/Aug/2011:16:38:17 +0000] "GET //phpMyAdmin-2.6.2-rc1/scripts/setup.php HTTP/1.1" 404 148 "-" "-"
82.145.32.40 - - [08/Aug/2011:16:38:17 +0000] "GET //phpMyAdmin-2.6.2/scripts/setup.php HTTP/1.1" 404 148 "-" "-"
82.145.32.40 - - [08/Aug/2011:16:38:17 +0000] "GET //phpMyAdmin-2.6.2-pl1/scripts/setup.php HTTP/1.1" 404 148 "-" "-"
82.145.32.40 - - [08/Aug/2011:16:38:17 +0000] "GET //phpMyAdmin-2.6.3/scripts/setup.php HTTP/1.1" 404 148 "-" "-"
82.145.32.40 - - [08/Aug/2011:16:38:17 +0000] "GET //phpMyAdmin-2.6.3-rc1/scripts/setup.php HTTP/1.1" 404 148 "-" "-"
82.145.32.40 - - [08/Aug/2011:16:38:17 +0000] "GET //phpMyAdmin-2.6.3/scripts/setup.php HTTP/1.1" 404 148 "-" "-"
82.145.32.40 - - [08/Aug/2011:16:38:17 +0000] "GET //phpMyAdmin-2.6.3-pl1/scripts/setup.php HTTP/1.1" 404 148 "-" "-"
82.145.32.40 - - [08/Aug/2011:16:38:17 +0000] "GET //phpMyAdmin-2.6.4-rc1/scripts/setup.php HTTP/1.1" 404 148 "-" "-"
82.145.32.40 - - [08/Aug/2011:16:38:17 +0000] "GET //phpMyAdmin-2.6.4-pl1/scripts/setup.php HTTP/1.1" 404 148 "-" "-"
82.145.32.40 - - [08/Aug/2011:16:38:17 +0000] "GET //phpMyAdmin-2.6.4-pl2/scripts/setup.php HTTP/1.1" 404 148 "-" "-"
82.145.32.40 - - [08/Aug/2011:16:38:17 +0000] "GET //phpMyAdmin-2.6.4-pl3/scripts/setup.php HTTP/1.1" 404 148 "-" "-"
82.145.32.40 - - [08/Aug/2011:16:38:17 +0000] "GET //phpMyAdmin-2.6.4-pl4/scripts/setup.php HTTP/1.1" 404 148 "-" "-"
82.145.32.40 - - [08/Aug/2011:16:38:17 +0000] "GET //phpMyAdmin-2.6.4/scripts/setup.php HTTP/1.1" 404 148 "-" "-"
82.145.32.40 - - [08/Aug/2011:16:38:17 +0000] "GET //phpMyAdmin-2.7.0-beta1/scripts/setup.php HTTP/1.1" 404 148 "-" "-"
82.145.32.40 - - [08/Aug/2011:16:38:17 +0000] "GET //phpMyAdmin-2.7.0-rc1/scripts/setup.php HTTP/1.1" 404 148 "-" "-"
82.145.32.40 - - [08/Aug/2011:16:38:17 +0000] "GET //phpMyAdmin-2.7.0-pl1/scripts/setup.php HTTP/1.1" 404 148 "-" "-"
82.145.32.40 - - [08/Aug/2011:16:38:17 +0000] "GET //phpMyAdmin-2.7.0-pl2/scripts/setup.php HTTP/1.1" 404 148 "-" "-"
82.145.32.40 - - [08/Aug/2011:16:38:17 +0000] "GET //phpMyAdmin-2.7.0/scripts/setup.php HTTP/1.1" 404 148 "-" "-"
82.145.32.40 - - [08/Aug/2011:16:38:17 +0000] "GET //phpMyAdmin-2.8.0-beta1/scripts/setup.php HTTP/1.1" 404 148 "-" "-"
82.145.32.40 - - [08/Aug/2011:16:38:17 +0000] "GET //phpMyAdmin-2.8.0-rc1/scripts/setup.php HTTP/1.1" 404 148 "-" "-"
82.145.32.40 - - [08/Aug/2011:16:38:17 +0000] "GET //phpMyAdmin-2.8.0-rc2/scripts/setup.php HTTP/1.1" 404 148 "-" "-"
82.145.32.40 - - [08/Aug/2011:16:38:17 +0000] "GET //phpMyAdmin-2.8.0/scripts/setup.php HTTP/1.1" 404 148 "-" "-"
82.145.32.40 - - [08/Aug/2011:16:38:17 +0000] "GET //phpMyAdmin-2.8.0.1/scripts/setup.php HTTP/1.1" 404 148 "-" "-"
82.145.32.40 - - [08/Aug/2011:16:38:17 +0000] "GET //phpMyAdmin-2.8.0.2/scripts/setup.php HTTP/1.1" 404 148 "-" "-"
82.145.32.40 - - [08/Aug/2011:16:38:17 +0000] "GET //phpMyAdmin-2.8.0.3/scripts/setup.php HTTP/1.1" 404 148 "-" "-"
82.145.32.40 - - [08/Aug/2011:16:38:17 +0000] "GET //phpMyAdmin-2.8.0.4/scripts/setup.php HTTP/1.1" 404 148 "-" "-"
82.145.32.40 - - [08/Aug/2011:16:38:17 +0000] "GET //phpMyAdmin-2.8.1-rc1/scripts/setup.php HTTP/1.1" 404 148 "-" "-"
82.145.32.40 - - [08/Aug/2011:16:38:17 +0000] "GET //phpMyAdmin-2.8.1/scripts/setup.php HTTP/1.1" 404 148 "-" "-"
82.145.32.40 - - [08/Aug/2011:16:38:17 +0000] "GET //phpMyAdmin-2.8.2/scripts/setup.php HTTP/1.1" 404 148 "-" "-"
82.145.32.40 - - [08/Aug/2011:16:38:17 +0000] "GET //sqlmanager/scripts/setup.php HTTP/1.1" 404 148 "-" "-"
82.145.32.40 - - [08/Aug/2011:16:38:17 +0000] "GET //mysqlmanager/scripts/setup.php HTTP/1.1" 404 148 "-" "-"
82.145.32.40 - - [08/Aug/2011:16:38:17 +0000] "GET //p/m/a/scripts/setup.php HTTP/1.1" 404 148 "-" "-"
82.145.32.40 - - [08/Aug/2011:16:38:17 +0000] "GET //PMA2005/scripts/setup.php HTTP/1.1" 404 148 "-" "-"
82.145.32.40 - - [08/Aug/2011:16:38:17 +0000] "GET //pma2005/scripts/setup.php HTTP/1.1" 404 148 "-" "-"
82.145.32.40 - - [08/Aug/2011:16:38:17 +0000] "GET //phpmanager/scripts/setup.php HTTP/1.1" 404 148 "-" "-"
82.145.32.40 - - [08/Aug/2011:16:38:17 +0000] "GET //php-myadmin/scripts/setup.php HTTP/1.1" 404 148 "-" "-"
82.145.32.40 - - [08/Aug/2011:16:38:17 +0000] "GET //phpmy-admin/scripts/setup.php HTTP/1.1" 404 148 "-" "-"
82.145.32.40 - - [08/Aug/2011:16:38:17 +0000] "GET //webadmin/scripts/setup.php HTTP/1.1" 404 148 "-" "-"
82.145.32.40 - - [08/Aug/2011:16:38:17 +0000] "GET //sqlweb/scripts/setup.php HTTP/1.1" 404 148 "-" "-"
82.145.32.40 - - [08/Aug/2011:16:38:17 +0000] "GET //websql/scripts/setup.php HTTP/1.1" 404 148 "-" "-"
82.145.32.40 - - [08/Aug/2011:16:38:17 +0000] "GET //webdb/scripts/setup.php HTTP/1.1" 404 148 "-" "-"
82.145.32.40 - - [08/Aug/2011:16:38:17 +0000] "GET //mysqladmin/scripts/setup.php HTTP/1.1" 404 148 "-" "-"
82.145.32.40 - - [08/Aug/2011:16:38:17 +0000] "GET //mysql-admin/scripts/setup.php HTTP/1.1" 404 148 "-" "-"
82.145.32.40 - - [08/Aug/2011:16:38:17 +0000] "GET //databaseadmin/scripts/setup.php HTTP/1.1" 404 148 "-" "-"
82.145.32.40 - - [08/Aug/2011:16:38:17 +0000] "GET //admm/scripts/setup.php HTTP/1.1" 404 148 "-" "-"
82.145.32.40 - - [08/Aug/2011:16:38:17 +0000] "GET //admn/scripts/setup.php HTTP/1.1" 404 148 "-" "-"
38.101.148.126 - - [08/Aug/2011:17:42:16 +0000] "GET /robots.txt HTTP/1.1" 404 148 "-" "Mozilla/5.0 (compatible; discobot/1.1; +http://discoveryengine.com/discobot.html)"
207.97.227.233 - - [08/Aug/2011:17:57:13 +0000] "GET /amqp-debug.png HTTP/1.1" 404 169 "-" "-"
95.108.217.251 - - [08/Aug/2011:19:00:00 +0000] "GET /robots.txt HTTP/1.1" 404 169 "-" "Mozilla/5.0 (compatible; YandexBot/3.0; +http://yandex.com/bots)"
207.97.227.254 - - [08/Aug/2011:20:11:07 +0000] "GET /amqp-debug.png HTTP/1.1" 404 169 "-" "-"
207.97.227.242 - - [08/Aug/2011:21:49:01 +0000] "GET /amqp-debug.png HTTP/1.1" 404 169 "-" "-"
38.101.148.126 - - [08/Aug/2011:22:06:07 +0000] "GET /robots.txt HTTP/1.1" 404 148 "-" "Mozilla/5.0 (compatible; discobot/1.1; +http://discoveryengine.com/discobot.html)"
38.101.148.126 - - [09/Aug/2011:02:43:40 +0000] "GET /robots.txt HTTP/1.1" 404 148 "-" "Mozilla/5.0 (compatible; discobot/1.1; +http://discoveryengine.com/discobot.html)"
67.195.113.228 - - [09/Aug/2011:03:36:45 +0000] "GET /robots.txt HTTP/1.0" 404 169 "-" "Mozilla/5.0 (compatible; Yahoo! Slurp; http://help.yahoo.com/help/us/ysearch/slurp)"
67.195.113.228 - - [09/Aug/2011:03:36:46 +0000] "GET /CV.html HTTP/1.0" 200 15819 "-" "Mozilla/5.0 (compatible; Yahoo! Slurp; http://help.yahoo.com/help/us/ysearch/slurp)"
67.195.113.228 - - [09/Aug/2011:03:36:47 +0000] "GET /assets/css/all.css HTTP/1.0" 200 190 "http://static.101ideas.cz/CV.html" "Mozilla/5.0 (compatible; Yahoo! Slurp; http://help.yahoo.com/help/us/ysearch/slurp)"
67.195.113.228 - - [09/Aug/2011:03:36:48 +0000] "GET /assets/css/design.css HTTP/1.0" 200 762 "http://static.101ideas.cz/CV.html" "Mozilla/5.0 (compatible; Yahoo! Slurp; http://help.yahoo.com/help/us/ysearch/slurp)"
95.108.217.251 - - [09/Aug/2011:06:59:44 +0000] "GET /CV.html HTTP/1.1" 200 5934 "-" "Mozilla/5.0 (compatible; YandexBot/3.0; +http://yandex.com/bots)"
38.101.148.126 - - [09/Aug/2011:07:06:28 +0000] "GET /robots.txt HTTP/1.1" 404 148 "-" "Mozilla/5.0 (compatible; discobot/1.1; +http://discoveryengine.com/discobot.html)"
67.195.113.228 - - [09/Aug/2011:08:26:04 +0000] "GET /parts/ HTTP/1.0" 200 1526 "-" "Mozilla/5.0 (compatible; Yahoo! Slurp; http://help.yahoo.com/help/us/ysearch/slurp)"
173.203.140.221 - - [09/Aug/2011:10:01:36 +0000] "GET /amqp-debug.png HTTP/1.1" 404 169 "-" "-"
38.101.148.126 - - [09/Aug/2011:11:27:56 +0000] "GET /robots.txt HTTP/1.1" 404 148 "-" "Mozilla/5.0 (compatible; discobot/1.1; +http://discoveryengine.com/discobot.html)"
81.201.60.169 - - [09/Aug/2011:12:40:36 +0000] "GET /CV.html HTTP/1.1" 200 5934 "http://101ideas.cz/about.html" "Mozilla/5.0 (Macintosh; Intel Mac OS X 10_7) AppleWebKit/534.48.3 (KHTML, like Gecko) Version/5.1 Safari/534.48.3"
81.201.60.169 - - [09/Aug/2011:12:40:40 +0000] "GET /assets/css/design.css HTTP/1.1" 200 762 "http://static.101ideas.cz/CV.html" "Mozilla/5.0 (Macintosh; Intel Mac OS X 10_7) AppleWebKit/534.48.3 (KHTML, like Gecko) Version/5.1 Safari/534.48.3"
81.201.60.169 - - [09/Aug/2011:12:40:40 +0000] "GET /assets/css/all.css HTTP/1.1" 200 190 "http://static.101ideas.cz/CV.html" "Mozilla/5.0 (Macintosh; Intel Mac OS X 10_7) AppleWebKit/534.48.3 (KHTML, like Gecko) Version/5.1 Safari/534.48.3"
81.201.60.169 - - [09/Aug/2011:12:40:40 +0000] "GET /assets/js/application.js HTTP/1.1" 200 1053 "http://static.101ideas.cz/CV.html" "Mozilla/5.0 (Macintosh; Intel Mac OS X 10_7) AppleWebKit/534.48.3 (KHTML, like Gecko) Version/5.1 Safari/534.48.3"
81.201.60.169 - - [09/Aug/2011:12:40:41 +0000] "GET /assets/js/mootools-1.2-core.js HTTP/1.1" 200 66868 "http://static.101ideas.cz/CV.html" "Mozilla/5.0 (Macintosh; Intel Mac OS X 10_7) AppleWebKit/534.48.3 (KHTML, like Gecko) Version/5.1 Safari/534.48.3"
81.201.60.169 - - [09/Aug/2011:12:40:44 +0000] "GET /assets/js/mootools-1.2-more.js HTTP/1.1" 200 130450 "http://static.101ideas.cz/CV.html" "Mozilla/5.0 (Macintosh; Intel Mac OS X 10_7) AppleWebKit/534.48.3 (KHTML, like Gecko) Version/5.1 Safari/534.48.3"
81.201.60.169 - - [09/Aug/2011:12:40:53 +0000] "GET /favicon.ico HTTP/1.1" 404 148 "http://static.101ideas.cz/CV.html" "Mozilla/5.0 (Macintosh; Intel Mac OS X 10_7) AppleWebKit/534.48.3 (KHTML, like Gecko) Version/5.1 Safari/534.48.3"
173.203.140.220 - - [09/Aug/2011:12:45:15 +0000] "GET /amqp-debug.png HTTP/1.1" 404 169 "-" "-"
207.97.227.236 - - [09/Aug/2011:15:27:45 +0000] "GET /amqp-debug.png HTTP/1.1" 404 169 "-" "-"
38.101.148.126 - - [09/Aug/2011:15:51:30 +0000] "GET /robots.txt HTTP/1.1" 404 148 "-" "Mozilla/5.0 (compatible; discobot/1.1; +http://discoveryengine.com/discobot.html)"
207.97.227.234 - - [09/Aug/2011:17:47:16 +0000] "GET /amqp-debug.png HTTP/1.1" 404 169 "-" "-"
38.101.148.126 - - [09/Aug/2011:20:21:36 +0000] "GET /robots.txt HTTP/1.1" 404 148 "-" "Mozilla/5.0 (compatible; discobot/1.1; +http://discoveryengine.com/discobot.html)"
38.101.148.126 - - [10/Aug/2011:00:47:59 +0000] "GET /robots.txt HTTP/1.1" 404 148 "-" "Mozilla/5.0 (compatible; discobot/1.1; +http://discoveryengine.com/discobot.html)"
66.249.66.83 - - [10/Aug/2011:02:34:24 +0000] "GET /robots.txt HTTP/1.1" 404 148 "-" "Mozilla/5.0 (compatible; Googlebot/2.1; +http://www.google.com/bot.html)"
66.249.72.193 - - [10/Aug/2011:02:34:24 +0000] "GET /parts/my-contributions-to-well-known-oss-projects.html HTTP/1.1" 200 1265 "-" "Mozilla/5.0 (compatible; Googlebot/2.1; +http://www.google.com/bot.html)"
95.108.217.251 - - [10/Aug/2011:03:49:34 +0000] "GET /robots.txt HTTP/1.1" 404 169 "-" "Mozilla/5.0 (compatible; YandexBot/3.0; +http://yandex.com/bots)"
38.101.148.126 - - [10/Aug/2011:05:09:21 +0000] "GET /robots.txt HTTP/1.1" 404 148 "-" "Mozilla/5.0 (compatible; discobot/1.1; +http://discoveryengine.com/discobot.html)"
207.97.227.234 - - [10/Aug/2011:05:51:51 +0000] "GET /amqp-debug.png HTTP/1.1" 404 169 "-" "-"
207.97.227.234 - - [10/Aug/2011:07:03:03 +0000] "GET /amqp-debug.png HTTP/1.1" 404 169 "-" "-"
207.97.227.234 - - [10/Aug/2011:07:14:21 +0000] "GET /amqp-debug.png HTTP/1.1" 404 169 "-" "-"
173.203.140.220 - - [10/Aug/2011:07:54:27 +0000] "GET /amqp-debug.png HTTP/1.1" 404 169 "-" "-"
173.203.140.220 - - [10/Aug/2011:08:46:26 +0000] "GET /amqp-debug.png HTTP/1.1" 404 169 "-" "-"
38.101.148.126 - - [10/Aug/2011:09:36:02 +0000] "GET /robots.txt HTTP/1.1" 404 148 "-" "Mozilla/5.0 (compatible; discobot/1.1; +http://discoveryengine.com/discobot.html)"
207.97.227.233 - - [10/Aug/2011:11:03:40 +0000] "GET /amqp-debug.png HTTP/1.1" 404 169 "-" "-"
95.108.217.251 - - [10/Aug/2011:14:45:43 +0000] "GET / HTTP/1.1" 200 352 "-" "Mozilla/5.0 (compatible; YandexBot/3.0; +http://yandex.com/bots)"
38.101.148.126 - - [10/Aug/2011:15:01:53 +0000] "GET /robots.txt HTTP/1.1" 404 148 "-" "Mozilla/5.0 (compatible; discobot/1.1; +http://discoveryengine.com/discobot.html)"
207.97.227.236 - - [10/Aug/2011:16:55:12 +0000] "GET /amqp-debug.png HTTP/1.1" 404 169 "-" "-"
207.97.227.233 - - [10/Aug/2011:16:59:06 +0000] "GET /amqp-debug.png HTTP/1.1" 404 169 "-" "-"
207.97.227.233 - - [10/Aug/2011:18:47:51 +0000] "GET /amqp-debug.png HTTP/1.1" 404 169 "-" "-"
38.101.148.126 - - [10/Aug/2011:20:05:06 +0000] "GET /robots.txt HTTP/1.1" 404 148 "-" "Mozilla/5.0 (compatible; discobot/1.1; +http://discoveryengine.com/discobot.html)"
38.101.148.126 - - [11/Aug/2011:01:25:01 +0000] "GET /robots.txt HTTP/1.1" 404 148 "-" "Mozilla/5.0 (compatible; discobot/1.1; +http://discoveryengine.com/discobot.html)"
173.203.140.221 - - [11/Aug/2011:03:26:20 +0000] "GET /amqp-debug.png HTTP/1.1" 404 169 "-" "-"
207.97.227.254 - - [11/Aug/2011:04:20:17 +0000] "GET /amqp-debug.png HTTP/1.1" 404 169 "-" "-"
207.97.227.254 - - [11/Aug/2011:05:50:52 +0000] "GET /amqp-debug.png HTTP/1.1" 404 169 "-" "-"
38.101.148.126 - - [11/Aug/2011:06:32:14 +0000] "GET /robots.txt HTTP/1.1" 404 148 "-" "Mozilla/5.0 (compatible; discobot/1.1; +http://discoveryengine.com/discobot.html)"
207.97.227.233 - - [11/Aug/2011:08:50:40 +0000] "GET /amqp-debug.png HTTP/1.1" 404 169 "-" "-"
188.95.127.238 - - [11/Aug/2011:10:34:33 +0000] "GET /CV.html HTTP/1.1" 200 5934 "http://www.google.cz/search?q=101ideas+cv&ie=UTF-8&oe=UTF-8&hl=en&client=safari&redir_esc=&ei=JrBDTp_1NYqf-waq2vjbCQ" "Mozilla/5.0 (iPhone; U; CPU iPhone OS 4_3_5 like Mac OS X; en-us) AppleWebKit/533.17.9 (KHTML, like Gecko) Version/5.0.2 Mobile/8L1 Safari/6533.18.5"
188.95.127.238 - - [11/Aug/2011:10:34:34 +0000] "GET /assets/css/all.css HTTP/1.1" 200 190 "http://static.101ideas.cz/CV.html" "Mozilla/5.0 (iPhone; U; CPU iPhone OS 4_3_5 like Mac OS X; en-us) AppleWebKit/533.17.9 (KHTML, like Gecko) Version/5.0.2 Mobile/8L1 Safari/6533.18.5"
188.95.127.238 - - [11/Aug/2011:10:34:34 +0000] "GET /assets/js/application.js HTTP/1.1" 200 1053 "http://static.101ideas.cz/CV.html" "Mozilla/5.0 (iPhone; U; CPU iPhone OS 4_3_5 like Mac OS X; en-us) AppleWebKit/533.17.9 (KHTML, like Gecko) Version/5.0.2 Mobile/8L1 Safari/6533.18.5"
188.95.127.238 - - [11/Aug/2011:10:34:34 +0000] "GET /assets/css/design.css HTTP/1.1" 200 762 "http://static.101ideas.cz/CV.html" "Mozilla/5.0 (iPhone; U; CPU iPhone OS 4_3_5 like Mac OS X; en-us) AppleWebKit/533.17.9 (KHTML, like Gecko) Version/5.0.2 Mobile/8L1 Safari/6533.18.5"
188.95.127.238 - - [11/Aug/2011:10:34:34 +0000] "GET /assets/js/mootools-1.2-core.js HTTP/1.1" 200 66868 "http://static.101ideas.cz/CV.html" "Mozilla/5.0 (iPhone; U; CPU iPhone OS 4_3_5 like Mac OS X; en-us) AppleWebKit/533.17.9 (KHTML, like Gecko) Version/5.0.2 Mobile/8L1 Safari/6533.18.5"
188.95.127.238 - - [11/Aug/2011:10:34:35 +0000] "GET /assets/js/mootools-1.2-more.js HTTP/1.1" 200 130450 "http://static.101ideas.cz/CV.html" "Mozilla/5.0 (iPhone; U; CPU iPhone OS 4_3_5 like Mac OS X; en-us) AppleWebKit/533.17.9 (KHTML, like Gecko) Version/5.0.2 Mobile/8L1 Safari/6533.18.5"
207.97.227.236 - - [11/Aug/2011:10:47:32 +0000] "GET /amqp-debug.png HTTP/1.1" 404 169 "-" "-"
38.101.148.126 - - [11/Aug/2011:11:47:45 +0000] "GET /robots.txt HTTP/1.1" 404 148 "-" "Mozilla/5.0 (compatible; discobot/1.1; +http://discoveryengine.com/discobot.html)"
207.97.227.233 - - [11/Aug/2011:12:41:57 +0000] "GET /amqp-debug.png HTTP/1.1" 404 169 "-" "-"
207.97.227.236 - - [11/Aug/2011:15:07:01 +0000] "GET /amqp-debug.png HTTP/1.1" 404 169 "-" "-"
38.101.148.126 - - [11/Aug/2011:17:02:44 +0000] "GET /robots.txt HTTP/1.1" 404 148 "-" "Mozilla/5.0 (compatible; discobot/1.1; +http://discoveryengine.com/discobot.html)"
38.101.148.126 - - [11/Aug/2011:22:43:44 +0000] "GET /robots.txt HTTP/1.1" 404 148 "-" "Mozilla/5.0 (compatible; discobot/1.1; +http://discoveryengine.com/discobot.html)"
38.101.148.126 - - [11/Aug/2011:22:56:48 +0000] "GET /Rango.pdf HTTP/1.1" 404 148 "-" "Mozilla/5.0 (compatible; discobot/1.1; +http://discoveryengine.com/discobot.html)"
67.195.113.228 - - [12/Aug/2011:04:48:56 +0000] "GET /robots.txt HTTP/1.0" 404 169 "-" "Mozilla/5.0 (compatible; Yahoo! Slurp; http://help.yahoo.com/help/us/ysearch/slurp)"
67.195.113.228 - - [12/Aug/2011:04:48:56 +0000] "GET /parts/experience.html HTTP/1.0" 200 4523 "-" "Mozilla/5.0 (compatible; Yahoo! Slurp; http://help.yahoo.com/help/us/ysearch/slurp)"
207.97.227.234 - - [12/Aug/2011:06:48:06 +0000] "GET /amqp-debug.png HTTP/1.1" 404 169 "-" "-"
207.97.227.233 - - [12/Aug/2011:07:52:50 +0000] "GET /amqp-debug.png HTTP/1.1" 404 169 "-" "-"
173.203.140.220 - - [12/Aug/2011:11:11:48 +0000] "GET /amqp-debug.png HTTP/1.1" 404 169 "-" "-"
145.236.102.166 - - [12/Aug/2011:12:16:44 +0000] "GET /favicon.ico HTTP/1.1" 404 148 "-" "Mozilla/5.0 (Macintosh; Intel Mac OS X 10.6; rv:5.0.1) Gecko/20100101 Firefox/5.0.1"
119.63.196.57 - - [12/Aug/2011:17:57:28 +0000] "GET /assets/css/all.css HTTP/1.1" 200 190 "-" "Mozilla/5.0 (compatible; Baiduspider/2.0; +http://www.baidu.com/search/spider.html)"
119.63.196.55 - - [12/Aug/2011:18:27:54 +0000] "GET /assets/css/design.css HTTP/1.1" 200 762 "-" "Mozilla/5.0 (compatible; Baiduspider/2.0; +http://www.baidu.com/search/spider.html)"
66.249.67.6 - - [12/Aug/2011:20:02:47 +0000] "GET /robots.txt HTTP/1.1" 404 148 "-" "Mozilla/5.0 (compatible; Googlebot/2.1; +http://www.google.com/bot.html)"
66.249.67.6 - - [12/Aug/2011:20:02:47 +0000] "GET /img/ HTTP/1.1" 404 148 "-" "Mozilla/5.0 (compatible; Googlebot/2.1; +http://www.google.com/bot.html)"
66.249.67.6 - - [12/Aug/2011:20:30:14 +0000] "GET / HTTP/1.1" 200 353 "-" "Mozilla/5.0 (compatible; Googlebot/2.1; +http://www.google.com/bot.html)"
207.97.227.233 - - [12/Aug/2011:20:42:11 +0000] "GET /amqp-debug.png HTTP/1.1" 404 169 "-" "-"
66.249.67.6 - - [12/Aug/2011:22:19:52 +0000] "GET /save_without_trailing_whitespace.tmMacro HTTP/1.1" 404 148 "-" "Mozilla/5.0 (compatible; Googlebot/2.1; +http://www.google.com/bot.html)"
207.97.227.254 - - [12/Aug/2011:23:44:38 +0000] "GET /amqp-debug.png HTTP/1.1" 404 169 "-" "-"
38.101.148.126 - - [13/Aug/2011:00:32:45 +0000] "GET /Rango.pdf HTTP/1.1" 404 148 "-" "Mozilla/5.0 (compatible; discobot/1.1; +http://discoveryengine.com/discobot.html)"
38.101.148.126 - - [13/Aug/2011:02:53:23 +0000] "GET /robots.txt HTTP/1.1" 404 148 "-" "Mozilla/5.0 (compatible; discobot/1.1; +http://discoveryengine.com/discobot.html)"
207.97.227.235 - - [13/Aug/2011:03:55:53 +0000] "GET /amqp-debug.png HTTP/1.1" 404 169 "-" "-"
95.108.217.251 - - [13/Aug/2011:04:43:31 +0000] "GET /robots.txt HTTP/1.1" 404 169 "-" "Mozilla/5.0 (compatible; YandexBot/3.0; +http://yandex.com/bots)"
207.97.227.242 - - [13/Aug/2011:05:24:26 +0000] "GET /amqp-debug.png HTTP/1.1" 404 169 "-" "-"
207.97.227.233 - - [13/Aug/2011:05:27:04 +0000] "GET /amqp-debug.png HTTP/1.1" 404 169 "-" "-"
207.97.227.242 - - [13/Aug/2011:05:28:32 +0000] "GET /amqp-debug.png HTTP/1.1" 404 169 "-" "-"
67.195.113.228 - - [13/Aug/2011:05:43:23 +0000] "GET /robots.txt HTTP/1.0" 404 169 "-" "Mozilla/5.0 (compatible; Yahoo! Slurp; http://help.yahoo.com/help/us/ysearch/slurp)"
67.195.113.228 - - [13/Aug/2011:05:43:23 +0000] "GET /CV.html HTTP/1.0" 200 15819 "-" "Mozilla/5.0 (compatible; Yahoo! Slurp; http://help.yahoo.com/help/us/ysearch/slurp)"
67.195.113.228 - - [13/Aug/2011:05:43:24 +0000] "GET /assets/css/all.css HTTP/1.0" 200 190 "http://static.101ideas.cz/CV.html" "Mozilla/5.0 (compatible; Yahoo! Slurp; http://help.yahoo.com/help/us/ysearch/slurp)"
67.195.113.228 - - [13/Aug/2011:05:43:24 +0000] "GET /assets/css/design.css HTTP/1.0" 200 762 "http://static.101ideas.cz/CV.html" "Mozilla/5.0 (compatible; Yahoo! Slurp; http://help.yahoo.com/help/us/ysearch/slurp)"
207.97.227.242 - - [13/Aug/2011:05:43:28 +0000] "GET /amqp-debug.png HTTP/1.1" 404 169 "-" "-"
95.108.217.251 - - [13/Aug/2011:06:31:09 +0000] "GET /CV.html HTTP/1.1" 200 5934 "-" "Mozilla/5.0 (compatible; YandexBot/3.0; +http://yandex.com/bots)"
67.195.113.228 - - [13/Aug/2011:07:26:13 +0000] "GET /save_without_trailing_whitespace.tmMacro HTTP/1.0" 404 169 "-" "Mozilla/5.0 (compatible; Yahoo! Slurp; http://help.yahoo.com/help/us/ysearch/slurp)"
207.97.227.242 - - [13/Aug/2011:09:26:59 +0000] "GET /amqp-debug.png HTTP/1.1" 404 169 "-" "-"
38.101.148.126 - - [13/Aug/2011:10:43:20 +0000] "GET /robots.txt HTTP/1.1" 404 148 "-" "Mozilla/5.0 (compatible; discobot/1.1; +http://discoveryengine.com/discobot.html)"
173.203.140.220 - - [13/Aug/2011:14:10:58 +0000] "GET /amqp-debug.png HTTP/1.1" 404 169 "-" "-"
207.97.227.233 - - [13/Aug/2011:15:03:40 +0000] "GET /amqp-debug.png HTTP/1.1" 404 169 "-" "-"
119.63.196.118 - - [13/Aug/2011:15:54:31 +0000] "GET /assets/css/design.css HTTP/1.1" 200 762 "-" "Mozilla/5.0 (compatible; Baiduspider/2.0; +http://www.baidu.com/search/spider.html)"
119.63.196.14 - - [13/Aug/2011:16:35:34 +0000] "GET /assets/css/all.css HTTP/1.1" 200 190 "-" "Mozilla/5.0 (compatible; Baiduspider/2.0; +http://www.baidu.com/search/spider.html)"
207.97.227.235 - - [13/Aug/2011:17:27:39 +0000] "GET /amqp-debug.png HTTP/1.1" 404 169 "-" "-"
38.101.148.126 - - [13/Aug/2011:19:05:04 +0000] "GET /robots.txt HTTP/1.1" 404 148 "-" "Mozilla/5.0 (compatible; discobot/1.1; +http://discoveryengine.com/discobot.html)"
173.203.140.220 - - [13/Aug/2011:19:10:34 +0000] "GET /amqp-debug.png HTTP/1.1" 404 169 "-" "-"
207.97.227.254 - - [13/Aug/2011:20:47:14 +0000] "GET /amqp-debug.png HTTP/1.1" 404 169 "-" "-"
195.190.13.242 - - [13/Aug/2011:23:03:50 +0000] "GET /CV.html HTTP/1.1" 200 15819 "-" "Mozilla/4.0 (compatible; MSIE 6.0; Windows NT 5.1; SV1)"
173.203.140.221 - - [13/Aug/2011:23:34:45 +0000] "GET /amqp-debug.png HTTP/1.1" 404 169 "-" "-"
207.97.227.242 - - [13/Aug/2011:23:57:18 +0000] "GET /amqp-debug.png HTTP/1.1" 404 169 "-" "-"
207.97.227.234 - - [14/Aug/2011:00:11:38 +0000] "GET /amqp-debug.png HTTP/1.1" 404 169 "-" "-"
38.101.148.126 - - [14/Aug/2011:02:03:35 +0000] "GET /robots.txt HTTP/1.1" 404 148 "-" "Mozilla/5.0 (compatible; discobot/1.1; +http://discoveryengine.com/discobot.html)"
207.97.227.236 - - [14/Aug/2011:02:09:23 +0000] "GET /amqp-debug.png HTTP/1.1" 404 169 "-" "-"
207.97.227.242 - - [14/Aug/2011:04:41:16 +0000] "GET /amqp-debug.png HTTP/1.1" 404 169 "-" "-"
207.97.227.242 - - [14/Aug/2011:04:42:00 +0000] "GET /amqp-debug.png HTTP/1.1" 404 169 "-" "-"
207.97.227.242 - - [14/Aug/2011:04:42:19 +0000] "GET /amqp-debug.png HTTP/1.1" 404 169 "-" "-"
207.97.227.236 - - [14/Aug/2011:05:34:39 +0000] "GET /amqp-debug.png HTTP/1.1" 404 169 "-" "-"
207.97.227.234 - - [14/Aug/2011:07:40:49 +0000] "GET /amqp-debug.png HTTP/1.1" 404 169 "-" "-"
38.101.148.126 - - [14/Aug/2011:07:55:13 +0000] "GET /robots.txt HTTP/1.1" 404 148 "-" "Mozilla/5.0 (compatible; discobot/1.1; +http://discoveryengine.com/discobot.html)"
207.97.227.234 - - [14/Aug/2011:08:20:14 +0000] "GET /amqp-debug.png HTTP/1.1" 404 169 "-" "-"
207.97.227.236 - - [14/Aug/2011:10:42:29 +0000] "GET /amqp-debug.png HTTP/1.1" 404 169 "-" "-"
90.183.39.17 - - [14/Aug/2011:10:44:42 +0000] "GET /robots.txt HTTP/1.1" 404 169 "-" "holmes/3.12.4 (http://morfeo.centrum.cz/bot)"
207.97.227.236 - - [14/Aug/2011:13:04:43 +0000] "GET /amqp-debug.png HTTP/1.1" 404 169 "-" "-"
207.97.227.236 - - [14/Aug/2011:13:05:48 +0000] "GET /amqp-debug.png HTTP/1.1" 404 169 "-" "-"
38.101.148.126 - - [14/Aug/2011:13:09:51 +0000] "GET /robots.txt HTTP/1.1" 404 148 "-" "Mozilla/5.0 (compatible; discobot/1.1; +http://discoveryengine.com/discobot.html)"
207.97.227.236 - - [14/Aug/2011:15:40:05 +0000] "GET /amqp-debug.png HTTP/1.1" 404 169 "-" "-"
173.203.140.221 - - [14/Aug/2011:16:38:19 +0000] "GET /amqp-debug.png HTTP/1.1" 404 169 "-" "-"
66.249.67.6 - - [14/Aug/2011:17:25:02 +0000] "GET /robots.txt HTTP/1.1" 404 148 "-" "Mozilla/5.0 (compatible; Googlebot/2.1; +http://www.google.com/bot.html)"
66.249.67.6 - - [14/Aug/2011:17:25:02 +0000] "GET /CV.html HTTP/1.1" 200 5934 "-" "Mozilla/5.0 (compatible; Googlebot/2.1; +http://www.google.com/bot.html)"
69.28.58.29 - - [14/Aug/2011:18:05:31 +0000] "GET /robots.txt HTTP/1.0" 404 529 "-" "Mozilla/4.0 (compatible; MSIE 6.0; Windows NT 5.0) (larbin2.6.3@unspecified.mail)"
69.28.58.29 - - [14/Aug/2011:18:13:31 +0000] "GET / HTTP/1.0" 200 869 "-" "Mozilla/4.0 (compatible; MSIE 6.0; Windows NT 5.0) larbin2.6.3@unspecified.mail"
38.101.148.126 - - [14/Aug/2011:18:50:33 +0000] "GET /robots.txt HTTP/1.1" 404 148 "-" "Mozilla/5.0 (compatible; discobot/1.1; +http://discoveryengine.com/discobot.html)"
38.101.148.126 - - [15/Aug/2011:00:44:31 +0000] "GET /robots.txt HTTP/1.1" 404 148 "-" "Mozilla/5.0 (compatible; discobot/1.1; +http://discoveryengine.com/discobot.html)"
207.97.227.242 - - [15/Aug/2011:06:08:12 +0000] "GET /amqp-debug.png HTTP/1.1" 404 169 "-" "-"
38.101.148.126 - - [15/Aug/2011:06:21:42 +0000] "GET /robots.txt HTTP/1.1" 404 148 "-" "Mozilla/5.0 (compatible; discobot/1.1; +http://discoveryengine.com/discobot.html)"
50.19.202.83 - - [15/Aug/2011:10:40:13 +0000] "GET /robots.txt HTTP/1.1" 404 169 "-" "Mozilla/5.0 (compatible; FlipboardProxy/1.1; +http://flipboard.com/browserproxy)"
50.19.202.83 - - [15/Aug/2011:10:40:13 +0000] "HEAD /CV.html HTTP/1.1" 200 0 "-" "Mozilla/5.0 (Macintosh; U; Intel Mac OS X 10.6; en-US; rv:1.9.2) Gecko/20100115 Firefox/3.6 (FlipboardProxy/1.1; +http://flipboard.com/browserproxy)"
107.20.50.56 - - [15/Aug/2011:10:40:15 +0000] "GET /CV.html HTTP/1.1" 200 5934 "-" "Mozilla/5.0 (Macintosh; U; Intel Mac OS X 10.6; en-US; rv:1.9.2) Gecko/20100115 Firefox/3.6 (FlipboardProxy/0.0.5; +http://flipboard.com/browserproxy)"
38.101.148.126 - - [15/Aug/2011:12:01:03 +0000] "GET /robots.txt HTTP/1.1" 404 148 "-" "Mozilla/5.0 (compatible; discobot/1.1; +http://discoveryengine.com/discobot.html)"
38.101.148.126 - - [15/Aug/2011:17:35:34 +0000] "GET /robots.txt HTTP/1.1" 404 148 "-" "Mozilla/5.0 (compatible; discobot/1.1; +http://discoveryengine.com/discobot.html)"
38.101.148.126 - - [16/Aug/2011:00:23:26 +0000] "GET /robots.txt HTTP/1.1" 404 148 "-" "Mozilla/5.0 (compatible; discobot/1.1; +http://discoveryengine.com/discobot.html)"
38.101.148.126 - - [16/Aug/2011:04:04:13 +0000] "GET /Rango.pdf HTTP/1.1" 404 148 "-" "Mozilla/5.0 (compatible; discobot/1.1; +http://discoveryengine.com/discobot.html)"
208.115.111.248 - - [16/Aug/2011:06:38:16 +0000] "GET /robots.txt HTTP/1.1" 404 148 "-" "Mozilla/5.0 (compatible; DotBot/1.1; http://www.dotnetdotcom.org/, crawler@dotnetdotcom.org)"
38.101.148.126 - - [16/Aug/2011:07:47:30 +0000] "GET /robots.txt HTTP/1.1" 404 148 "-" "Mozilla/5.0 (compatible; discobot/1.1; +http://discoveryengine.com/discobot.html)"
24.43.18.60 - - [16/Aug/2011:10:20:56 +0000] "GET /CV.html HTTP/1.1" 200 5934 "-" "Mozilla/5.0 (Macintosh; Intel Mac OS X 10_7_0) AppleWebKit/535.1 (KHTML, like Gecko) Chrome/15.0.849.1 Safari/535.1"
24.43.18.60 - - [16/Aug/2011:10:20:56 +0000] "GET /assets/css/all.css HTTP/1.1" 200 190 "http://static.101ideas.cz/CV.html" "Mozilla/5.0 (Macintosh; Intel Mac OS X 10_7_0) AppleWebKit/535.1 (KHTML, like Gecko) Chrome/15.0.849.1 Safari/535.1"
24.43.18.60 - - [16/Aug/2011:10:20:56 +0000] "GET /assets/css/design.css HTTP/1.1" 200 762 "http://static.101ideas.cz/CV.html" "Mozilla/5.0 (Macintosh; Intel Mac OS X 10_7_0) AppleWebKit/535.1 (KHTML, like Gecko) Chrome/15.0.849.1 Safari/535.1"
24.43.18.60 - - [16/Aug/2011:10:20:56 +0000] "GET /assets/js/application.js HTTP/1.1" 200 1053 "http://static.101ideas.cz/CV.html" "Mozilla/5.0 (Macintosh; Intel Mac OS X 10_7_0) AppleWebKit/535.1 (KHTML, like Gecko) Chrome/15.0.849.1 Safari/535.1"
24.43.18.60 - - [16/Aug/2011:10:20:57 +0000] "GET /assets/js/mootools-1.2-core.js HTTP/1.1" 200 66868 "http://static.101ideas.cz/CV.html" "Mozilla/5.0 (Macintosh; Intel Mac OS X 10_7_0) AppleWebKit/535.1 (KHTML, like Gecko) Chrome/15.0.849.1 Safari/535.1"
24.43.18.60 - - [16/Aug/2011:10:20:57 +0000] "GET /assets/js/mootools-1.2-more.js HTTP/1.1" 200 130450 "http://static.101ideas.cz/CV.html" "Mozilla/5.0 (Macintosh; Intel Mac OS X 10_7_0) AppleWebKit/535.1 (KHTML, like Gecko) Chrome/15.0.849.1 Safari/535.1"
24.43.18.60 - - [16/Aug/2011:10:20:58 +0000] "GET /favicon.ico HTTP/1.1" 404 148 "-" "Mozilla/5.0 (Macintosh; Intel Mac OS X 10_7_0) AppleWebKit/535.1 (KHTML, like Gecko) Chrome/15.0.849.1 Safari/535.1"
208.115.111.248 - - [16/Aug/2011:12:04:51 +0000] "GET /CV.html HTTP/1.1" 200 5934 "-" "Mozilla/5.0 (compatible; DotBot/1.1; http://www.dotnetdotcom.org/, crawler@dotnetdotcom.org)"
90.183.39.17 - - [16/Aug/2011:13:28:36 +0000] "GET / HTTP/1.1" 200 881 "-" "holmes/3.12.4 (http://morfeo.centrum.cz/bot)"
207.97.227.236 - - [16/Aug/2011:15:07:18 +0000] "GET /amqp-debug.png HTTP/1.1" 404 169 "-" "-"
38.101.148.126 - - [16/Aug/2011:16:24:30 +0000] "GET /robots.txt HTTP/1.1" 404 148 "-" "Mozilla/5.0 (compatible; discobot/1.1; +http://discoveryengine.com/discobot.html)"
207.97.227.234 - - [16/Aug/2011:18:39:32 +0000] "GET /amqp-debug.png HTTP/1.1" 404 169 "-" "-"
38.101.148.126 - - [16/Aug/2011:22:09:53 +0000] "GET /robots.txt HTTP/1.1" 404 148 "-" "Mozilla/5.0 (compatible; discobot/1.1; +http://discoveryengine.com/discobot.html)"
38.101.148.126 - - [16/Aug/2011:22:36:59 +0000] "GET /Rango.pdf HTTP/1.1" 404 148 "-" "Mozilla/5.0 (compatible; discobot/1.1; +http://discoveryengine.com/discobot.html)"
123.125.67.151 - - [16/Aug/2011:23:37:06 +0000] "GET / HTTP/1.1" 200 353 "-" "Mozilla"
204.15.199.142 - - [17/Aug/2011:00:55:00 +0000] "GET /robots.txt HTTP/1.0" 404 169 "-" "TinEye/1.1 (http://tineye.com/crawler.html)"
204.15.199.142 - - [17/Aug/2011:00:55:00 +0000] "GET /Rango.pdf HTTP/1.1" 404 169 "-" "TinEye/1.1 (http://tineye.com/crawler.html)"
38.101.148.126 - - [17/Aug/2011:05:16:06 +0000] "GET /robots.txt HTTP/1.1" 404 148 "-" "Mozilla/5.0 (compatible; discobot/1.1; +http://discoveryengine.com/discobot.html)"
207.97.227.235 - - [17/Aug/2011:05:35:02 +0000] "GET /amqp-debug.png HTTP/1.1" 404 169 "-" "-"
173.203.140.220 - - [17/Aug/2011:07:48:57 +0000] "GET /amqp-debug.png HTTP/1.1" 404 169 "-" "-"
207.97.227.235 - - [17/Aug/2011:08:52:54 +0000] "GET /amqp-debug.png HTTP/1.1" 404 169 "-" "-"
38.101.148.126 - - [17/Aug/2011:12:12:08 +0000] "GET /robots.txt HTTP/1.1" 404 148 "-" "Mozilla/5.0 (compatible; discobot/1.1; +http://discoveryengine.com/discobot.html)"
38.101.148.126 - - [17/Aug/2011:18:59:47 +0000] "GET /robots.txt HTTP/1.1" 404 148 "-" "Mozilla/5.0 (compatible; discobot/1.1; +http://discoveryengine.com/discobot.html)"
38.101.148.126 - - [18/Aug/2011:00:34:13 +0000] "GET /robots.txt HTTP/1.1" 404 148 "-" "Mozilla/5.0 (compatible; discobot/1.1; +http://discoveryengine.com/discobot.html)"
66.249.67.3 - - [18/Aug/2011:05:36:02 +0000] "GET /robots.txt HTTP/1.1" 404 148 "-" "Mozilla/5.0 (compatible; Googlebot/2.1; +http://www.google.com/bot.html)"
66.249.67.3 - - [18/Aug/2011:05:36:02 +0000] "GET /parts/ HTTP/1.1" 200 420 "-" "Mozilla/5.0 (compatible; Googlebot/2.1; +http://www.google.com/bot.html)"
213.186.122.3 - - [18/Aug/2011:05:56:00 +0000] "GET /robots.txt HTTP/1.1" 404 148 "-" "Mozilla/5.0 (compatible; AhrefsBot/1.0; +http://ahrefs.com/robot/)"
213.186.122.3 - - [18/Aug/2011:05:56:01 +0000] "GET /CV.html HTTP/1.1" 200 5934 "-" "Mozilla/5.0 (compatible; AhrefsBot/1.0; +http://ahrefs.com/robot/)"
38.101.148.126 - - [18/Aug/2011:07:25:04 +0000] "GET /robots.txt HTTP/1.1" 404 148 "-" "Mozilla/5.0 (compatible; discobot/1.1; +http://discoveryengine.com/discobot.html)"
173.203.140.220 - - [18/Aug/2011:09:27:46 +0000] "GET /amqp-debug.png HTTP/1.1" 404 169 "-" "-"
67.195.113.228 - - [18/Aug/2011:09:32:23 +0000] "GET /robots.txt HTTP/1.0" 404 169 "-" "Mozilla/5.0 (compatible; Yahoo! Slurp; http://help.yahoo.com/help/us/ysearch/slurp)"
67.195.113.228 - - [18/Aug/2011:09:32:23 +0000] "GET /CV.html HTTP/1.0" 200 15819 "-" "Mozilla/5.0 (compatible; Yahoo! Slurp; http://help.yahoo.com/help/us/ysearch/slurp)"
67.195.113.228 - - [18/Aug/2011:09:32:24 +0000] "GET /assets/css/all.css HTTP/1.0" 200 190 "http://static.101ideas.cz/CV.html" "Mozilla/5.0 (compatible; Yahoo! Slurp; http://help.yahoo.com/help/us/ysearch/slurp)"
67.195.113.228 - - [18/Aug/2011:09:32:25 +0000] "GET /assets/css/design.css HTTP/1.0" 200 762 "http://static.101ideas.cz/CV.html" "Mozilla/5.0 (compatible; Yahoo! Slurp; http://help.yahoo.com/help/us/ysearch/slurp)"
38.101.148.126 - - [18/Aug/2011:14:24:15 +0000] "GET /robots.txt HTTP/1.1" 404 148 "-" "Mozilla/5.0 (compatible; discobot/1.1; +http://discoveryengine.com/discobot.html)"
173.203.140.220 - - [18/Aug/2011:16:59:12 +0000] "GET /amqp-debug.png HTTP/1.1" 404 169 "-" "-"
173.203.140.220 - - [18/Aug/2011:21:02:50 +0000] "GET /amqp-debug.png HTTP/1.1" 404 169 "-" "-"
38.101.148.126 - - [18/Aug/2011:21:12:55 +0000] "GET /robots.txt HTTP/1.1" 404 148 "-" "Mozilla/5.0 (compatible; discobot/1.1; +http://discoveryengine.com/discobot.html)"
95.108.151.244 - - [18/Aug/2011:23:46:26 +0000] "GET /robots.txt HTTP/1.1" 404 169 "-" "Mozilla/5.0 (compatible; YandexBot/3.0; +http://yandex.com/bots)"
95.108.151.244 - - [18/Aug/2011:23:46:27 +0000] "GET / HTTP/1.1" 200 353 "-" "Mozilla/5.0 (compatible; YandexBot/3.0; +http://yandex.com/bots)"
95.108.151.244 - - [18/Aug/2011:23:46:28 +0000] "GET / HTTP/1.1" 200 353 "-" "Mozilla/5.0 (compatible; YandexBot/3.0; +http://yandex.com/bots)"
38.101.148.126 - - [19/Aug/2011:02:57:34 +0000] "GET /robots.txt HTTP/1.1" 404 148 "-" "Mozilla/5.0 (compatible; discobot/1.1; +http://discoveryengine.com/discobot.html)"
67.195.113.228 - - [19/Aug/2011:03:30:44 +0000] "GET /robots.txt HTTP/1.0" 404 169 "-" "Mozilla/5.0 (compatible; Yahoo! Slurp; http://help.yahoo.com/help/us/ysearch/slurp)"
67.195.113.228 - - [19/Aug/2011:03:30:44 +0000] "GET /assets/css/ HTTP/1.0" 200 400 "-" "Mozilla/5.0 (compatible; Yahoo! Slurp; http://help.yahoo.com/help/us/ysearch/slurp)"
66.249.71.19 - - [19/Aug/2011:07:20:36 +0000] "GET /robots.txt HTTP/1.1" 404 148 "-" "Mozilla/5.0 (compatible; Googlebot/2.1; +http://www.google.com/bot.html)"
66.249.71.19 - - [19/Aug/2011:07:20:37 +0000] "GET /access.log HTTP/1.1" 200 283438 "-" "Mozilla/5.0 (compatible; Googlebot/2.1; +http://www.google.com/bot.html)"
66.249.71.19 - - [19/Aug/2011:07:20:37 +0000] "GET /img/ HTTP/1.1" 404 148 "-" "Mozilla/5.0 (compatible; Googlebot/2.1; +http://www.google.com/bot.html)"
38.101.148.126 - - [19/Aug/2011:08:24:56 +0000] "GET /robots.txt HTTP/1.1" 404 148 "-" "Mozilla/5.0 (compatible; discobot/1.1; +http://discoveryengine.com/discobot.html)"
66.249.71.19 - - [19/Aug/2011:09:18:42 +0000] "GET /save_without_trailing_whitespace.tmMacro HTTP/1.1" 404 148 "-" "Mozilla/5.0 (compatible; Googlebot/2.1; +http://www.google.com/bot.html)"
207.97.227.234 - - [19/Aug/2011:09:55:13 +0000] "GET /amqp-debug.png HTTP/1.1" 404 169 "-" "-"
38.101.148.126 - - [19/Aug/2011:13:44:47 +0000] "GET /robots.txt HTTP/1.1" 404 148 "-" "Mozilla/5.0 (compatible; discobot/1.1; +http://discoveryengine.com/discobot.html)"
173.203.140.221 - - [19/Aug/2011:14:09:49 +0000] "GET /amqp-debug.png HTTP/1.1" 404 169 "-" "-"
95.108.217.251 - - [19/Aug/2011:17:35:10 +0000] "GET /robots.txt HTTP/1.1" 404 169 "-" "Mozilla/5.0 (compatible; YandexBot/3.0; +http://yandex.com/bots)"
173.203.140.221 - - [19/Aug/2011:18:28:00 +0000] "GET /amqp-debug.png HTTP/1.1" 404 169 "-" "-"
207.97.227.254 - - [19/Aug/2011:18:42:16 +0000] "GET /amqp-debug.png HTTP/1.1" 404 169 "-" "-"
207.97.227.233 - - [19/Aug/2011:18:43:15 +0000] "GET /amqp-debug.png HTTP/1.1" 404 169 "-" "-"
207.97.227.234 - - [19/Aug/2011:18:49:17 +0000] "GET /amqp-debug.png HTTP/1.1" 404 169 "-" "-"
207.97.227.234 - - [19/Aug/2011:18:49:59 +0000] "GET /amqp-debug.png HTTP/1.1" 404 169 "-" "-"
207.97.227.234 - - [19/Aug/2011:18:50:21 +0000] "GET /amqp-debug.png HTTP/1.1" 404 169 "-" "-"
207.97.227.234 - - [19/Aug/2011:18:51:10 +0000] "GET /amqp-debug.png HTTP/1.1" 404 169 "-" "-"
38.101.148.126 - - [19/Aug/2011:18:58:53 +0000] "GET /robots.txt HTTP/1.1" 404 148 "-" "Mozilla/5.0 (compatible; discobot/1.1; +http://discoveryengine.com/discobot.html)"
95.108.217.251 - - [19/Aug/2011:20:50:19 +0000] "GET /CV.html HTTP/1.1" 200 5934 "-" "Mozilla/5.0 (compatible; YandexBot/3.0; +http://yandex.com/bots)"
207.97.227.235 - - [19/Aug/2011:21:30:54 +0000] "GET /amqp-debug.png HTTP/1.1" 404 169 "-" "-"
67.195.113.228 - - [19/Aug/2011:22:45:35 +0000] "GET /robots.txt HTTP/1.0" 404 169 "-" "Mozilla/5.0 (compatible; Yahoo! Slurp; http://help.yahoo.com/help/us/ysearch/slurp)"
67.195.113.228 - - [19/Aug/2011:22:45:35 +0000] "GET /img/ HTTP/1.0" 404 169 "-" "Mozilla/5.0 (compatible; Yahoo! Slurp; http://help.yahoo.com/help/us/ysearch/slurp)"
38.101.148.126 - - [20/Aug/2011:01:21:40 +0000] "GET /robots.txt HTTP/1.1" 404 148 "-" "Mozilla/5.0 (compatible; discobot/1.1; +http://discoveryengine.com/discobot.html)"
173.203.140.221 - - [20/Aug/2011:02:22:55 +0000] "GET /amqp-debug.png HTTP/1.1" 404 169 "-" "-"
38.101.148.126 - - [20/Aug/2011:06:38:12 +0000] "GET /robots.txt HTTP/1.1" 404 148 "-" "Mozilla/5.0 (compatible; discobot/1.1; +http://discoveryengine.com/discobot.html)"
38.101.148.126 - - [20/Aug/2011:11:52:21 +0000] "GET /robots.txt HTTP/1.1" 404 148 "-" "Mozilla/5.0 (compatible; discobot/1.1; +http://discoveryengine.com/discobot.html)"
38.101.148.126 - - [20/Aug/2011:17:14:41 +0000] "GET /robots.txt HTTP/1.1" 404 148 "-" "Mozilla/5.0 (compatible; discobot/1.1; +http://discoveryengine.com/discobot.html)"
95.108.217.251 - - [20/Aug/2011:21:36:27 +0000] "GET /robots.txt HTTP/1.1" 404 169 "-" "Mozilla/5.0 (compatible; YandexBot/3.0; +http://yandex.com/bots)"
95.108.217.251 - - [20/Aug/2011:22:24:07 +0000] "GET / HTTP/1.1" 200 353 "-" "Mozilla/5.0 (compatible; YandexBot/3.0; +http://yandex.com/bots)"
38.101.148.126 - - [20/Aug/2011:22:37:29 +0000] "GET /robots.txt HTTP/1.1" 404 148 "-" "Mozilla/5.0 (compatible; discobot/1.1; +http://discoveryengine.com/discobot.html)"
38.101.148.126 - - [21/Aug/2011:03:50:22 +0000] "GET /robots.txt HTTP/1.1" 404 148 "-" "Mozilla/5.0 (compatible; discobot/1.1; +http://discoveryengine.com/discobot.html)"
67.195.113.228 - - [21/Aug/2011:04:51:38 +0000] "GET /robots.txt HTTP/1.0" 404 169 "-" "Mozilla/5.0 (compatible; Yahoo! Slurp; http://help.yahoo.com/help/us/ysearch/slurp)"
67.195.113.228 - - [21/Aug/2011:04:51:39 +0000] "GET /access.log HTTP/1.0" 200 287649 "-" "Mozilla/5.0 (compatible; Yahoo! Slurp; http://help.yahoo.com/help/us/ysearch/slurp)"
38.101.148.126 - - [21/Aug/2011:09:09:10 +0000] "GET /robots.txt HTTP/1.1" 404 148 "-" "Mozilla/5.0 (compatible; discobot/1.1; +http://discoveryengine.com/discobot.html)"
38.101.148.126 - - [21/Aug/2011:14:21:07 +0000] "GET /robots.txt HTTP/1.1" 404 148 "-" "Mozilla/5.0 (compatible; discobot/1.1; +http://discoveryengine.com/discobot.html)"
207.97.227.234 - - [21/Aug/2011:18:20:55 +0000] "GET /amqp-debug.png HTTP/1.1" 404 169 "-" "-"
67.195.113.228 - - [21/Aug/2011:19:07:48 +0000] "GET /robots.txt HTTP/1.0" 404 169 "-" "Mozilla/5.0 (compatible; Yahoo! Slurp; http://help.yahoo.com/help/us/ysearch/slurp)"
67.195.113.228 - - [21/Aug/2011:19:07:49 +0000] "GET /assets/ HTTP/1.0" 200 491 "-" "Mozilla/5.0 (compatible; Yahoo! Slurp; http://help.yahoo.com/help/us/ysearch/slurp)"
38.101.148.126 - - [21/Aug/2011:19:28:44 +0000] "GET /robots.txt HTTP/1.1" 404 148 "-" "Mozilla/5.0 (compatible; discobot/1.1; +http://discoveryengine.com/discobot.html)"
95.108.217.251 - - [21/Aug/2011:19:38:47 +0000] "GET /robots.txt HTTP/1.1" 404 169 "-" "Mozilla/5.0 (compatible; YandexBot/3.0; +http://yandex.com/bots)"
95.108.217.251 - - [21/Aug/2011:20:41:33 +0000] "GET /CV.html HTTP/1.1" 200 5934 "-" "Mozilla/5.0 (compatible; YandexBot/3.0; +http://yandex.com/bots)"
207.97.227.234 - - [21/Aug/2011:21:55:46 +0000] "GET /amqp-debug.png HTTP/1.1" 404 169 "-" "-"
38.101.148.126 - - [22/Aug/2011:00:39:57 +0000] "GET /robots.txt HTTP/1.1" 404 148 "-" "Mozilla/5.0 (compatible; discobot/1.1; +http://discoveryengine.com/discobot.html)"
66.249.72.33 - - [22/Aug/2011:04:24:25 +0000] "GET /robots.txt HTTP/1.1" 404 148 "-" "Mozilla/5.0 (compatible; Googlebot/2.1; +http://www.google.com/bot.html)"
66.249.72.33 - - [22/Aug/2011:04:24:25 +0000] "GET / HTTP/1.1" 200 354 "-" "Mozilla/5.0 (compatible; Googlebot/2.1; +http://www.google.com/bot.html)"
38.101.148.126 - - [22/Aug/2011:06:04:47 +0000] "GET /robots.txt HTTP/1.1" 404 148 "-" "Mozilla/5.0 (compatible; discobot/1.1; +http://discoveryengine.com/discobot.html)"
81.209.177.145 - - [22/Aug/2011:08:57:54 +0000] "GET /robots.txt HTTP/1.1" 404 169 "-" "Python-urllib/2.5"
81.209.177.145 - - [22/Aug/2011:08:57:54 +0000] "GET / HTTP/1.1" 200 881 "-" "netEstate NE Crawler (+http://www.sengine.info/)"
74.125.38.83 - - [22/Aug/2011:10:22:35 +0000] "GET /CV.html HTTP/1.1" 200 5934 "-" "Mozilla/5.0 (X11; Linux x86_64) AppleWebKit/534.24 (KHTML, like Gecko; Google Web Preview) Chrome/11.0.696 Safari/534.24"
74.125.38.85 - - [22/Aug/2011:10:22:35 +0000] "GET /assets/css/all.css HTTP/1.1" 200 190 "http://static.101ideas.cz/CV.html" "Mozilla/5.0 (X11; Linux x86_64) AppleWebKit/534.24 (KHTML, like Gecko; Google Web Preview) Chrome/11.0.696 Safari/534.24"
74.125.38.80 - - [22/Aug/2011:10:22:35 +0000] "GET /assets/css/design.css HTTP/1.1" 200 762 "http://static.101ideas.cz/CV.html" "Mozilla/5.0 (X11; Linux x86_64) AppleWebKit/534.24 (KHTML, like Gecko; Google Web Preview) Chrome/11.0.696 Safari/534.24"
74.125.38.84 - - [22/Aug/2011:10:22:35 +0000] "GET /assets/js/application.js HTTP/1.1" 200 1053 "http://static.101ideas.cz/CV.html" "Mozilla/5.0 (X11; Linux x86_64) AppleWebKit/534.24 (KHTML, like Gecko; Google Web Preview) Chrome/11.0.696 Safari/534.24"
74.125.38.83 - - [22/Aug/2011:10:22:36 +0000] "GET /assets/js/mootools-1.2-core.js HTTP/1.1" 200 66868 "http://static.101ideas.cz/CV.html" "Mozilla/5.0 (X11; Linux x86_64) AppleWebKit/534.24 (KHTML, like Gecko; Google Web Preview) Chrome/11.0.696 Safari/534.24"
74.125.38.80 - - [22/Aug/2011:10:22:36 +0000] "GET /assets/js/mootools-1.2-more.js HTTP/1.1" 200 130450 "http://static.101ideas.cz/CV.html" "Mozilla/5.0 (X11; Linux x86_64) AppleWebKit/534.24 (KHTML, like Gecko; Google Web Preview) Chrome/11.0.696 Safari/534.24"
38.101.148.126 - - [22/Aug/2011:11:15:51 +0000] "GET /robots.txt HTTP/1.1" 404 148 "-" "Mozilla/5.0 (compatible; discobot/1.1; +http://discoveryengine.com/discobot.html)"
38.101.148.126 - - [22/Aug/2011:16:22:46 +0000] "GET /robots.txt HTTP/1.1" 404 148 "-" "Mozilla/5.0 (compatible; discobot/1.1; +http://discoveryengine.com/discobot.html)"
67.195.113.228 - - [22/Aug/2011:21:07:46 +0000] "GET /robots.txt HTTP/1.0" 404 169 "-" "Mozilla/5.0 (compatible; Yahoo! Slurp; http://help.yahoo.com/help/us/ysearch/slurp)"
67.195.113.228 - - [22/Aug/2011:21:07:46 +0000] "GET /CV.html HTTP/1.0" 200 15819 "-" "Mozilla/5.0 (compatible; Yahoo! Slurp; http://help.yahoo.com/help/us/ysearch/slurp)"
67.195.113.228 - - [22/Aug/2011:21:07:49 +0000] "GET /assets/css/all.css HTTP/1.0" 200 190 "http://static.101ideas.cz/CV.html" "Mozilla/5.0 (compatible; Yahoo! Slurp; http://help.yahoo.com/help/us/ysearch/slurp)"
67.195.113.228 - - [22/Aug/2011:21:07:51 +0000] "GET /assets/css/design.css HTTP/1.0" 200 762 "http://static.101ideas.cz/CV.html" "Mozilla/5.0 (compatible; Yahoo! Slurp; http://help.yahoo.com/help/us/ysearch/slurp)"
38.101.148.126 - - [22/Aug/2011:21:51:27 +0000] "GET /robots.txt HTTP/1.1" 404 148 "-" "Mozilla/5.0 (compatible; discobot/1.1; +http://discoveryengine.com/discobot.html)"
38.101.148.126 - - [23/Aug/2011:03:09:40 +0000] "GET /robots.txt HTTP/1.1" 404 148 "-" "Mozilla/5.0 (compatible; discobot/1.1; +http://discoveryengine.com/discobot.html)"
38.101.148.126 - - [23/Aug/2011:08:37:03 +0000] "GET /robots.txt HTTP/1.1" 404 148 "-" "Mozilla/5.0 (compatible; discobot/1.1; +http://discoveryengine.com/discobot.html)"
38.101.148.126 - - [23/Aug/2011:13:41:54 +0000] "GET /robots.txt HTTP/1.1" 404 148 "-" "Mozilla/5.0 (compatible; discobot/1.1; +http://discoveryengine.com/discobot.html)"
38.101.148.126 - - [23/Aug/2011:18:57:10 +0000] "GET /robots.txt HTTP/1.1" 404 148 "-" "Mozilla/5.0 (compatible; discobot/1.1; +http://discoveryengine.com/discobot.html)"
38.101.148.126 - - [24/Aug/2011:00:21:02 +0000] "GET /robots.txt HTTP/1.1" 404 148 "-" "Mozilla/5.0 (compatible; discobot/1.1; +http://discoveryengine.com/discobot.html)"
38.101.148.126 - - [24/Aug/2011:05:50:26 +0000] "GET /robots.txt HTTP/1.1" 404 148 "-" "Mozilla/5.0 (compatible; discobot/1.1; +http://discoveryengine.com/discobot.html)"
38.101.148.126 - - [24/Aug/2011:11:06:18 +0000] "GET /robots.txt HTTP/1.1" 404 148 "-" "Mozilla/5.0 (compatible; discobot/1.1; +http://discoveryengine.com/discobot.html)"
38.101.148.126 - - [24/Aug/2011:16:13:05 +0000] "GET /robots.txt HTTP/1.1" 404 148 "-" "Mozilla/5.0 (compatible; discobot/1.1; +http://discoveryengine.com/discobot.html)"
77.197.25.46 - - [24/Aug/2011:16:13:36 +0000] "GET /CV.html HTTP/1.1" 200 5934 "http://101ideas.cz/about.html" "Mozilla/5.0 (Macintosh; Intel Mac OS X 10.7; rv:8.0a2) Gecko/20110822 Firefox/8.0a2"
77.197.25.46 - - [24/Aug/2011:16:13:36 +0000] "GET /assets/css/all.css HTTP/1.1" 200 190 "http://static.101ideas.cz/CV.html" "Mozilla/5.0 (Macintosh; Intel Mac OS X 10.7; rv:8.0a2) Gecko/20110822 Firefox/8.0a2"
77.197.25.46 - - [24/Aug/2011:16:13:37 +0000] "GET /assets/css/design.css HTTP/1.1" 200 762 "http://static.101ideas.cz/CV.html" "Mozilla/5.0 (Macintosh; Intel Mac OS X 10.7; rv:8.0a2) Gecko/20110822 Firefox/8.0a2"
77.197.25.46 - - [24/Aug/2011:16:13:37 +0000] "GET /assets/js/mootools-1.2-core.js HTTP/1.1" 200 66868 "http://static.101ideas.cz/CV.html" "Mozilla/5.0 (Macintosh; Intel Mac OS X 10.7; rv:8.0a2) Gecko/20110822 Firefox/8.0a2"
77.197.25.46 - - [24/Aug/2011:16:13:37 +0000] "GET /assets/js/application.js HTTP/1.1" 200 1053 "http://static.101ideas.cz/CV.html" "Mozilla/5.0 (Macintosh; Intel Mac OS X 10.7; rv:8.0a2) Gecko/20110822 Firefox/8.0a2"
77.197.25.46 - - [24/Aug/2011:16:13:38 +0000] "GET /assets/js/mootools-1.2-more.js HTTP/1.1" 200 130450 "http://static.101ideas.cz/CV.html" "Mozilla/5.0 (Macintosh; Intel Mac OS X 10.7; rv:8.0a2) Gecko/20110822 Firefox/8.0a2"
77.197.25.46 - - [24/Aug/2011:16:13:39 +0000] "GET /favicon.ico HTTP/1.1" 404 148 "-" "Mozilla/5.0 (Macintosh; Intel Mac OS X 10.7; rv:8.0a2) Gecko/20110822 Firefox/8.0a2"
77.197.25.46 - - [24/Aug/2011:16:13:39 +0000] "GET /favicon.ico HTTP/1.1" 404 148 "-" "Mozilla/5.0 (Macintosh; Intel Mac OS X 10.7; rv:8.0a2) Gecko/20110822 Firefox/8.0a2"
95.108.217.251 - - [24/Aug/2011:20:06:58 +0000] "GET /robots.txt HTTP/1.1" 404 169 "-" "Mozilla/5.0 (compatible; YandexBot/3.0; +http://yandex.com/bots)"
67.195.113.228 - - [24/Aug/2011:21:44:25 +0000] "GET /robots.txt HTTP/1.0" 404 169 "-" "Mozilla/5.0 (compatible; Yahoo! Slurp; http://help.yahoo.com/help/us/ysearch/slurp)"
67.195.113.228 - - [24/Aug/2011:21:44:25 +0000] "GET / HTTP/1.0" 200 869 "-" "Mozilla/5.0 (compatible; Yahoo! Slurp; http://help.yahoo.com/help/us/ysearch/slurp)"
38.101.148.126 - - [24/Aug/2011:21:45:35 +0000] "GET /robots.txt HTTP/1.1" 404 148 "-" "Mozilla/5.0 (compatible; discobot/1.1; +http://discoveryengine.com/discobot.html)"
38.101.148.126 - - [24/Aug/2011:23:03:31 +0000] "GET /Rango.pdf HTTP/1.1" 404 148 "-" "Mozilla/5.0 (compatible; discobot/1.1; +http://discoveryengine.com/discobot.html)"
95.108.217.251 - - [24/Aug/2011:23:25:03 +0000] "GET /CV.html HTTP/1.1" 200 5934 "-" "Mozilla/5.0 (compatible; YandexBot/3.0; +http://yandex.com/bots)"
38.101.148.126 - - [25/Aug/2011:03:19:30 +0000] "GET /robots.txt HTTP/1.1" 404 148 "-" "Mozilla/5.0 (compatible; discobot/1.1; +http://discoveryengine.com/discobot.html)"
76.21.112.154 - - [25/Aug/2011:04:43:54 +0000] "GET /CV.html HTTP/1.1" 200 5934 "http://101ideas.cz/about.html" "Mozilla/5.0 (X11; Linux x86_64) AppleWebKit/535.1 (KHTML, like Gecko) Chrome/13.0.782.215 Safari/535.1"
76.21.112.154 - - [25/Aug/2011:04:43:55 +0000] "GET /assets/css/all.css HTTP/1.1" 200 190 "http://static.101ideas.cz/CV.html" "Mozilla/5.0 (X11; Linux x86_64) AppleWebKit/535.1 (KHTML, like Gecko) Chrome/13.0.782.215 Safari/535.1"
76.21.112.154 - - [25/Aug/2011:04:43:55 +0000] "GET /assets/css/design.css HTTP/1.1" 200 762 "http://static.101ideas.cz/CV.html" "Mozilla/5.0 (X11; Linux x86_64) AppleWebKit/535.1 (KHTML, like Gecko) Chrome/13.0.782.215 Safari/535.1"
76.21.112.154 - - [25/Aug/2011:04:43:55 +0000] "GET /assets/js/application.js HTTP/1.1" 200 1053 "http://static.101ideas.cz/CV.html" "Mozilla/5.0 (X11; Linux x86_64) AppleWebKit/535.1 (KHTML, like Gecko) Chrome/13.0.782.215 Safari/535.1"
76.21.112.154 - - [25/Aug/2011:04:44:11 +0000] "GET /assets/js/mootools-1.2-core.js HTTP/1.1" 200 66868 "http://static.101ideas.cz/CV.html" "Mozilla/5.0 (X11; Linux x86_64) AppleWebKit/535.1 (KHTML, like Gecko) Chrome/13.0.782.215 Safari/535.1"
76.21.112.154 - - [25/Aug/2011:04:44:17 +0000] "GET /assets/js/mootools-1.2-more.js HTTP/1.1" 200 130450 "http://static.101ideas.cz/CV.html" "Mozilla/5.0 (X11; Linux x86_64) AppleWebKit/535.1 (KHTML, like Gecko) Chrome/13.0.782.215 Safari/535.1"
76.21.112.154 - - [25/Aug/2011:04:44:17 +0000] "GET /favicon.ico HTTP/1.1" 404 148 "-" "Mozilla/5.0 (X11; Linux x86_64) AppleWebKit/535.1 (KHTML, like Gecko) Chrome/13.0.782.215 Safari/535.1"
38.101.148.126 - - [25/Aug/2011:07:59:10 +0000] "GET /robots.txt HTTP/1.1" 404 148 "-" "Mozilla/5.0 (compatible; discobot/1.1; +http://discoveryengine.com/discobot.html)"
207.97.227.233 - - [25/Aug/2011:09:08:04 +0000] "GET /amqp-debug.png HTTP/1.1" 404 169 "-" "-"
204.236.222.138 - - [25/Aug/2011:09:26:59 +0000] "GET / HTTP/1.0" 200 869 "-" "Mozilla/5.0 (compatible; NetcraftSurveyAgent/1.0; +info@netcraft.com)"
38.101.148.126 - - [25/Aug/2011:12:40:08 +0000] "GET /robots.txt HTTP/1.1" 404 148 "-" "Mozilla/5.0 (compatible; discobot/1.1; +http://discoveryengine.com/discobot.html)"
94.31.34.10 - - [25/Aug/2011:13:25:05 +0000] "GET /CV.html HTTP/1.1" 200 5934 "http://www.facebook.com/l.php?u=http%3A%2F%2Fstatic.101ideas.cz%2FCV.html&h=jAQC1VUuQ" "Mozilla/5.0 (Macintosh; Intel Mac OS X 10_6_8) AppleWebKit/535.1 (KHTML, like Gecko) Chrome/13.0.782.215 Safari/535.1"
