74.125.114.85 - - [18/Jul/2011:13:30:13 +0000] "GET /CV.html HTTP/1.1" 200 5934 "-" "Feedfetcher-Google; (+http://www.google.com/feedfetcher.html; feed-id=330981569284202033)"
66.249.66.33 - - [18/Jul/2011:13:54:30 +0000] "GET /assets/js/ HTTP/1.1" 200 264 "-" "Mozilla/5.0 (compatible; Googlebot/2.1; +http://www.google.com/bot.html)"
207.97.227.254 - - [18/Jul/2011:14:40:23 +0000] "GET /amqp-debug.png HTTP/1.1" 404 169 "-" "-"
207.97.227.242 - - [18/Jul/2011:15:04:29 +0000] "GET /amqp-debug.png HTTP/1.1" 404 169 "-" "-"
74.125.114.82 - - [18/Jul/2011:15:16:03 +0000] "GET /CV.html HTTP/1.1" 200 5934 "-" "Feedfetcher-Google; (+http://www.google.com/feedfetcher.html; feed-id=330981569284202033)"
74.125.16.68 - - [18/Jul/2011:17:15:15 +0000] "GET /CV.html HTTP/1.1" 200 5934 "-" "Feedfetcher-Google; (+http://www.google.com/feedfetcher.html; feed-id=330981569284202033)"
207.97.227.234 - - [18/Jul/2011:18:30:16 +0000] "GET /amqp-debug.png HTTP/1.1" 404 169 "-" "-"
173.203.140.221 - - [18/Jul/2011:19:36:07 +0000] "GET /amqp-debug.png HTTP/1.1" 404 169 "-" "-"
95.108.217.251 - - [18/Jul/2011:21:28:54 +0000] "GET /robots.txt HTTP/1.1" 404 169 "-" "Mozilla/5.0 (compatible; YandexBot/3.0; +http://yandex.com/bots)"
74.125.16.68 - - [18/Jul/2011:21:53:02 +0000] "GET /CV.html HTTP/1.1" 200 5934 "-" "Feedfetcher-Google; (+http://www.google.com/feedfetcher.html; feed-id=330981569284202033)"
95.108.217.251 - - [19/Jul/2011:02:11:22 +0000] "GET /parts/contact-informations.html HTTP/1.1" 200 197 "-" "Mozilla/5.0 (compatible; YandexBot/3.0; +http://yandex.com/bots)"
95.108.217.251 - - [19/Jul/2011:02:11:25 +0000] "GET /parts/1_contact-informations.html.haml.html HTTP/1.1" 200 197 "-" "Mozilla/5.0 (compatible; YandexBot/3.0; +http://yandex.com/bots)"
95.108.217.251 - - [19/Jul/2011:05:21:36 +0000] "GET /parts/my-contributions-to-well-known-oss-projects.html HTTP/1.1" 200 1265 "-" "Mozilla/5.0 (compatible; YandexBot/3.0; +http://yandex.com/bots)"
74.125.114.81 - - [19/Jul/2011:08:02:37 +0000] "GET /CV.html HTTP/1.1" 200 5934 "-" "Feedfetcher-Google; (+http://www.google.com/feedfetcher.html; feed-id=330981569284202033)"
95.108.217.251 - - [19/Jul/2011:08:36:03 +0000] "GET /parts/4_my-contributions-to-well-known-oss-projects.html.haml.html HTTP/1.1" 200 1265 "-" "Mozilla/5.0 (compatible; YandexBot/3.0; +http://yandex.com/bots)"
209.85.226.87 - - [19/Jul/2011:09:43:34 +0000] "GET /CV.html HTTP/1.1" 200 5934 "-" "Feedfetcher-Google; (+http://www.google.com/feedfetcher.html; feed-id=330981569284202033)"
74.125.94.88 - - [19/Jul/2011:11:34:57 +0000] "GET /CV.html HTTP/1.1" 200 5934 "-" "Feedfetcher-Google; (+http://www.google.com/feedfetcher.html; feed-id=330981569284202033)"
74.125.94.83 - - [19/Jul/2011:11:34:57 +0000] "GET /CV.html HTTP/1.1" 200 5934 "-" "Feedfetcher-Google; (+http://www.google.com/feedfetcher.html; feed-id=330981569284202033)"
74.125.16.68 - - [19/Jul/2011:12:40:27 +0000] "GET /CV.html HTTP/1.1" 200 5934 "-" "Feedfetcher-Google; (+http://www.google.com/feedfetcher.html; feed-id=330981569284202033)"
88.111.32.71 - - [19/Jul/2011:13:04:57 +0000] "GET /CV.html HTTP/1.1" 200 5934 "-" "Mozilla/5.0 (Windows NT 5.1) AppleWebKit/534.30 (KHTML, like Gecko) Chrome/12.0.742.112 Safari/534.30"
88.111.32.71 - - [19/Jul/2011:13:04:57 +0000] "GET /assets/css/all.css HTTP/1.1" 200 190 "http://static.101ideas.cz/CV.html" "Mozilla/5.0 (Windows NT 5.1) AppleWebKit/534.30 (KHTML, like Gecko) Chrome/12.0.742.112 Safari/534.30"
88.111.32.71 - - [19/Jul/2011:13:04:57 +0000] "GET /assets/css/design.css HTTP/1.1" 200 762 "http://static.101ideas.cz/CV.html" "Mozilla/5.0 (Windows NT 5.1) AppleWebKit/534.30 (KHTML, like Gecko) Chrome/12.0.742.112 Safari/534.30"
88.111.32.71 - - [19/Jul/2011:13:04:57 +0000] "GET /assets/js/application.js HTTP/1.1" 200 1053 "http://static.101ideas.cz/CV.html" "Mozilla/5.0 (Windows NT 5.1) AppleWebKit/534.30 (KHTML, like Gecko) Chrome/12.0.742.112 Safari/534.30"
88.111.32.71 - - [19/Jul/2011:13:04:58 +0000] "GET /assets/js/mootools-1.2-core.js HTTP/1.1" 200 66868 "http://static.101ideas.cz/CV.html" "Mozilla/5.0 (Windows NT 5.1) AppleWebKit/534.30 (KHTML, like Gecko) Chrome/12.0.742.112 Safari/534.30"
88.111.32.71 - - [19/Jul/2011:13:04:58 +0000] "GET /assets/js/mootools-1.2-more.js HTTP/1.1" 200 130450 "http://static.101ideas.cz/CV.html" "Mozilla/5.0 (Windows NT 5.1) AppleWebKit/534.30 (KHTML, like Gecko) Chrome/12.0.742.112 Safari/534.30"
88.111.32.71 - - [19/Jul/2011:13:04:58 +0000] "GET /favicon.ico HTTP/1.1" 404 148 "-" "Mozilla/5.0 (Windows NT 5.1) AppleWebKit/534.30 (KHTML, like Gecko) Chrome/12.0.742.112 Safari/534.30"
209.85.228.87 - - [19/Jul/2011:13:28:42 +0000] "GET /CV.html HTTP/1.1" 200 5934 "-" "Feedfetcher-Google; (+http://www.google.com/feedfetcher.html; feed-id=330981569284202033)"
207.97.227.236 - - [19/Jul/2011:14:24:49 +0000] "GET /amqp-debug.png HTTP/1.1" 404 169 "-" "-"
217.70.192.250 - - [19/Jul/2011:14:25:19 +0000] "GET /amqp-debug.png HTTP/1.1" 404 148 "http://rdoc.info/github/ruby-amqp/amq-protocol/master/file/README.textile" "Mozilla/5.0 (Macintosh; Intel Mac OS X 10.6; rv:5.0.1) Gecko/20100101 Firefox/5.0.1"
217.70.192.250 - - [19/Jul/2011:14:25:20 +0000] "GET /amqp-debug.png HTTP/1.1" 404 148 "http://rdoc.info/github/ruby-amqp/amq-protocol/master/file/README.textile" "Mozilla/5.0 (Macintosh; Intel Mac OS X 10.6; rv:5.0.1) Gecko/20100101 Firefox/5.0.1"
209.85.228.82 - - [19/Jul/2011:14:34:04 +0000] "GET /CV.html HTTP/1.1" 200 5934 "-" "Feedfetcher-Google; (+http://www.google.com/feedfetcher.html; feed-id=330981569284202033)"
74.125.16.68 - - [19/Jul/2011:15:30:57 +0000] "GET /CV.html HTTP/1.1" 200 5934 "-" "Feedfetcher-Google; (+http://www.google.com/feedfetcher.html; feed-id=330981569284202033)"
173.203.140.220 - - [19/Jul/2011:19:53:55 +0000] "GET /amqp-debug.png HTTP/1.1" 404 169 "-" "-"
173.203.140.221 - - [19/Jul/2011:22:27:35 +0000] "GET /amqp-debug.png HTTP/1.1" 404 169 "-" "-"
74.125.112.84 - - [20/Jul/2011:07:28:41 +0000] "GET /CV.html HTTP/1.1" 200 5934 "-" "Feedfetcher-Google; (+http://www.google.com/feedfetcher.html; feed-id=330981569284202033)"
66.249.66.33 - - [20/Jul/2011:08:21:07 +0000] "GET /robots.txt HTTP/1.1" 404 148 "-" "Mozilla/5.0 (compatible; Googlebot/2.1; +http://www.google.com/bot.html)"
66.249.66.33 - - [20/Jul/2011:08:21:08 +0000] "GET /access.log HTTP/1.1" 200 155903 "-" "Mozilla/5.0 (compatible; Googlebot/2.1; +http://www.google.com/bot.html)"
209.85.228.82 - - [20/Jul/2011:09:57:49 +0000] "GET /CV.html HTTP/1.1" 200 5934 "-" "Feedfetcher-Google; (+http://www.google.com/feedfetcher.html; feed-id=330981569284202033)"
67.195.113.228 - - [20/Jul/2011:10:05:07 +0000] "GET /robots.txt HTTP/1.0" 404 169 "-" "Mozilla/5.0 (compatible; Yahoo! Slurp; http://help.yahoo.com/help/us/ysearch/slurp)"
67.195.113.228 - - [20/Jul/2011:10:05:08 +0000] "GET /CV.html HTTP/1.0" 200 15819 "-" "Mozilla/5.0 (compatible; Yahoo! Slurp; http://help.yahoo.com/help/us/ysearch/slurp)"
67.195.113.228 - - [20/Jul/2011:10:05:09 +0000] "GET /assets/css/all.css HTTP/1.0" 200 190 "http://static.101ideas.cz/CV.html" "Mozilla/5.0 (compatible; Yahoo! Slurp; http://help.yahoo.com/help/us/ysearch/slurp)"
67.195.113.228 - - [20/Jul/2011:10:05:11 +0000] "GET /assets/css/design.css HTTP/1.0" 200 762 "http://static.101ideas.cz/CV.html" "Mozilla/5.0 (compatible; Yahoo! Slurp; http://help.yahoo.com/help/us/ysearch/slurp)"
74.125.16.68 - - [20/Jul/2011:10:22:08 +0000] "GET /CV.html HTTP/1.1" 200 5934 "-" "Feedfetcher-Google; (+http://www.google.com/feedfetcher.html; feed-id=330981569284202033)"
74.125.114.87 - - [20/Jul/2011:10:58:16 +0000] "GET /CV.html HTTP/1.1" 200 5934 "-" "Feedfetcher-Google; (+http://www.google.com/feedfetcher.html; feed-id=330981569284202033)"
207.97.227.234 - - [20/Jul/2011:11:00:54 +0000] "GET /amqp-debug.png HTTP/1.1" 404 169 "-" "-"
74.125.16.68 - - [20/Jul/2011:11:09:23 +0000] "GET /CV.html HTTP/1.1" 200 5934 "-" "Feedfetcher-Google; (+http://www.google.com/feedfetcher.html; feed-id=330981569284202033)"
173.203.140.221 - - [20/Jul/2011:11:09:50 +0000] "GET /amqp-debug.png HTTP/1.1" 404 169 "-" "-"
80.40.134.120 - - [20/Jul/2011:12:20:15 +0000] "GET /assets/js/application.js HTTP/1.0" 200 1053 "http://static.101ideas.cz/assets/js/application.js" "Mozilla/4.0 (compatible; MSIE 8.0; Windows NT 5.1; Trident/4.0; .NET CLR 2.0.50727; .NET CLR 3.0.04506.648; .NET CLR 3.5.21022; .NET CLR 3.0.4506.2152; .NET CLR 3.5.30729; InfoPath.2)"
80.40.134.120 - - [20/Jul/2011:12:20:36 +0000] "GET /robots.txt HTTP/1.0" 404 529 "http://static.101ideas.cz/robots.txt" "Mozilla/4.0 (compatible; MSIE 8.0; Windows NT 5.1; Trident/4.0; .NET CLR 2.0.50727; .NET CLR 3.0.04506.648; .NET CLR 3.5.21022; .NET CLR 3.0.4506.2152; .NET CLR 3.5.30729; InfoPath.2)"
80.40.134.120 - - [20/Jul/2011:12:20:36 +0000] "GET /assets/js/mootools-1.2-more.js HTTP/1.0" 200 130450 "http://static.101ideas.cz/assets/js/mootools-1.2-more.js" "Mozilla/4.0 (compatible; MSIE 8.0; Windows NT 5.1; Trident/4.0; .NET CLR 2.0.50727; .NET CLR 3.0.04506.648; .NET CLR 3.5.21022; .NET CLR 3.0.4506.2152; .NET CLR 3.5.30729; InfoPath.2)"
80.40.134.120 - - [20/Jul/2011:12:20:37 +0000] "GET /CV.html HTTP/1.0" 200 15819 "http://static.101ideas.cz/CV.html" "Mozilla/4.0 (compatible; MSIE 8.0; Windows NT 5.1; Trident/4.0; .NET CLR 2.0.50727; .NET CLR 3.0.04506.648; .NET CLR 3.5.21022; .NET CLR 3.0.4506.2152; .NET CLR 3.5.30729; InfoPath.2)"
80.40.134.120 - - [20/Jul/2011:12:22:10 +0000] "GET /assets/js/mootools-1.2-core.js HTTP/1.0" 200 66868 "http://static.101ideas.cz/assets/js/mootools-1.2-core.js" "Mozilla/4.0 (compatible; MSIE 8.0; Windows NT 5.1; Trident/4.0; .NET CLR 2.0.50727; .NET CLR 3.0.04506.648; .NET CLR 3.5.21022; .NET CLR 3.0.4506.2152; .NET CLR 3.5.30729; InfoPath.2)"
80.40.134.120 - - [20/Jul/2011:12:22:51 +0000] "GET /assets/js/mootools-1.2-core.js HTTP/1.0" 200 66868 "http://static.101ideas.cz/assets/js/mootools-1.2-core.js" "Mozilla/4.0 (compatible; MSIE 8.0; Windows NT 5.1; Trident/4.0; .NET CLR 2.0.50727; .NET CLR 3.0.04506.648; .NET CLR 3.5.21022; .NET CLR 3.0.4506.2152; .NET CLR 3.5.30729; InfoPath.2)"
74.125.16.68 - - [20/Jul/2011:17:17:32 +0000] "GET /CV.html HTTP/1.1" 200 5934 "-" "Feedfetcher-Google; (+http://www.google.com/feedfetcher.html; feed-id=330981569284202033)"
74.125.16.68 - - [20/Jul/2011:18:41:50 +0000] "GET /CV.html HTTP/1.1" 200 5934 "-" "Feedfetcher-Google; (+http://www.google.com/feedfetcher.html; feed-id=330981569284202033)"
207.97.227.234 - - [20/Jul/2011:19:57:24 +0000] "GET /amqp-debug.png HTTP/1.1" 404 169 "-" "-"
173.203.140.220 - - [20/Jul/2011:20:26:51 +0000] "GET /amqp-debug.png HTTP/1.1" 404 169 "-" "-"
207.97.227.235 - - [20/Jul/2011:20:41:12 +0000] "GET /amqp-debug.png HTTP/1.1" 404 169 "-" "-"
74.125.114.82 - - [21/Jul/2011:07:26:05 +0000] "GET /CV.html HTTP/1.1" 200 5934 "-" "Feedfetcher-Google; (+http://www.google.com/feedfetcher.html; feed-id=330981569284202033)"
209.85.224.86 - - [21/Jul/2011:11:30:08 +0000] "GET /CV.html HTTP/1.1" 200 5934 "-" "Feedfetcher-Google; (+http://www.google.com/feedfetcher.html; feed-id=330981569284202033)"
207.97.227.233 - - [21/Jul/2011:12:07:54 +0000] "GET /amqp-debug.png HTTP/1.1" 404 169 "-" "-"
205.237.71.194 - - [21/Jul/2011:12:08:55 +0000] "GET /amqp-debug.png HTTP/1.1" 404 148 "http://rdoc.info/github/ruby-amqp/amq-protocol/master/file/README.textile" "Mozilla/5.0 (X11; Linux x86_64) AppleWebKit/534.30 (KHTML, like Gecko) Chrome/12.0.742.100 Safari/534.30"
74.125.16.68 - - [21/Jul/2011:15:09:50 +0000] "GET /CV.html HTTP/1.1" 200 5934 "-" "Feedfetcher-Google; (+http://www.google.com/feedfetcher.html; feed-id=330981569284202033)"
174.0.98.119 - - [21/Jul/2011:15:53:53 +0000] "GET /amqp-debug.png HTTP/1.1" 404 148 "http://rdoc.info/github/ruby-amqp/amq-protocol/master/file/README.textile" "Mozilla/5.0 (X11; U; Linux x86_64; en-CA; rv:1.9.2.18) Gecko/20110628 Ubuntu/10.10 (maverick) Firefox/3.6.18"
207.97.227.234 - - [21/Jul/2011:15:53:57 +0000] "GET /amqp-debug.png HTTP/1.1" 404 169 "-" "-"
174.0.98.119 - - [21/Jul/2011:15:54:01 +0000] "GET /amqp-debug.png HTTP/1.1" 404 148 "http://rdoc.info/github/ruby-amqp/amq-protocol/master/file/README.textile" "Mozilla/5.0 (X11; U; Linux x86_64; en-CA; rv:1.9.2.18) Gecko/20110628 Ubuntu/10.10 (maverick) Firefox/3.6.18"
74.125.16.68 - - [21/Jul/2011:17:26:44 +0000] "GET /CV.html HTTP/1.1" 200 5934 "-" "Feedfetcher-Google; (+http://www.google.com/feedfetcher.html; feed-id=330981569284202033)"
74.125.16.68 - - [21/Jul/2011:18:51:22 +0000] "GET /CV.html HTTP/1.1" 200 5934 "-" "Feedfetcher-Google; (+http://www.google.com/feedfetcher.html; feed-id=330981569284202033)"
213.226.213.211 - - [21/Jul/2011:20:08:49 +0000] "GET /CV.html HTTP/1.1" 200 5934 "http://www.linkedin.com/profile/view?id=18790121&authType=name&authToken=tuzo&goback=%2Enmp_*1_*1_*1_*1_*1_*1&trk=NUS_PREC-recomdee" "Mozilla/5.0 (Macintosh; Intel Mac OS X 10_6_8) AppleWebKit/534.24 (KHTML, like Gecko) RockMelt/0.9.58.494 Chrome/11.0.696.71 Safari/534.24"
213.226.213.211 - - [21/Jul/2011:20:08:49 +0000] "GET /assets/css/all.css HTTP/1.1" 200 190 "http://static.101ideas.cz/CV.html" "Mozilla/5.0 (Macintosh; Intel Mac OS X 10_6_8) AppleWebKit/534.24 (KHTML, like Gecko) RockMelt/0.9.58.494 Chrome/11.0.696.71 Safari/534.24"
213.226.213.211 - - [21/Jul/2011:20:08:49 +0000] "GET /assets/css/design.css HTTP/1.1" 200 762 "http://static.101ideas.cz/CV.html" "Mozilla/5.0 (Macintosh; Intel Mac OS X 10_6_8) AppleWebKit/534.24 (KHTML, like Gecko) RockMelt/0.9.58.494 Chrome/11.0.696.71 Safari/534.24"
213.226.213.211 - - [21/Jul/2011:20:08:50 +0000] "GET /assets/js/application.js HTTP/1.1" 200 1053 "http://static.101ideas.cz/CV.html" "Mozilla/5.0 (Macintosh; Intel Mac OS X 10_6_8) AppleWebKit/534.24 (KHTML, like Gecko) RockMelt/0.9.58.494 Chrome/11.0.696.71 Safari/534.24"
213.226.213.211 - - [21/Jul/2011:20:08:50 +0000] "GET /assets/js/mootools-1.2-core.js HTTP/1.1" 200 66868 "http://static.101ideas.cz/CV.html" "Mozilla/5.0 (Macintosh; Intel Mac OS X 10_6_8) AppleWebKit/534.24 (KHTML, like Gecko) RockMelt/0.9.58.494 Chrome/11.0.696.71 Safari/534.24"
213.226.213.211 - - [21/Jul/2011:20:08:50 +0000] "GET /assets/js/mootools-1.2-more.js HTTP/1.1" 200 130450 "http://static.101ideas.cz/CV.html" "Mozilla/5.0 (Macintosh; Intel Mac OS X 10_6_8) AppleWebKit/534.24 (KHTML, like Gecko) RockMelt/0.9.58.494 Chrome/11.0.696.71 Safari/534.24"
213.226.213.211 - - [21/Jul/2011:20:08:50 +0000] "GET /favicon.ico HTTP/1.1" 404 148 "-" "Mozilla/5.0 (Macintosh; Intel Mac OS X 10_6_8) AppleWebKit/534.24 (KHTML, like Gecko) RockMelt/0.9.58.494 Chrome/11.0.696.71 Safari/534.24"
207.97.227.242 - - [21/Jul/2011:20:19:01 +0000] "GET /amqp-debug.png HTTP/1.1" 404 169 "-" "-"
74.125.16.68 - - [21/Jul/2011:21:24:49 +0000] "GET /CV.html HTTP/1.1" 200 5934 "-" "Feedfetcher-Google; (+http://www.google.com/feedfetcher.html; feed-id=330981569284202033)"
74.125.16.68 - - [21/Jul/2011:23:48:28 +0000] "GET /CV.html HTTP/1.1" 200 5934 "-" "Feedfetcher-Google; (+http://www.google.com/feedfetcher.html; feed-id=330981569284202033)"
95.108.217.251 - - [22/Jul/2011:02:01:30 +0000] "GET /robots.txt HTTP/1.1" 404 169 "-" "Mozilla/5.0 (compatible; YandexBot/3.0; +http://yandex.com/bots)"
66.249.72.193 - - [22/Jul/2011:03:30:39 +0000] "GET /robots.txt HTTP/1.1" 404 148 "-" "Mozilla/5.0 (compatible; Googlebot/2.1; +http://www.google.com/bot.html)"
66.249.66.83 - - [22/Jul/2011:03:30:39 +0000] "GET / HTTP/1.1" 200 349 "-" "Mozilla/5.0 (compatible; Googlebot/2.1; +http://www.google.com/bot.html)"
173.203.140.220 - - [22/Jul/2011:07:36:11 +0000] "GET /amqp-debug.png HTTP/1.1" 404 169 "-" "-"
89.202.219.50 - - [22/Jul/2011:09:17:11 +0000] "GET /CV.html HTTP/1.1" 200 5934 "-" "Mozilla/4.0 (compatible; MSIE 8.0; Windows NT 5.2; Trident/4.0; .NET CLR 1.1.4322; .NET CLR 2.0.50727; .NET CLR 3.0.4506.2152; .NET CLR 3.5.30729; MS-RTC LM 8; .NET4.0C; .NET4.0E)"
89.202.219.50 - - [22/Jul/2011:09:17:11 +0000] "GET /assets/css/all.css HTTP/1.1" 200 190 "http://static.101ideas.cz/CV.html" "Mozilla/4.0 (compatible; MSIE 8.0; Windows NT 5.2; Trident/4.0; .NET CLR 1.1.4322; .NET CLR 2.0.50727; .NET CLR 3.0.4506.2152; .NET CLR 3.5.30729; MS-RTC LM 8; .NET4.0C; .NET4.0E)"
89.202.219.50 - - [22/Jul/2011:09:17:11 +0000] "GET /assets/css/design.css HTTP/1.1" 200 762 "http://static.101ideas.cz/CV.html" "Mozilla/4.0 (compatible; MSIE 8.0; Windows NT 5.2; Trident/4.0; .NET CLR 1.1.4322; .NET CLR 2.0.50727; .NET CLR 3.0.4506.2152; .NET CLR 3.5.30729; MS-RTC LM 8; .NET4.0C; .NET4.0E)"
89.202.219.50 - - [22/Jul/2011:09:17:11 +0000] "GET /assets/js/mootools-1.2-core.js HTTP/1.1" 200 66868 "http://static.101ideas.cz/CV.html" "Mozilla/4.0 (compatible; MSIE 8.0; Windows NT 5.2; Trident/4.0; .NET CLR 1.1.4322; .NET CLR 2.0.50727; .NET CLR 3.0.4506.2152; .NET CLR 3.5.30729; MS-RTC LM 8; .NET4.0C; .NET4.0E)"
89.202.219.50 - - [22/Jul/2011:09:17:12 +0000] "GET /assets/js/mootools-1.2-more.js HTTP/1.1" 200 130450 "http://static.101ideas.cz/CV.html" "Mozilla/4.0 (compatible; MSIE 8.0; Windows NT 5.2; Trident/4.0; .NET CLR 1.1.4322; .NET CLR 2.0.50727; .NET CLR 3.0.4506.2152; .NET CLR 3.5.30729; MS-RTC LM 8; .NET4.0C; .NET4.0E)"
89.202.219.50 - - [22/Jul/2011:09:17:12 +0000] "GET /assets/js/application.js HTTP/1.1" 200 1053 "http://static.101ideas.cz/CV.html" "Mozilla/4.0 (compatible; MSIE 8.0; Windows NT 5.2; Trident/4.0; .NET CLR 1.1.4322; .NET CLR 2.0.50727; .NET CLR 3.0.4506.2152; .NET CLR 3.5.30729; MS-RTC LM 8; .NET4.0C; .NET4.0E)"
89.202.219.50 - - [22/Jul/2011:09:17:12 +0000] "GET /favicon.ico HTTP/1.1" 404 203 "-" "Mozilla/4.0 (compatible; MSIE 8.0; Windows NT 5.2; Trident/4.0; .NET CLR 1.1.4322; .NET CLR 2.0.50727; .NET CLR 3.0.4506.2152; .NET CLR 3.5.30729; MS-RTC LM 8; .NET4.0C; .NET4.0E)"
209.85.224.86 - - [22/Jul/2011:09:20:47 +0000] "GET /CV.html HTTP/1.1" 200 5934 "-" "Feedfetcher-Google; (+http://www.google.com/feedfetcher.html; feed-id=330981569284202033)"
74.125.16.68 - - [22/Jul/2011:09:42:27 +0000] "GET /CV.html HTTP/1.1" 200 5934 "-" "Feedfetcher-Google; (+http://www.google.com/feedfetcher.html; feed-id=330981569284202033)"
95.108.217.251 - - [22/Jul/2011:09:51:46 +0000] "GET /parts/ HTTP/1.1" 200 420 "-" "Mozilla/5.0 (compatible; YandexBot/3.0; +http://yandex.com/bots)"
67.195.113.228 - - [22/Jul/2011:09:53:06 +0000] "GET /robots.txt HTTP/1.0" 404 169 "-" "Mozilla/5.0 (compatible; Yahoo! Slurp; http://help.yahoo.com/help/us/ysearch/slurp)"
67.195.113.228 - - [22/Jul/2011:09:53:07 +0000] "GET /parts/my-contributions-to-well-known-oss-projects.html HTTP/1.0" 200 2392 "-" "Mozilla/5.0 (compatible; Yahoo! Slurp; http://help.yahoo.com/help/us/ysearch/slurp)"
207.97.227.242 - - [22/Jul/2011:10:57:38 +0000] "GET /amqp-debug.png HTTP/1.1" 404 169 "-" "-"
72.14.212.82 - - [22/Jul/2011:12:11:35 +0000] "GET /CV.html HTTP/1.1" 200 5934 "-" "Feedfetcher-Google; (+http://www.google.com/feedfetcher.html; feed-id=330981569284202033)"
38.101.148.126 - - [22/Jul/2011:12:49:52 +0000] "GET /robots.txt HTTP/1.1" 404 148 "-" "Mozilla/5.0 (compatible; discobot/1.1; +http://discoveryengine.com/discobot.html)"
74.125.16.68 - - [22/Jul/2011:13:01:35 +0000] "GET /CV.html HTTP/1.1" 200 5934 "-" "Feedfetcher-Google; (+http://www.google.com/feedfetcher.html; feed-id=330981569284202033)"
90.183.39.17 - - [22/Jul/2011:13:12:27 +0000] "GET /robots.txt HTTP/1.1" 404 169 "-" "holmes/3.12.4 (http://morfeo.centrum.cz/bot)"
72.14.212.82 - - [22/Jul/2011:13:55:20 +0000] "GET /CV.html HTTP/1.1" 200 5934 "-" "Feedfetcher-Google; (+http://www.google.com/feedfetcher.html; feed-id=330981569284202033)"
74.125.126.80 - - [22/Jul/2011:14:13:28 +0000] "GET /CV.html HTTP/1.1" 200 5934 "-" "Feedfetcher-Google; (+http://www.google.com/feedfetcher.html; feed-id=330981569284202033)"
87.194.2.117 - - [22/Jul/2011:15:14:32 +0000] "GET /sitemap.xml HTTP/1.1" 404 148 "-" "Mozilla/5.0 (Windows; U; Windows NT 6.0; en-GB; rv:1.9.2.18) Gecko/20110614 Firefox/3.6.18 (.NET CLR 3.5.30729)"
207.97.227.254 - - [22/Jul/2011:18:44:54 +0000] "GET /amqp-debug.png HTTP/1.1" 404 169 "-" "-"
67.195.113.228 - - [23/Jul/2011:00:38:36 +0000] "GET /robots.txt HTTP/1.0" 404 169 "-" "Mozilla/5.0 (compatible; Yahoo! Slurp; http://help.yahoo.com/help/us/ysearch/slurp)"
67.195.113.228 - - [23/Jul/2011:00:38:36 +0000] "GET /parts/ HTTP/1.0" 200 1526 "-" "Mozilla/5.0 (compatible; Yahoo! Slurp; http://help.yahoo.com/help/us/ysearch/slurp)"
173.203.140.221 - - [23/Jul/2011:07:14:43 +0000] "GET /amqp-debug.png HTTP/1.1" 404 169 "-" "-"
67.195.113.228 - - [23/Jul/2011:20:15:50 +0000] "GET /robots.txt HTTP/1.0" 404 169 "-" "Mozilla/5.0 (compatible; Yahoo! Slurp; http://help.yahoo.com/help/us/ysearch/slurp)"
67.195.113.228 - - [23/Jul/2011:20:15:50 +0000] "GET /parts/my-own-oss-projects.html HTTP/1.0" 200 1555 "-" "Mozilla/5.0 (compatible; Yahoo! Slurp; http://help.yahoo.com/help/us/ysearch/slurp)"
74.125.16.68 - - [23/Jul/2011:22:30:06 +0000] "GET /CV.html HTTP/1.1" 200 5934 "-" "Feedfetcher-Google; (+http://www.google.com/feedfetcher.html; feed-id=330981569284202033)"
207.97.227.234 - - [24/Jul/2011:01:26:52 +0000] "GET /amqp-debug.png HTTP/1.1" 404 169 "-" "-"
71.199.7.237 - - [24/Jul/2011:01:27:16 +0000] "GET /amqp-debug.png HTTP/1.1" 404 148 "http://rdoc.info/github/ruby-amqp/amq-protocol/master/file/README.textile" "Mozilla/5.0 (Windows NT 6.1; WOW64) AppleWebKit/535.1 (KHTML, like Gecko) Chrome/13.0.782.99 Safari/535.1"
65.52.110.143 - - [24/Jul/2011:06:16:22 +0000] "GET /robots.txt HTTP/1.1" 404 169 "-" "Mozilla/5.0 (compatible; bingbot/2.0; +http://www.bing.com/bingbot.htm)"
65.52.110.143 - - [24/Jul/2011:06:17:03 +0000] "GET /CV.html HTTP/1.1" 304 0 "-" "Mozilla/5.0 (compatible; bingbot/2.0; +http://www.bing.com/bingbot.htm)"
213.184.224.42 - - [24/Jul/2011:08:02:54 +0000] "GET /amqp-debug.png HTTP/1.1" 404 148 "http://rubydoc.info/gems/amq-protocol/0.8.0/file/README.textile" "Mozilla/5.0 (Macintosh; Intel Mac OS X 10_7) AppleWebKit/534.48.3 (KHTML, like Gecko) Version/5.1 Safari/534.48.3"
207.97.227.234 - - [24/Jul/2011:08:08:10 +0000] "GET /amqp-debug.png HTTP/1.1" 404 169 "-" "-"
213.184.224.42 - - [24/Jul/2011:08:08:52 +0000] "GET /amqp-debug.png HTTP/1.1" 404 148 "http://rdoc.info/github/ruby-amqp/amq-protocol/master/file/README.textile" "Mozilla/5.0 (Macintosh; Intel Mac OS X 10_7) AppleWebKit/534.48.3 (KHTML, like Gecko) Version/5.1 Safari/534.48.3"
173.203.140.221 - - [24/Jul/2011:15:51:30 +0000] "GET /amqp-debug.png HTTP/1.1" 404 169 "-" "-"
74.125.16.68 - - [24/Jul/2011:15:57:19 +0000] "GET /CV.html HTTP/1.1" 200 5934 "-" "Feedfetcher-Google; (+http://www.google.com/feedfetcher.html; feed-id=330981569284202033)"
95.108.217.251 - - [24/Jul/2011:19:51:39 +0000] "GET /robots.txt HTTP/1.1" 404 169 "-" "Mozilla/5.0 (compatible; YandexBot/3.0; +http://yandex.com/bots)"
95.108.217.251 - - [24/Jul/2011:21:28:12 +0000] "GET / HTTP/1.1" 200 347 "-" "Mozilla/5.0 (compatible; YandexBot/3.0; +http://yandex.com/bots)"
95.108.217.251 - - [24/Jul/2011:21:28:14 +0000] "GET /parts/5_my-own-oss-projects.html.haml.html HTTP/1.1" 200 762 "-" "Mozilla/5.0 (compatible; YandexBot/3.0; +http://yandex.com/bots)"
209.85.228.82 - - [25/Jul/2011:07:33:17 +0000] "GET /CV.html HTTP/1.1" 200 5934 "-" "Feedfetcher-Google; (+http://www.google.com/feedfetcher.html; feed-id=330981569284202033)"
72.14.212.87 - - [25/Jul/2011:08:41:01 +0000] "GET /CV.html HTTP/1.1" 200 5934 "-" "Feedfetcher-Google; (+http://www.google.com/feedfetcher.html; feed-id=330981569284202033)"
74.125.16.68 - - [25/Jul/2011:09:12:15 +0000] "GET /CV.html HTTP/1.1" 200 5934 "-" "Feedfetcher-Google; (+http://www.google.com/feedfetcher.html; feed-id=330981569284202033)"
74.125.16.68 - - [25/Jul/2011:10:05:09 +0000] "GET /CV.html HTTP/1.1" 200 5934 "-" "Feedfetcher-Google; (+http://www.google.com/feedfetcher.html; feed-id=330981569284202033)"
74.125.16.68 - - [25/Jul/2011:11:07:01 +0000] "GET /CV.html HTTP/1.1" 200 5934 "-" "Feedfetcher-Google; (+http://www.google.com/feedfetcher.html; feed-id=330981569284202033)"
46.51.137.230 - - [25/Jul/2011:12:32:01 +0000] "GET /CV.html HTTP/1.1" 200 5934 "-" "Zend_Http_Client"
209.85.228.85 - - [25/Jul/2011:12:38:39 +0000] "GET /CV.html HTTP/1.1" 200 5934 "-" "Feedfetcher-Google; (+http://www.google.com/feedfetcher.html; feed-id=330981569284202033)"
90.183.39.17 - - [25/Jul/2011:13:58:17 +0000] "GET / HTTP/1.1" 200 881 "-" "holmes/3.12.4 (http://morfeo.centrum.cz/bot)"
207.97.227.242 - - [25/Jul/2011:14:31:02 +0000] "GET /amqp-debug.png HTTP/1.1" 404 169 "-" "-"
207.97.227.236 - - [25/Jul/2011:15:20:39 +0000] "GET /amqp-debug.png HTTP/1.1" 404 169 "-" "-"
66.249.72.193 - - [25/Jul/2011:15:44:00 +0000] "GET /robots.txt HTTP/1.1" 404 148 "-" "Mozilla/5.0 (compatible; Googlebot/2.1; +http://www.google.com/bot.html)"
66.249.66.83 - - [25/Jul/2011:15:44:00 +0000] "GET /img/ HTTP/1.1" 404 148 "-" "Mozilla/5.0 (compatible; Googlebot/2.1; +http://www.google.com/bot.html)"
74.125.16.68 - - [25/Jul/2011:16:37:35 +0000] "GET /CV.html HTTP/1.1" 200 5934 "-" "Feedfetcher-Google; (+http://www.google.com/feedfetcher.html; feed-id=330981569284202033)"
67.195.113.228 - - [25/Jul/2011:19:42:21 +0000] "GET /robots.txt HTTP/1.0" 404 169 "-" "Mozilla/5.0 (compatible; Yahoo! Slurp; http://help.yahoo.com/help/us/ysearch/slurp)"
67.195.113.228 - - [25/Jul/2011:19:42:22 +0000] "GET /CV.html HTTP/1.0" 200 15819 "-" "Mozilla/5.0 (compatible; Yahoo! Slurp; http://help.yahoo.com/help/us/ysearch/slurp)"
67.195.113.228 - - [25/Jul/2011:19:42:23 +0000] "GET /assets/css/all.css HTTP/1.0" 200 190 "http://static.101ideas.cz/CV.html" "Mozilla/5.0 (compatible; Yahoo! Slurp; http://help.yahoo.com/help/us/ysearch/slurp)"
67.195.113.228 - - [25/Jul/2011:19:42:23 +0000] "GET /assets/css/design.css HTTP/1.0" 200 762 "http://static.101ideas.cz/CV.html" "Mozilla/5.0 (compatible; Yahoo! Slurp; http://help.yahoo.com/help/us/ysearch/slurp)"
66.249.66.83 - - [25/Jul/2011:22:26:29 +0000] "GET /robots.txt HTTP/1.1" 404 148 "-" "Mozilla/5.0 (compatible; Googlebot/2.1; +http://www.google.com/bot.html)"
66.249.66.83 - - [25/Jul/2011:22:26:30 +0000] "GET /save_without_trailing_whitespace.tmMacro HTTP/1.1" 404 148 "-" "Mozilla/5.0 (compatible; Googlebot/2.1; +http://www.google.com/bot.html)"
173.203.140.220 - - [26/Jul/2011:00:18:59 +0000] "GET /amqp-debug.png HTTP/1.1" 404 169 "-" "-"
74.125.112.84 - - [26/Jul/2011:07:27:20 +0000] "GET /CV.html HTTP/1.1" 200 5934 "-" "Feedfetcher-Google; (+http://www.google.com/feedfetcher.html; feed-id=330981569284202033)"
74.125.16.68 - - [26/Jul/2011:09:29:30 +0000] "GET /CV.html HTTP/1.1" 200 5934 "-" "Feedfetcher-Google; (+http://www.google.com/feedfetcher.html; feed-id=330981569284202033)"
66.249.66.83 - - [26/Jul/2011:09:34:27 +0000] "GET /assets/js/application.js HTTP/1.1" 200 1053 "-" "Mozilla/5.0 (compatible; Googlebot/2.1; +http://www.google.com/bot.html)"
66.249.72.193 - - [26/Jul/2011:10:41:23 +0000] "GET /robots.txt HTTP/1.1" 404 148 "-" "Mozilla/5.0 (compatible; Googlebot/2.1; +http://www.google.com/bot.html)"
66.249.66.83 - - [26/Jul/2011:10:41:23 +0000] "GET /assets/css/design.css HTTP/1.1" 200 762 "-" "Mozilla/5.0 (compatible; Googlebot/2.1; +http://www.google.com/bot.html)"
66.249.66.83 - - [26/Jul/2011:10:41:24 +0000] "GET /assets/css/all.css HTTP/1.1" 200 190 "-" "Mozilla/5.0 (compatible; Googlebot/2.1; +http://www.google.com/bot.html)"
66.249.72.193 - - [26/Jul/2011:10:41:24 +0000] "GET /assets/js/mootools-1.2-more.js HTTP/1.1" 200 130450 "-" "Mozilla/5.0 (compatible; Googlebot/2.1; +http://www.google.com/bot.html)"
74.125.16.68 - - [26/Jul/2011:10:51:58 +0000] "GET /CV.html HTTP/1.1" 200 5934 "-" "Feedfetcher-Google; (+http://www.google.com/feedfetcher.html; feed-id=330981569284202033)"
38.101.148.126 - - [26/Jul/2011:14:03:25 +0000] "GET /robots.txt HTTP/1.1" 404 148 "-" "Mozilla/5.0 (compatible; discobot/1.1; +http://discoveryengine.com/discobot.html)"
95.108.217.251 - - [26/Jul/2011:14:24:04 +0000] "GET /robots.txt HTTP/1.1" 404 169 "-" "Mozilla/5.0 (compatible; YandexBot/3.0; +http://yandex.com/bots)"
95.108.217.251 - - [26/Jul/2011:14:24:06 +0000] "GET /CV.html HTTP/1.1" 200 5934 "-" "Mozilla/5.0 (compatible; YandexBot/3.0; +http://yandex.com/bots)"
74.125.126.86 - - [26/Jul/2011:14:36:47 +0000] "GET /CV.html HTTP/1.1" 200 5934 "-" "Feedfetcher-Google; (+http://www.google.com/feedfetcher.html; feed-id=330981569284202033)"
74.125.16.68 - - [26/Jul/2011:15:16:43 +0000] "GET /CV.html HTTP/1.1" 200 5934 "-" "Feedfetcher-Google; (+http://www.google.com/feedfetcher.html; feed-id=330981569284202033)"
207.97.227.242 - - [26/Jul/2011:15:49:17 +0000] "GET /amqp-debug.png HTTP/1.1" 404 169 "-" "-"
207.97.227.233 - - [26/Jul/2011:17:22:17 +0000] "GET /amqp-debug.png HTTP/1.1" 404 169 "-" "-"
207.97.227.233 - - [26/Jul/2011:20:59:26 +0000] "GET /amqp-debug.png HTTP/1.1" 404 169 "-" "-"
207.97.227.236 - - [26/Jul/2011:23:23:08 +0000] "GET /amqp-debug.png HTTP/1.1" 404 169 "-" "-"
67.195.113.228 - - [27/Jul/2011:02:54:25 +0000] "GET /robots.txt HTTP/1.0" 404 169 "-" "Mozilla/5.0 (compatible; Yahoo! Slurp; http://help.yahoo.com/help/us/ysearch/slurp)"
67.195.113.228 - - [27/Jul/2011:02:54:26 +0000] "GET /assets/img/ HTTP/1.0" 200 289 "-" "Mozilla/5.0 (compatible; Yahoo! Slurp; http://help.yahoo.com/help/us/ysearch/slurp)"
209.85.226.81 - - [27/Jul/2011:08:25:41 +0000] "GET /CV.html HTTP/1.1" 200 5934 "-" "Feedfetcher-Google; (+http://www.google.com/feedfetcher.html; feed-id=330981569284202033)"
195.110.36.142 - - [27/Jul/2011:08:27:09 +0000] "GET /CV.html HTTP/1.1" 200 5934 "-" "Mozilla/4.0 (compatible; MSIE 7.0; Windows NT 5.1; .NET CLR 1.1.4322)"
195.110.36.142 - - [27/Jul/2011:08:27:12 +0000] "GET /assets/css/all.css HTTP/1.1" 200 190 "http://static.101ideas.cz/CV.html" "Mozilla/4.0 (compatible; MSIE 7.0; Windows NT 5.1; .NET CLR 1.1.4322)"
195.110.36.142 - - [27/Jul/2011:08:27:12 +0000] "GET /assets/css/design.css HTTP/1.1" 200 762 "http://static.101ideas.cz/CV.html" "Mozilla/4.0 (compatible; MSIE 7.0; Windows NT 5.1; .NET CLR 1.1.4322)"
195.110.36.142 - - [27/Jul/2011:08:27:12 +0000] "GET /assets/js/mootools-1.2-core.js HTTP/1.1" 200 66868 "http://static.101ideas.cz/CV.html" "Mozilla/4.0 (compatible; MSIE 7.0; Windows NT 5.1; .NET CLR 1.1.4322)"
195.110.36.142 - - [27/Jul/2011:08:27:19 +0000] "GET /assets/js/mootools-1.2-more.js HTTP/1.1" 200 130450 "http://static.101ideas.cz/CV.html" "Mozilla/4.0 (compatible; MSIE 7.0; Windows NT 5.1; .NET CLR 1.1.4322)"
195.110.36.142 - - [27/Jul/2011:08:27:19 +0000] "GET /assets/js/application.js HTTP/1.1" 200 1053 "http://static.101ideas.cz/CV.html" "Mozilla/4.0 (compatible; MSIE 7.0; Windows NT 5.1; .NET CLR 1.1.4322)"
195.110.36.142 - - [27/Jul/2011:08:27:19 +0000] "GET /favicon.ico HTTP/1.1" 404 203 "-" "Mozilla/4.0 (compatible; MSIE 7.0; Windows NT 5.1; .NET CLR 1.1.4322)"
195.110.36.142 - - [27/Jul/2011:08:28:11 +0000] "GET /CV.html HTTP/1.1" 304 0 "http://www.linkedin.com/profile/view?id=18790121&pid=37608918&authType=name&authToken=tuzo&goback=%2Efps_PBCK_Darrin+Wortlehock_*1_*1_*1_*1_*1_*1_*2_*1_Y_*1_*1_*1_false_1_R_true_*2_*2_*2_*2_*2_*2_*2_*2_*2_*2_*2_*2_*2_*2_*2_*2_*2_*2_*2_*2_*2&trk=pbmap" "Mozilla/4.0 (compatible; MSIE 7.0; Windows NT 5.1; .NET CLR 1.1.4322)"
195.110.36.142 - - [27/Jul/2011:08:28:11 +0000] "GET /assets/css/all.css HTTP/1.1" 304 0 "http://static.101ideas.cz/CV.html" "Mozilla/4.0 (compatible; MSIE 7.0; Windows NT 5.1; .NET CLR 1.1.4322)"
195.110.36.142 - - [27/Jul/2011:08:28:11 +0000] "GET /assets/css/design.css HTTP/1.1" 304 0 "http://static.101ideas.cz/CV.html" "Mozilla/4.0 (compatible; MSIE 7.0; Windows NT 5.1; .NET CLR 1.1.4322)"
195.110.36.142 - - [27/Jul/2011:08:28:11 +0000] "GET /assets/js/mootools-1.2-core.js HTTP/1.1" 304 0 "http://static.101ideas.cz/CV.html" "Mozilla/4.0 (compatible; MSIE 7.0; Windows NT 5.1; .NET CLR 1.1.4322)"
195.110.36.142 - - [27/Jul/2011:08:28:12 +0000] "GET /assets/js/mootools-1.2-more.js HTTP/1.1" 304 0 "http://static.101ideas.cz/CV.html" "Mozilla/4.0 (compatible; MSIE 7.0; Windows NT 5.1; .NET CLR 1.1.4322)"
195.110.36.142 - - [27/Jul/2011:08:28:12 +0000] "GET /assets/js/application.js HTTP/1.1" 304 0 "http://static.101ideas.cz/CV.html" "Mozilla/4.0 (compatible; MSIE 7.0; Windows NT 5.1; .NET CLR 1.1.4322)"
74.125.112.81 - - [27/Jul/2011:08:43:16 +0000] "GET /CV.html HTTP/1.1" 200 5934 "-" "Feedfetcher-Google; (+http://www.google.com/feedfetcher.html; feed-id=330981569284202033)"
74.125.114.85 - - [27/Jul/2011:10:03:44 +0000] "GET /CV.html HTTP/1.1" 200 5934 "-" "Feedfetcher-Google; (+http://www.google.com/feedfetcher.html; feed-id=330981569284202033)"
66.249.66.83 - - [27/Jul/2011:11:45:28 +0000] "GET /robots.txt HTTP/1.1" 404 148 "-" "Mozilla/5.0 (compatible; Googlebot/2.1; +http://www.google.com/bot.html)"
66.249.66.83 - - [27/Jul/2011:11:45:28 +0000] "GET /parts/my-contributions-to-well-known-oss-projects.html HTTP/1.1" 200 1265 "-" "Mozilla/5.0 (compatible; Googlebot/2.1; +http://www.google.com/bot.html)"
173.203.140.221 - - [27/Jul/2011:11:52:50 +0000] "GET /amqp-debug.png HTTP/1.1" 404 169 "-" "-"
74.125.16.68 - - [27/Jul/2011:12:02:04 +0000] "GET /CV.html HTTP/1.1" 200 5934 "-" "Feedfetcher-Google; (+http://www.google.com/feedfetcher.html; feed-id=330981569284202033)"
207.97.227.234 - - [27/Jul/2011:12:19:57 +0000] "GET /amqp-debug.png HTTP/1.1" 404 169 "-" "-"
209.85.228.85 - - [27/Jul/2011:14:17:15 +0000] "GET /CV.html HTTP/1.1" 200 5934 "-" "Feedfetcher-Google; (+http://www.google.com/feedfetcher.html; feed-id=330981569284202033)"
207.97.227.254 - - [27/Jul/2011:14:22:54 +0000] "GET /amqp-debug.png HTTP/1.1" 404 169 "-" "-"
74.125.16.68 - - [27/Jul/2011:14:46:02 +0000] "GET /CV.html HTTP/1.1" 200 5934 "-" "Feedfetcher-Google; (+http://www.google.com/feedfetcher.html; feed-id=330981569284202033)"
74.125.16.68 - - [27/Jul/2011:16:07:55 +0000] "GET /CV.html HTTP/1.1" 200 5934 "-" "Feedfetcher-Google; (+http://www.google.com/feedfetcher.html; feed-id=330981569284202033)"
95.108.217.251 - - [27/Jul/2011:17:51:34 +0000] "GET /robots.txt HTTP/1.1" 404 169 "-" "Mozilla/5.0 (compatible; YandexBot/3.0; +http://yandex.com/bots)"
207.97.227.254 - - [27/Jul/2011:19:27:45 +0000] "GET /amqp-debug.png HTTP/1.1" 404 169 "-" "-"
95.108.217.251 - - [27/Jul/2011:21:28:31 +0000] "GET /assets/ HTTP/1.1" 200 219 "-" "Mozilla/5.0 (compatible; YandexBot/3.0; +http://yandex.com/bots)"
95.108.217.251 - - [27/Jul/2011:21:28:34 +0000] "GET /parts/other-activities.html HTTP/1.1" 200 341 "-" "Mozilla/5.0 (compatible; YandexBot/3.0; +http://yandex.com/bots)"
207.97.227.236 - - [27/Jul/2011:23:14:43 +0000] "GET /amqp-debug.png HTTP/1.1" 404 169 "-" "-"
109.233.114.132 - - [27/Jul/2011:23:15:12 +0000] "GET /amqp-debug.png HTTP/1.1" 404 148 "http://rdoc.info/github/ruby-amqp/amq-protocol/master/file/README.textile" "Mozilla/5.0 (Macintosh; Intel Mac OS X 10.7; rv:5.0.1) Gecko/20100101 Firefox/5.0.1"
109.233.114.132 - - [27/Jul/2011:23:15:12 +0000] "GET /amqp-debug.png HTTP/1.1" 404 148 "http://rdoc.info/github/ruby-amqp/amq-protocol/master/file/README.textile" "Mozilla/5.0 (Macintosh; Intel Mac OS X 10.7; rv:5.0.1) Gecko/20100101 Firefox/5.0.1"
207.97.227.236 - - [27/Jul/2011:23:15:25 +0000] "GET /amqp-debug.png HTTP/1.1" 404 169 "-" "-"
207.97.227.236 - - [27/Jul/2011:23:15:42 +0000] "GET /amqp-debug.png HTTP/1.1" 404 169 "-" "-"
207.97.227.236 - - [28/Jul/2011:04:35:36 +0000] "GET /amqp-debug.png HTTP/1.1" 404 169 "-" "-"
95.108.217.251 - - [28/Jul/2011:07:19:32 +0000] "GET /parts/6_other-activities.html.haml.html HTTP/1.1" 200 341 "-" "Mozilla/5.0 (compatible; YandexBot/3.0; +http://yandex.com/bots)"
207.97.227.234 - - [28/Jul/2011:08:20:40 +0000] "GET /amqp-debug.png HTTP/1.1" 404 169 "-" "-"
74.125.112.84 - - [28/Jul/2011:08:54:39 +0000] "GET /CV.html HTTP/1.1" 200 5934 "-" "Feedfetcher-Google; (+http://www.google.com/feedfetcher.html; feed-id=330981569284202033)"
209.85.228.87 - - [28/Jul/2011:09:15:55 +0000] "GET /CV.html HTTP/1.1" 200 5934 "-" "Feedfetcher-Google; (+http://www.google.com/feedfetcher.html; feed-id=330981569284202033)"
131.254.15.115 - - [28/Jul/2011:09:32:58 +0000] "GET /amqp-debug.png HTTP/1.1" 404 148 "http://rdoc.info/github/ruby-amqp/amq-protocol/master/file/README.textile" "Mozilla/5.0 (Macintosh; Intel Mac OS X 10_6_8) AppleWebKit/535.1 (KHTML, like Gecko) Chrome/13.0.782.107 Safari/535.1"
209.85.224.96 - - [28/Jul/2011:11:11:56 +0000] "GET /CV.html HTTP/1.1" 200 5934 "-" "Feedfetcher-Google; (+http://www.google.com/feedfetcher.html; feed-id=330981569284202033)"
207.97.227.234 - - [28/Jul/2011:12:12:55 +0000] "GET /amqp-debug.png HTTP/1.1" 404 169 "-" "-"
209.85.226.80 - - [28/Jul/2011:13:49:51 +0000] "GET /CV.html HTTP/1.1" 200 5934 "-" "Feedfetcher-Google; (+http://www.google.com/feedfetcher.html; feed-id=330981569284202033)"
209.85.228.81 - - [28/Jul/2011:15:26:44 +0000] "GET /CV.html HTTP/1.1" 200 5934 "-" "Feedfetcher-Google; (+http://www.google.com/feedfetcher.html; feed-id=330981569284202033)"
74.125.16.68 - - [28/Jul/2011:16:53:00 +0000] "GET /CV.html HTTP/1.1" 200 5934 "-" "Feedfetcher-Google; (+http://www.google.com/feedfetcher.html; feed-id=330981569284202033)"
173.231.59.66 - - [28/Jul/2011:20:35:14 +0000] "GET /CV.html HTTP/1.1" 200 15819 "-" "Mozilla/5.0 (Windows; U; Windows NT 5.1; ru; rv:1.9) Gecko/2008052906 Firefox/3.0"
74.125.16.68 - - [28/Jul/2011:22:53:37 +0000] "GET /CV.html HTTP/1.1" 200 5934 "-" "Feedfetcher-Google; (+http://www.google.com/feedfetcher.html; feed-id=330981569284202033)"
207.97.227.242 - - [29/Jul/2011:01:44:40 +0000] "GET /amqp-debug.png HTTP/1.1" 404 169 "-" "-"
50.17.25.117 - - [29/Jul/2011:04:10:10 +0000] "GET / HTTP/1.0" 200 869 "-" "Mozilla/5.0 (compatible; NetcraftSurveyAgent/1.0; +info@netcraft.com)"
207.97.227.242 - - [29/Jul/2011:05:04:01 +0000] "GET /amqp-debug.png HTTP/1.1" 404 169 "-" "-"
74.125.114.84 - - [29/Jul/2011:07:15:46 +0000] "GET /CV.html HTTP/1.1" 200 5934 "-" "Feedfetcher-Google; (+http://www.google.com/feedfetcher.html; feed-id=330981569284202033)"
207.97.227.236 - - [29/Jul/2011:08:42:08 +0000] "GET /amqp-debug.png HTTP/1.1" 404 169 "-" "-"
66.249.66.83 - - [29/Jul/2011:09:20:01 +0000] "GET /robots.txt HTTP/1.1" 404 148 "-" "Mozilla/5.0 (compatible; Googlebot/2.1; +http://www.google.com/bot.html)"
66.249.66.83 - - [29/Jul/2011:09:20:01 +0000] "GET /Rango.pdf HTTP/1.1" 404 148 "-" "Mozilla/5.0 (compatible; Googlebot/2.1; +http://www.google.com/bot.html)"
74.125.16.68 - - [29/Jul/2011:11:47:35 +0000] "GET /CV.html HTTP/1.1" 200 5934 "-" "Feedfetcher-Google; (+http://www.google.com/feedfetcher.html; feed-id=330981569284202033)"
66.249.66.83 - - [29/Jul/2011:12:21:38 +0000] "GET / HTTP/1.1" 200 349 "-" "Mozilla/5.0 (compatible; Googlebot/2.1; +http://www.google.com/bot.html)"
207.97.227.234 - - [29/Jul/2011:15:15:38 +0000] "GET /amqp-debug.png HTTP/1.1" 404 169 "-" "-"
67.195.113.228 - - [29/Jul/2011:15:41:57 +0000] "GET /robots.txt HTTP/1.0" 404 169 "-" "Mozilla/5.0 (compatible; Yahoo! Slurp; http://help.yahoo.com/help/us/ysearch/slurp)"
67.195.113.228 - - [29/Jul/2011:15:41:58 +0000] "GET /CV.html HTTP/1.0" 200 15819 "-" "Mozilla/5.0 (compatible; Yahoo! Slurp; http://help.yahoo.com/help/us/ysearch/slurp)"
67.195.113.228 - - [29/Jul/2011:15:41:58 +0000] "GET /assets/css/all.css HTTP/1.0" 200 190 "http://static.101ideas.cz/CV.html" "Mozilla/5.0 (compatible; Yahoo! Slurp; http://help.yahoo.com/help/us/ysearch/slurp)"
67.195.113.228 - - [29/Jul/2011:15:41:58 +0000] "GET /assets/css/design.css HTTP/1.0" 200 762 "http://static.101ideas.cz/CV.html" "Mozilla/5.0 (compatible; Yahoo! Slurp; http://help.yahoo.com/help/us/ysearch/slurp)"
207.97.227.234 - - [29/Jul/2011:19:42:03 +0000] "GET /amqp-debug.png HTTP/1.1" 404 169 "-" "-"
95.25.140.109 - - [29/Jul/2011:19:44:41 +0000] "GET / HTTP/1.1" 200 347 "http://yandex.ru/yandsearch?text=20+Oct+2010+12+01+img+06" "Mozilla/4.0 (compatible; MSIE 8.0; Windows NT 6.1; Trident/4.0; SLCC2; .NET CLR 2.0.50727; .NET CLR 3.5.30729; .NET CLR 3.0.30729)"
207.46.199.14 - - [30/Jul/2011:00:54:37 +0000] "GET /CV.html HTTP/1.1" 200 5934 "-" "Mozilla/4.0 (compatible; MSIE 7.0; Windows NT 5.2; SV1; .NET CLR 1.1.4322; .NET CLR 2.0.50727; .NET CLR 3.0.30729; .NET CLR 3.5.30729)"
207.46.199.14 - - [30/Jul/2011:00:54:39 +0000] "GET /assets/css/all.css HTTP/1.1" 200 190 "http://static.101ideas.cz/CV.html" "Mozilla/4.0 (compatible; MSIE 7.0; Windows NT 5.2; SV1; .NET CLR 1.1.4322; .NET CLR 2.0.50727; .NET CLR 3.0.30729; .NET CLR 3.5.30729)"
207.46.199.14 - - [30/Jul/2011:00:54:39 +0000] "GET /assets/css/design.css HTTP/1.1" 200 762 "http://static.101ideas.cz/CV.html" "Mozilla/4.0 (compatible; MSIE 7.0; Windows NT 5.2; SV1; .NET CLR 1.1.4322; .NET CLR 2.0.50727; .NET CLR 3.0.30729; .NET CLR 3.5.30729)"
207.46.199.14 - - [30/Jul/2011:00:54:39 +0000] "GET /assets/js/mootools-1.2-core.js HTTP/1.1" 200 66868 "http://static.101ideas.cz/CV.html" "Mozilla/4.0 (compatible; MSIE 7.0; Windows NT 5.2; SV1; .NET CLR 1.1.4322; .NET CLR 2.0.50727; .NET CLR 3.0.30729; .NET CLR 3.5.30729)"
207.46.199.14 - - [30/Jul/2011:00:54:52 +0000] "GET /assets/js/mootools-1.2-more.js HTTP/1.1" 200 130450 "http://static.101ideas.cz/CV.html" "Mozilla/4.0 (compatible; MSIE 7.0; Windows NT 5.2; SV1; .NET CLR 1.1.4322; .NET CLR 2.0.50727; .NET CLR 3.0.30729; .NET CLR 3.5.30729)"
207.46.199.14 - - [30/Jul/2011:00:54:56 +0000] "GET /assets/js/application.js HTTP/1.1" 200 1053 "http://static.101ideas.cz/CV.html" "Mozilla/4.0 (compatible; MSIE 7.0; Windows NT 5.2; SV1; .NET CLR 1.1.4322; .NET CLR 2.0.50727; .NET CLR 3.0.30729; .NET CLR 3.5.30729)"
207.46.12.21 - - [30/Jul/2011:05:00:46 +0000] "GET /CV.html HTTP/1.1" 200 5934 "-" "Mozilla/4.0 (compatible; MSIE 7.0; Windows NT 5.1; SLCC1; .NET CLR 1.1.4325; .NET CLR 2.0.40607; .NET CLR 3.0.30729; .NET CLR 3.5.30707; MS-RTC LM 8)"
207.46.12.21 - - [30/Jul/2011:05:00:51 +0000] "GET /assets/css/all.css HTTP/1.1" 200 190 "http://static.101ideas.cz/CV.html" "Mozilla/4.0 (compatible; MSIE 7.0; Windows NT 5.1; SLCC1; .NET CLR 1.1.4325; .NET CLR 2.0.40607; .NET CLR 3.0.30729; .NET CLR 3.5.30707; MS-RTC LM 8)"
207.46.12.21 - - [30/Jul/2011:05:00:51 +0000] "GET /assets/css/design.css HTTP/1.1" 200 762 "http://static.101ideas.cz/CV.html" "Mozilla/4.0 (compatible; MSIE 7.0; Windows NT 5.1; SLCC1; .NET CLR 1.1.4325; .NET CLR 2.0.40607; .NET CLR 3.0.30729; .NET CLR 3.5.30707; MS-RTC LM 8)"
207.46.12.21 - - [30/Jul/2011:05:00:52 +0000] "GET /assets/js/mootools-1.2-core.js HTTP/1.1" 200 66868 "http://static.101ideas.cz/CV.html" "Mozilla/4.0 (compatible; MSIE 7.0; Windows NT 5.1; SLCC1; .NET CLR 1.1.4325; .NET CLR 2.0.40607; .NET CLR 3.0.30729; .NET CLR 3.5.30707; MS-RTC LM 8)"
207.46.12.21 - - [30/Jul/2011:05:00:57 +0000] "GET /assets/js/mootools-1.2-more.js HTTP/1.1" 200 130450 "http://static.101ideas.cz/CV.html" "Mozilla/4.0 (compatible; MSIE 7.0; Windows NT 5.1; SLCC1; .NET CLR 1.1.4325; .NET CLR 2.0.40607; .NET CLR 3.0.30729; .NET CLR 3.5.30707; MS-RTC LM 8)"
207.46.12.21 - - [30/Jul/2011:05:01:00 +0000] "GET /assets/js/application.js HTTP/1.1" 200 1053 "http://static.101ideas.cz/CV.html" "Mozilla/4.0 (compatible; MSIE 7.0; Windows NT 5.1; SLCC1; .NET CLR 1.1.4325; .NET CLR 2.0.40607; .NET CLR 3.0.30729; .NET CLR 3.5.30707; MS-RTC LM 8)"
95.108.217.251 - - [30/Jul/2011:05:24:10 +0000] "GET /robots.txt HTTP/1.1" 404 169 "-" "Mozilla/5.0 (compatible; YandexBot/3.0; +http://yandex.com/bots)"
66.249.71.39 - - [30/Jul/2011:06:21:06 +0000] "GET /robots.txt HTTP/1.1" 404 148 "-" "Mozilla/5.0 (compatible; Googlebot/2.1; +http://www.google.com/bot.html)"
66.249.71.39 - - [30/Jul/2011:06:21:06 +0000] "GET /CV.html HTTP/1.1" 200 5934 "-" "Mozilla/5.0 (compatible; Googlebot/2.1; +http://www.google.com/bot.html)"
121.74.245.238 - - [30/Jul/2011:06:44:31 +0000] "GET /Rango.pdf HTTP/1.1" 404 169 "-" "Mozilla/5.0 (Windows NT 5.1; rv:5.0) Gecko/20100101 Firefox/5.0"
121.74.245.238 - - [30/Jul/2011:06:44:32 +0000] "GET /favicon.ico HTTP/1.1" 404 169 "-" "Mozilla/5.0 (Windows NT 5.1; rv:5.0) Gecko/20100101 Firefox/5.0"
121.74.245.238 - - [30/Jul/2011:06:44:32 +0000] "GET /favicon.ico HTTP/1.1" 404 169 "-" "Mozilla/5.0 (Windows NT 5.1; rv:5.0) Gecko/20100101 Firefox/5.0"
121.74.245.238 - - [30/Jul/2011:06:46:59 +0000] "GET /Rango.pdf HTTP/1.1" 404 148 "-" "Mozilla/5.0 (Windows NT 5.1; rv:5.0) Gecko/20100101 Firefox/5.0"
207.97.227.236 - - [30/Jul/2011:11:26:37 +0000] "GET /amqp-debug.png HTTP/1.1" 404 169 "-" "-"
67.195.113.228 - - [30/Jul/2011:13:01:21 +0000] "GET /robots.txt HTTP/1.0" 404 169 "-" "Mozilla/5.0 (compatible; Yahoo! Slurp; http://help.yahoo.com/help/us/ysearch/slurp)"
67.195.113.228 - - [30/Jul/2011:13:01:22 +0000] "GET /parts/6_other-activities.html.haml.html HTTP/1.0" 200 486 "-" "Mozilla/5.0 (compatible; Yahoo! Slurp; http://help.yahoo.com/help/us/ysearch/slurp)"
38.101.148.126 - - [30/Jul/2011:15:10:15 +0000] "GET /robots.txt HTTP/1.1" 404 148 "-" "Mozilla/5.0 (compatible; discobot/1.1; +http://discoveryengine.com/discobot.html)"
95.108.217.251 - - [30/Jul/2011:17:18:33 +0000] "GET /access.log HTTP/1.1" 200 194460 "-" "Mozilla/5.0 (compatible; YandexBot/3.0; +http://yandex.com/bots)"
207.97.227.235 - - [31/Jul/2011:00:36:51 +0000] "GET /amqp-debug.png HTTP/1.1" 404 169 "-" "-"
173.203.140.221 - - [31/Jul/2011:00:48:27 +0000] "GET /amqp-debug.png HTTP/1.1" 404 169 "-" "-"
207.97.227.254 - - [31/Jul/2011:04:35:28 +0000] "GET /amqp-debug.png HTTP/1.1" 404 169 "-" "-"
90.183.39.17 - - [31/Jul/2011:21:10:36 +0000] "GET /robots.txt HTTP/1.1" 404 169 "-" "holmes/3.12.4 (http://morfeo.centrum.cz/bot)"
207.97.227.242 - - [01/Aug/2011:00:53:44 +0000] "GET /amqp-debug.png HTTP/1.1" 404 169 "-" "-"
173.203.140.221 - - [01/Aug/2011:00:59:22 +0000] "GET /amqp-debug.png HTTP/1.1" 404 169 "-" "-"
74.125.114.83 - - [01/Aug/2011:07:54:15 +0000] "GET /CV.html HTTP/1.1" 200 5934 "-" "Feedfetcher-Google; (+http://www.google.com/feedfetcher.html; feed-id=330981569284202033)"
173.203.140.221 - - [01/Aug/2011:08:06:54 +0000] "GET /amqp-debug.png HTTP/1.1" 404 169 "-" "-"
209.85.228.87 - - [01/Aug/2011:08:21:58 +0000] "GET /CV.html HTTP/1.1" 200 5934 "-" "Feedfetcher-Google; (+http://www.google.com/feedfetcher.html; feed-id=330981569284202033)"
109.231.196.90 - - [01/Aug/2011:08:23:51 +0000] "GET /CV.html HTTP/1.0" 200 15819 "-" "Mozilla/4.0 (compatible; MSIE 8.0; Windows NT 5.2; WOW64; Trident/4.0; .NET CLR 2.0.50727; .NET CLR 3.0.4506.2152; .NET CLR 3.5.30729; .NET4.0C; .NET4.0E)"
109.231.196.90 - - [01/Aug/2011:08:23:52 +0000] "GET /assets/css/all.css HTTP/1.0" 200 190 "http://static.101ideas.cz/CV.html" "Mozilla/4.0 (compatible; MSIE 8.0; Windows NT 5.2; WOW64; Trident/4.0; .NET CLR 2.0.50727; .NET CLR 3.0.4506.2152; .NET CLR 3.5.30729; .NET4.0C; .NET4.0E)"
109.231.196.90 - - [01/Aug/2011:08:23:52 +0000] "GET /assets/css/design.css HTTP/1.0" 200 762 "http://static.101ideas.cz/CV.html" "Mozilla/4.0 (compatible; MSIE 8.0; Windows NT 5.2; WOW64; Trident/4.0; .NET CLR 2.0.50727; .NET CLR 3.0.4506.2152; .NET CLR 3.5.30729; .NET4.0C; .NET4.0E)"
109.231.196.90 - - [01/Aug/2011:08:23:52 +0000] "GET /assets/js/mootools-1.2-core.js HTTP/1.0" 200 66868 "http://static.101ideas.cz/CV.html" "Mozilla/4.0 (compatible; MSIE 8.0; Windows NT 5.2; WOW64; Trident/4.0; .NET CLR 2.0.50727; .NET CLR 3.0.4506.2152; .NET CLR 3.5.30729; .NET4.0C; .NET4.0E)"
109.231.196.90 - - [01/Aug/2011:08:23:52 +0000] "GET /assets/js/mootools-1.2-more.js HTTP/1.0" 200 130450 "http://static.101ideas.cz/CV.html" "Mozilla/4.0 (compatible; MSIE 8.0; Windows NT 5.2; WOW64; Trident/4.0; .NET CLR 2.0.50727; .NET CLR 3.0.4506.2152; .NET CLR 3.5.30729; .NET4.0C; .NET4.0E)"
109.231.196.90 - - [01/Aug/2011:08:23:52 +0000] "GET /assets/js/application.js HTTP/1.0" 200 1053 "http://static.101ideas.cz/CV.html" "Mozilla/4.0 (compatible; MSIE 8.0; Windows NT 5.2; WOW64; Trident/4.0; .NET CLR 2.0.50727; .NET CLR 3.0.4506.2152; .NET CLR 3.5.30729; .NET4.0C; .NET4.0E)"
109.231.196.90 - - [01/Aug/2011:08:23:52 +0000] "GET /favicon.ico HTTP/1.0" 404 529 "-" "Mozilla/4.0 (compatible; MSIE 8.0; Windows NT 5.2; WOW64; Trident/4.0; .NET CLR 2.0.50727; .NET CLR 3.0.4506.2152; .NET CLR 3.5.30729; .NET4.0C; .NET4.0E)"
74.125.112.86 - - [01/Aug/2011:08:46:44 +0000] "GET /CV.html HTTP/1.1" 200 5934 "-" "Feedfetcher-Google; (+http://www.google.com/feedfetcher.html; feed-id=330981569284202033)"
74.125.114.87 - - [01/Aug/2011:10:21:10 +0000] "GET /CV.html HTTP/1.1" 200 5934 "-" "Feedfetcher-Google; (+http://www.google.com/feedfetcher.html; feed-id=330981569284202033)"
78.158.51.162 - - [01/Aug/2011:11:18:16 +0000] "GET /CV.html HTTP/1.1" 200 5934 "-" "Mozilla/5.0 (Windows; U; Windows NT 6.1; en-GB; rv:1.9.2.12) Gecko/20101026 Firefox/3.6.12"
78.158.51.162 - - [01/Aug/2011:11:18:16 +0000] "GET /assets/css/all.css HTTP/1.1" 200 190 "http://static.101ideas.cz/CV.html" "Mozilla/5.0 (Windows; U; Windows NT 6.1; en-GB; rv:1.9.2.12) Gecko/20101026 Firefox/3.6.12"
78.158.51.162 - - [01/Aug/2011:11:18:16 +0000] "GET /assets/css/design.css HTTP/1.1" 200 762 "http://static.101ideas.cz/CV.html" "Mozilla/5.0 (Windows; U; Windows NT 6.1; en-GB; rv:1.9.2.12) Gecko/20101026 Firefox/3.6.12"
78.158.51.162 - - [01/Aug/2011:11:18:16 +0000] "GET /assets/js/application.js HTTP/1.1" 200 1053 "http://static.101ideas.cz/CV.html" "Mozilla/5.0 (Windows; U; Windows NT 6.1; en-GB; rv:1.9.2.12) Gecko/20101026 Firefox/3.6.12"
78.158.51.162 - - [01/Aug/2011:11:18:16 +0000] "GET /assets/js/mootools-1.2-core.js HTTP/1.1" 200 66868 "http://static.101ideas.cz/CV.html" "Mozilla/5.0 (Windows; U; Windows NT 6.1; en-GB; rv:1.9.2.12) Gecko/20101026 Firefox/3.6.12"
78.158.51.162 - - [01/Aug/2011:11:18:16 +0000] "GET /assets/js/mootools-1.2-more.js HTTP/1.1" 200 130450 "http://static.101ideas.cz/CV.html" "Mozilla/5.0 (Windows; U; Windows NT 6.1; en-GB; rv:1.9.2.12) Gecko/20101026 Firefox/3.6.12"
78.158.51.162 - - [01/Aug/2011:11:18:16 +0000] "GET /favicon.ico HTTP/1.1" 404 148 "-" "Mozilla/5.0 (Windows; U; Windows NT 6.1; en-GB; rv:1.9.2.12) Gecko/20101026 Firefox/3.6.12"
78.158.51.162 - - [01/Aug/2011:11:18:16 +0000] "GET /favicon.ico HTTP/1.1" 404 148 "-" "Mozilla/5.0 (Windows; U; Windows NT 6.1; en-GB; rv:1.9.2.12) Gecko/20101026 Firefox/3.6.12"
