94.31.34.10 - - [25/Aug/2011:13:25:05 +0000] "GET /assets/css/all.css HTTP/1.1" 200 190 "http://static.101ideas.cz/CV.html" "Mozilla/5.0 (Macintosh; Intel Mac OS X 10_6_8) AppleWebKit/535.1 (KHTML, like Gecko) Chrome/13.0.782.215 Safari/535.1"
94.31.34.10 - - [25/Aug/2011:13:25:05 +0000] "GET /assets/css/design.css HTTP/1.1" 200 762 "http://static.101ideas.cz/CV.html" "Mozilla/5.0 (Macintosh; Intel Mac OS X 10_6_8) AppleWebKit/535.1 (KHTML, like Gecko) Chrome/13.0.782.215 Safari/535.1"
94.31.34.10 - - [25/Aug/2011:13:25:05 +0000] "GET /assets/js/application.js HTTP/1.1" 200 1053 "http://static.101ideas.cz/CV.html" "Mozilla/5.0 (Macintosh; Intel Mac OS X 10_6_8) AppleWebKit/535.1 (KHTML, like Gecko) Chrome/13.0.782.215 Safari/535.1"
94.31.34.10 - - [25/Aug/2011:13:25:05 +0000] "GET /assets/js/mootools-1.2-core.js HTTP/1.1" 200 66868 "http://static.101ideas.cz/CV.html" "Mozilla/5.0 (Macintosh; Intel Mac OS X 10_6_8) AppleWebKit/535.1 (KHTML, like Gecko) Chrome/13.0.782.215 Safari/535.1"
94.31.34.10 - - [25/Aug/2011:13:25:05 +0000] "GET /assets/js/mootools-1.2-more.js HTTP/1.1" 200 130450 "http://static.101ideas.cz/CV.html" "Mozilla/5.0 (Macintosh; Intel Mac OS X 10_6_8) AppleWebKit/535.1 (KHTML, like Gecko) Chrome/13.0.782.215 Safari/535.1"
94.31.34.10 - - [25/Aug/2011:13:25:05 +0000] "GET /favicon.ico HTTP/1.1" 404 148 "-" "Mozilla/5.0 (Macintosh; Intel Mac OS X 10_6_8) AppleWebKit/535.1 (KHTML, like Gecko) Chrome/13.0.782.215 Safari/535.1"
66.220.147.249 - - [25/Aug/2011:13:25:05 +0000] "GET /CV.html HTTP/1.0" 206 15819 "-" "facebookexternalhit/1.1 (+http://www.facebook.com/externalhit_uatext.php)"
95.108.217.251 - - [25/Aug/2011:16:16:42 +0000] "GET /CV.html HTTP/1.1" 304 0 "-" "Mozilla/5.0 (compatible; YandexBot/3.0; +http://yandex.com/bots)"
38.101.148.126 - - [25/Aug/2011:17:14:50 +0000] "GET /robots.txt HTTP/1.1" 404 148 "-" "Mozilla/5.0 (compatible; discobot/1.1; +http://discoveryengine.com/discobot.html)"
95.108.217.251 - - [25/Aug/2011:19:59:04 +0000] "GET /robots.txt HTTP/1.1" 404 169 "-" "Mozilla/5.0 (compatible; YandexBot/3.0; +http://yandex.com/bots)"
95.108.217.251 - - [25/Aug/2011:21:06:33 +0000] "GET / HTTP/1.1" 200 353 "-" "Mozilla/5.0 (compatible; YandexBot/3.0; +http://yandex.com/bots)"
38.101.148.126 - - [25/Aug/2011:22:08:06 +0000] "GET /robots.txt HTTP/1.1" 404 148 "-" "Mozilla/5.0 (compatible; discobot/1.1; +http://discoveryengine.com/discobot.html)"
207.97.227.233 - - [25/Aug/2011:23:01:41 +0000] "GET /amqp-debug.png HTTP/1.1" 404 169 "-" "-"
90.183.39.17 - - [25/Aug/2011:23:36:21 +0000] "GET /robots.txt HTTP/1.1" 404 169 "-" "holmes/3.12.4 (http://morfeo.centrum.cz/bot)"
38.101.148.126 - - [26/Aug/2011:06:09:09 +0000] "GET /robots.txt HTTP/1.1" 404 148 "-" "Mozilla/5.0 (compatible; discobot/1.1; +http://discoveryengine.com/discobot.html)"
67.195.113.228 - - [26/Aug/2011:10:20:37 +0000] "GET /robots.txt HTTP/1.0" 404 169 "-" "Mozilla/5.0 (compatible; Yahoo! Slurp; http://help.yahoo.com/help/us/ysearch/slurp)"
67.195.113.228 - - [26/Aug/2011:10:20:37 +0000] "GET /CV.html HTTP/1.0" 200 15819 "-" "Mozilla/5.0 (compatible; Yahoo! Slurp; http://help.yahoo.com/help/us/ysearch/slurp)"
67.195.113.228 - - [26/Aug/2011:10:20:38 +0000] "GET /assets/css/all.css HTTP/1.0" 200 190 "http://static.101ideas.cz/CV.html" "Mozilla/5.0 (compatible; Yahoo! Slurp; http://help.yahoo.com/help/us/ysearch/slurp)"
67.195.113.228 - - [26/Aug/2011:10:20:39 +0000] "GET /assets/css/design.css HTTP/1.0" 200 762 "http://static.101ideas.cz/CV.html" "Mozilla/5.0 (compatible; Yahoo! Slurp; http://help.yahoo.com/help/us/ysearch/slurp)"
38.101.148.126 - - [26/Aug/2011:10:53:32 +0000] "GET /robots.txt HTTP/1.1" 404 148 "-" "Mozilla/5.0 (compatible; discobot/1.1; +http://discoveryengine.com/discobot.html)"
83.208.23.175 - - [26/Aug/2011:12:30:56 +0000] "GET /CV.html HTTP/1.1" 200 5934 "http://101ideas.cz/about.html" "Mozilla/5.0 (Macintosh; Intel Mac OS X 10.6; rv:6.0) Gecko/20100101 Firefox/6.0"
83.208.23.175 - - [26/Aug/2011:12:30:56 +0000] "GET /assets/css/all.css HTTP/1.1" 200 190 "http://static.101ideas.cz/CV.html" "Mozilla/5.0 (Macintosh; Intel Mac OS X 10.6; rv:6.0) Gecko/20100101 Firefox/6.0"
83.208.23.175 - - [26/Aug/2011:12:30:56 +0000] "GET /assets/css/design.css HTTP/1.1" 200 762 "http://static.101ideas.cz/CV.html" "Mozilla/5.0 (Macintosh; Intel Mac OS X 10.6; rv:6.0) Gecko/20100101 Firefox/6.0"
83.208.23.175 - - [26/Aug/2011:12:30:56 +0000] "GET /assets/js/mootools-1.2-core.js HTTP/1.1" 200 66868 "http://static.101ideas.cz/CV.html" "Mozilla/5.0 (Macintosh; Intel Mac OS X 10.6; rv:6.0) Gecko/20100101 Firefox/6.0"
83.208.23.175 - - [26/Aug/2011:12:30:56 +0000] "GET /assets/js/application.js HTTP/1.1" 200 1053 "http://static.101ideas.cz/CV.html" "Mozilla/5.0 (Macintosh; Intel Mac OS X 10.6; rv:6.0) Gecko/20100101 Firefox/6.0"
83.208.23.175 - - [26/Aug/2011:12:30:56 +0000] "GET /assets/js/mootools-1.2-more.js HTTP/1.1" 200 130450 "http://static.101ideas.cz/CV.html" "Mozilla/5.0 (Macintosh; Intel Mac OS X 10.6; rv:6.0) Gecko/20100101 Firefox/6.0"
83.208.23.175 - - [26/Aug/2011:12:30:56 +0000] "GET /favicon.ico HTTP/1.1" 404 148 "-" "Mozilla/5.0 (Macintosh; Intel Mac OS X 10.6; rv:6.0) Gecko/20100101 Firefox/6.0"
83.208.23.175 - - [26/Aug/2011:12:30:56 +0000] "GET /favicon.ico HTTP/1.1" 404 148 "-" "Mozilla/5.0 (Macintosh; Intel Mac OS X 10.6; rv:6.0) Gecko/20100101 Firefox/6.0"
207.97.227.234 - - [26/Aug/2011:12:32:42 +0000] "GET /amqp-debug.png HTTP/1.1" 404 169 "-" "-"
38.101.148.126 - - [26/Aug/2011:15:35:31 +0000] "GET /robots.txt HTTP/1.1" 404 148 "-" "Mozilla/5.0 (compatible; discobot/1.1; +http://discoveryengine.com/discobot.html)"
207.97.227.235 - - [26/Aug/2011:16:29:21 +0000] "GET /amqp-debug.png HTTP/1.1" 404 169 "-" "-"
173.203.140.220 - - [26/Aug/2011:17:43:56 +0000] "GET /amqp-debug.png HTTP/1.1" 404 169 "-" "-"
95.108.217.251 - - [26/Aug/2011:19:50:02 +0000] "GET /robots.txt HTTP/1.1" 404 169 "-" "Mozilla/5.0 (compatible; YandexBot/3.0; +http://yandex.com/bots)"
38.101.148.126 - - [26/Aug/2011:20:21:09 +0000] "GET /robots.txt HTTP/1.1" 404 148 "-" "Mozilla/5.0 (compatible; discobot/1.1; +http://discoveryengine.com/discobot.html)"
95.108.217.251 - - [26/Aug/2011:22:06:31 +0000] "GET /CV.html HTTP/1.1" 200 5934 "-" "Mozilla/5.0 (compatible; YandexBot/3.0; +http://yandex.com/bots)"
38.101.148.126 - - [27/Aug/2011:02:12:19 +0000] "GET /robots.txt HTTP/1.1" 404 148 "-" "Mozilla/5.0 (compatible; discobot/1.1; +http://discoveryengine.com/discobot.html)"
38.101.148.126 - - [27/Aug/2011:07:48:17 +0000] "GET /robots.txt HTTP/1.1" 404 148 "-" "Mozilla/5.0 (compatible; discobot/1.1; +http://discoveryengine.com/discobot.html)"
38.101.148.126 - - [27/Aug/2011:12:30:36 +0000] "GET /robots.txt HTTP/1.1" 404 148 "-" "Mozilla/5.0 (compatible; discobot/1.1; +http://discoveryengine.com/discobot.html)"
38.101.148.126 - - [27/Aug/2011:17:12:31 +0000] "GET /robots.txt HTTP/1.1" 404 148 "-" "Mozilla/5.0 (compatible; discobot/1.1; +http://discoveryengine.com/discobot.html)"
38.101.148.126 - - [27/Aug/2011:21:52:28 +0000] "GET /robots.txt HTTP/1.1" 404 148 "-" "Mozilla/5.0 (compatible; discobot/1.1; +http://discoveryengine.com/discobot.html)"
38.101.148.126 - - [28/Aug/2011:02:32:16 +0000] "GET /robots.txt HTTP/1.1" 404 148 "-" "Mozilla/5.0 (compatible; discobot/1.1; +http://discoveryengine.com/discobot.html)"
38.101.148.126 - - [28/Aug/2011:07:10:20 +0000] "GET /robots.txt HTTP/1.1" 404 148 "-" "Mozilla/5.0 (compatible; discobot/1.1; +http://discoveryengine.com/discobot.html)"
38.101.148.126 - - [28/Aug/2011:11:45:18 +0000] "GET /robots.txt HTTP/1.1" 404 148 "-" "Mozilla/5.0 (compatible; discobot/1.1; +http://discoveryengine.com/discobot.html)"
38.101.148.126 - - [28/Aug/2011:16:21:13 +0000] "GET /robots.txt HTTP/1.1" 404 148 "-" "Mozilla/5.0 (compatible; discobot/1.1; +http://discoveryengine.com/discobot.html)"
90.183.39.17 - - [28/Aug/2011:17:20:51 +0000] "GET / HTTP/1.1" 200 881 "-" "holmes/3.12.4 (http://morfeo.centrum.cz/bot)"
66.249.71.83 - - [28/Aug/2011:17:39:12 +0000] "GET /robots.txt HTTP/1.1" 404 148 "-" "Mozilla/5.0 (compatible; Googlebot/2.1; +http://www.google.com/bot.html)"
66.249.71.83 - - [28/Aug/2011:17:39:12 +0000] "GET /rango_logo.pdf HTTP/1.1" 404 148 "-" "Mozilla/5.0 (compatible; Googlebot/2.1; +http://www.google.com/bot.html)"
38.101.148.126 - - [28/Aug/2011:20:56:44 +0000] "GET /robots.txt HTTP/1.1" 404 148 "-" "Mozilla/5.0 (compatible; discobot/1.1; +http://discoveryengine.com/discobot.html)"
38.101.148.126 - - [29/Aug/2011:01:31:16 +0000] "GET /robots.txt HTTP/1.1" 404 148 "-" "Mozilla/5.0 (compatible; discobot/1.1; +http://discoveryengine.com/discobot.html)"
66.249.71.83 - - [29/Aug/2011:05:04:07 +0000] "GET /CV.html HTTP/1.1" 200 5934 "-" "Mozilla/5.0 (compatible; Googlebot/2.1; +http://www.google.com/bot.html)"
38.101.148.126 - - [29/Aug/2011:06:07:19 +0000] "GET /robots.txt HTTP/1.1" 404 148 "-" "Mozilla/5.0 (compatible; discobot/1.1; +http://discoveryengine.com/discobot.html)"
66.249.71.83 - - [29/Aug/2011:07:36:33 +0000] "GET /robots.txt HTTP/1.1" 404 148 "-" "Mozilla/5.0 (compatible; Googlebot/2.1; +http://www.google.com/bot.html)"
66.249.71.83 - - [29/Aug/2011:07:36:33 +0000] "GET /parts/skills.html HTTP/1.1" 200 533 "-" "Mozilla/5.0 (compatible; Googlebot/2.1; +http://www.google.com/bot.html)"
66.249.71.83 - - [29/Aug/2011:08:29:50 +0000] "GET /parts/my-own-oss-projects.html HTTP/1.1" 200 762 "-" "Mozilla/5.0 (compatible; Googlebot/2.1; +http://www.google.com/bot.html)"
38.101.148.126 - - [29/Aug/2011:10:41:52 +0000] "GET /robots.txt HTTP/1.1" 404 148 "-" "Mozilla/5.0 (compatible; discobot/1.1; +http://discoveryengine.com/discobot.html)"
66.249.71.83 - - [29/Aug/2011:10:51:03 +0000] "GET /parts/experience.html HTTP/1.1" 200 1928 "-" "Mozilla/5.0 (compatible; Googlebot/2.1; +http://www.google.com/bot.html)"
213.186.122.3 - - [29/Aug/2011:12:59:44 +0000] "GET /robots.txt HTTP/1.1" 404 148 "-" "Mozilla/5.0 (compatible; AhrefsBot/1.0; +http://ahrefs.com/robot/)"
213.186.122.3 - - [29/Aug/2011:12:59:45 +0000] "GET /CV.html HTTP/1.1" 200 5934 "-" "Mozilla/5.0 (compatible; AhrefsBot/1.0; +http://ahrefs.com/robot/)"
178.63.23.142 - - [29/Aug/2011:14:24:04 +0000] "GET / HTTP/1.1" 200 881 "http://gajdusek.net/backlinks.php" "Opera/9.80 (X11; Linux x86_64; U; en) Presto/2.8.131 Version/11.10"
173.203.140.221 - - [29/Aug/2011:15:04:02 +0000] "GET /amqp-debug.png HTTP/1.1" 404 169 "-" "-"
38.101.148.126 - - [29/Aug/2011:15:16:29 +0000] "GET /robots.txt HTTP/1.1" 404 148 "-" "Mozilla/5.0 (compatible; discobot/1.1; +http://discoveryengine.com/discobot.html)"
38.101.148.126 - - [29/Aug/2011:19:51:09 +0000] "GET /robots.txt HTTP/1.1" 404 148 "-" "Mozilla/5.0 (compatible; discobot/1.1; +http://discoveryengine.com/discobot.html)"
207.97.227.234 - - [29/Aug/2011:21:38:08 +0000] "GET /amqp-debug.png HTTP/1.1" 404 169 "-" "-"
38.101.148.126 - - [30/Aug/2011:00:35:18 +0000] "GET /robots.txt HTTP/1.1" 404 148 "-" "Mozilla/5.0 (compatible; discobot/1.1; +http://discoveryengine.com/discobot.html)"
67.195.113.228 - - [30/Aug/2011:02:41:59 +0000] "GET /robots.txt HTTP/1.0" 404 169 "-" "Mozilla/5.0 (compatible; Yahoo! Slurp; http://help.yahoo.com/help/us/ysearch/slurp)"
67.195.113.228 - - [30/Aug/2011:02:42:00 +0000] "GET /Rango.pdf HTTP/1.0" 404 169 "-" "Mozilla/5.0 (compatible; Yahoo! Slurp; http://help.yahoo.com/help/us/ysearch/slurp)"
67.195.113.228 - - [30/Aug/2011:03:55:48 +0000] "GET /amqp-0.8.0.rc13.pre.gem HTTP/1.0" 404 169 "-" "Mozilla/5.0 (compatible; Yahoo! Slurp; http://help.yahoo.com/help/us/ysearch/slurp)"
207.97.227.233 - - [30/Aug/2011:04:36:18 +0000] "GET /amqp-debug.png HTTP/1.1" 404 169 "-" "-"
38.101.148.126 - - [30/Aug/2011:05:49:27 +0000] "GET /robots.txt HTTP/1.1" 404 148 "-" "Mozilla/5.0 (compatible; discobot/1.1; +http://discoveryengine.com/discobot.html)"
207.97.227.236 - - [30/Aug/2011:08:27:00 +0000] "GET /amqp-debug.png HTTP/1.1" 404 169 "-" "-"
38.101.148.126 - - [30/Aug/2011:10:44:03 +0000] "GET /robots.txt HTTP/1.1" 404 148 "-" "Mozilla/5.0 (compatible; discobot/1.1; +http://discoveryengine.com/discobot.html)"
78.92.94.126 - - [30/Aug/2011:12:55:20 +0000] "GET /favicon.ico HTTP/1.1" 404 148 "-" "Mozilla/5.0 (Macintosh; Intel Mac OS X 10.6; rv:6.0) Gecko/20100101 Firefox/6.0"
207.97.227.254 - - [30/Aug/2011:14:45:59 +0000] "GET /amqp-debug.png HTTP/1.1" 404 169 "-" "-"
38.101.148.126 - - [30/Aug/2011:15:19:02 +0000] "GET /robots.txt HTTP/1.1" 404 148 "-" "Mozilla/5.0 (compatible; discobot/1.1; +http://discoveryengine.com/discobot.html)"
173.203.140.220 - - [30/Aug/2011:16:21:01 +0000] "GET /amqp-debug.png HTTP/1.1" 404 169 "-" "-"
38.101.148.126 - - [30/Aug/2011:19:53:34 +0000] "GET /robots.txt HTTP/1.1" 404 148 "-" "Mozilla/5.0 (compatible; discobot/1.1; +http://discoveryengine.com/discobot.html)"
38.101.148.126 - - [31/Aug/2011:00:54:39 +0000] "GET /robots.txt HTTP/1.1" 404 148 "-" "Mozilla/5.0 (compatible; discobot/1.1; +http://discoveryengine.com/discobot.html)"
67.195.113.228 - - [31/Aug/2011:05:57:35 +0000] "GET /robots.txt HTTP/1.0" 404 169 "-" "Mozilla/5.0 (compatible; Yahoo! Slurp; http://help.yahoo.com/help/us/ysearch/slurp)"
67.195.113.228 - - [31/Aug/2011:05:57:36 +0000] "GET /CV.html HTTP/1.0" 200 15819 "-" "Mozilla/5.0 (compatible; Yahoo! Slurp; http://help.yahoo.com/help/us/ysearch/slurp)"
67.195.113.228 - - [31/Aug/2011:05:57:38 +0000] "GET /assets/css/all.css HTTP/1.0" 200 190 "http://static.101ideas.cz/CV.html" "Mozilla/5.0 (compatible; Yahoo! Slurp; http://help.yahoo.com/help/us/ysearch/slurp)"
67.195.113.228 - - [31/Aug/2011:05:57:40 +0000] "GET /assets/css/design.css HTTP/1.0" 200 762 "http://static.101ideas.cz/CV.html" "Mozilla/5.0 (compatible; Yahoo! Slurp; http://help.yahoo.com/help/us/ysearch/slurp)"
38.101.148.126 - - [31/Aug/2011:06:01:08 +0000] "GET /robots.txt HTTP/1.1" 404 148 "-" "Mozilla/5.0 (compatible; discobot/1.1; +http://discoveryengine.com/discobot.html)"
173.203.140.220 - - [31/Aug/2011:07:53:07 +0000] "GET /amqp-debug.png HTTP/1.1" 404 169 "-" "-"
38.101.148.126 - - [31/Aug/2011:10:50:22 +0000] "GET /robots.txt HTTP/1.1" 404 148 "-" "Mozilla/5.0 (compatible; discobot/1.1; +http://discoveryengine.com/discobot.html)"
207.97.227.234 - - [31/Aug/2011:14:03:19 +0000] "GET /amqp-debug.png HTTP/1.1" 404 169 "-" "-"
38.101.148.126 - - [31/Aug/2011:15:36:17 +0000] "GET /robots.txt HTTP/1.1" 404 148 "-" "Mozilla/5.0 (compatible; discobot/1.1; +http://discoveryengine.com/discobot.html)"
173.203.140.220 - - [31/Aug/2011:16:40:39 +0000] "GET /amqp-debug.png HTTP/1.1" 404 169 "-" "-"
95.108.217.251 - - [31/Aug/2011:18:50:18 +0000] "GET /robots.txt HTTP/1.1" 404 169 "-" "Mozilla/5.0 (compatible; YandexBot/3.0; +http://yandex.com/bots)"
95.108.217.251 - - [01/Sep/2011:02:01:34 +0000] "GET / HTTP/1.1" 200 352 "-" "Mozilla/5.0 (compatible; YandexBot/3.0; +http://yandex.com/bots)"
95.108.217.251 - - [01/Sep/2011:03:15:30 +0000] "GET /CV.html HTTP/1.1" 200 5934 "-" "Mozilla/5.0 (compatible; YandexBot/3.0; +http://yandex.com/bots)"
207.97.227.233 - - [01/Sep/2011:03:39:24 +0000] "GET /amqp-debug.png HTTP/1.1" 404 169 "-" "-"
81.201.60.169 - - [01/Sep/2011:06:53:38 +0000] "GET /CV.html HTTP/1.1" 200 5934 "http://101ideas.cz/about.html" "Mozilla/5.0 (Macintosh; Intel Mac OS X 10_7) AppleWebKit/534.48.3 (KHTML, like Gecko) Version/5.1 Safari/534.48.3"
81.201.60.169 - - [01/Sep/2011:06:53:38 +0000] "GET /assets/js/application.js HTTP/1.1" 200 1053 "http://static.101ideas.cz/CV.html" "Mozilla/5.0 (Macintosh; Intel Mac OS X 10_7) AppleWebKit/534.48.3 (KHTML, like Gecko) Version/5.1 Safari/534.48.3"
81.201.60.169 - - [01/Sep/2011:06:53:38 +0000] "GET /assets/css/design.css HTTP/1.1" 200 762 "http://static.101ideas.cz/CV.html" "Mozilla/5.0 (Macintosh; Intel Mac OS X 10_7) AppleWebKit/534.48.3 (KHTML, like Gecko) Version/5.1 Safari/534.48.3"
81.201.60.169 - - [01/Sep/2011:06:53:38 +0000] "GET /assets/css/all.css HTTP/1.1" 200 190 "http://static.101ideas.cz/CV.html" "Mozilla/5.0 (Macintosh; Intel Mac OS X 10_7) AppleWebKit/534.48.3 (KHTML, like Gecko) Version/5.1 Safari/534.48.3"
81.201.60.169 - - [01/Sep/2011:06:53:39 +0000] "GET /assets/js/mootools-1.2-more.js HTTP/1.1" 200 130450 "http://static.101ideas.cz/CV.html" "Mozilla/5.0 (Macintosh; Intel Mac OS X 10_7) AppleWebKit/534.48.3 (KHTML, like Gecko) Version/5.1 Safari/534.48.3"
81.201.60.169 - - [01/Sep/2011:06:53:39 +0000] "GET /assets/js/mootools-1.2-core.js HTTP/1.1" 200 66868 "http://static.101ideas.cz/CV.html" "Mozilla/5.0 (Macintosh; Intel Mac OS X 10_7) AppleWebKit/534.48.3 (KHTML, like Gecko) Version/5.1 Safari/534.48.3"
81.201.60.169 - - [01/Sep/2011:06:53:39 +0000] "GET /favicon.ico HTTP/1.1" 404 148 "http://static.101ideas.cz/CV.html" "Mozilla/5.0 (Macintosh; Intel Mac OS X 10_7) AppleWebKit/534.48.3 (KHTML, like Gecko) Version/5.1 Safari/534.48.3"
207.97.227.235 - - [01/Sep/2011:08:50:36 +0000] "GET /amqp-debug.png HTTP/1.1" 404 169 "-" "-"
207.97.227.235 - - [01/Sep/2011:08:50:51 +0000] "GET /amqp-debug.png HTTP/1.1" 404 169 "-" "-"
207.97.227.234 - - [01/Sep/2011:14:15:15 +0000] "GET /amqp-debug.png HTTP/1.1" 404 169 "-" "-"
173.203.140.221 - - [01/Sep/2011:20:47:58 +0000] "GET /amqp-debug.png HTTP/1.1" 404 169 "-" "-"
66.249.72.167 - - [01/Sep/2011:21:28:25 +0000] "GET /robots.txt HTTP/1.1" 404 148 "-" "Mozilla/5.0 (compatible; Googlebot/2.1; +http://www.google.com/bot.html)"
66.249.72.167 - - [01/Sep/2011:21:28:25 +0000] "GET / HTTP/1.1" 200 353 "-" "Mozilla/5.0 (compatible; Googlebot/2.1; +http://www.google.com/bot.html)"
38.101.148.126 - - [02/Sep/2011:03:09:20 +0000] "GET /robots.txt HTTP/1.1" 404 148 "-" "Mozilla/5.0 (compatible; discobot/1.1; +http://discoveryengine.com/discobot.html)"
173.203.140.221 - - [02/Sep/2011:15:58:32 +0000] "GET /amqp-debug.png HTTP/1.1" 404 169 "-" "-"
173.203.140.221 - - [02/Sep/2011:19:13:50 +0000] "GET /amqp-debug.png HTTP/1.1" 404 169 "-" "-"
207.97.227.235 - - [02/Sep/2011:19:19:56 +0000] "GET /amqp-debug.png HTTP/1.1" 404 169 "-" "-"
207.97.227.234 - - [03/Sep/2011:01:01:28 +0000] "GET /amqp-debug.png HTTP/1.1" 404 169 "-" "-"
173.203.140.221 - - [03/Sep/2011:07:10:41 +0000] "GET /amqp-debug.png HTTP/1.1" 404 169 "-" "-"
95.108.151.244 - - [03/Sep/2011:08:29:09 +0000] "GET /robots.txt HTTP/1.1" 404 169 "-" "Mozilla/5.0 (compatible; YandexBot/3.0; +http://yandex.com/bots)"
95.108.151.244 - - [03/Sep/2011:08:29:10 +0000] "GET / HTTP/1.1" 200 354 "-" "Mozilla/5.0 (compatible; YandexBot/3.0; +http://yandex.com/bots)"
95.108.151.244 - - [03/Sep/2011:08:29:11 +0000] "GET / HTTP/1.1" 200 354 "-" "Mozilla/5.0 (compatible; YandexBot/3.0; +http://yandex.com/bots)"
66.249.72.234 - - [03/Sep/2011:11:14:47 +0000] "GET /robots.txt HTTP/1.1" 404 148 "-" "Mozilla/5.0 (compatible; Googlebot/2.1; +http://www.google.com/bot.html)"
66.249.72.234 - - [03/Sep/2011:11:14:47 +0000] "GET /Rango.pdf HTTP/1.1" 404 148 "-" "Mozilla/5.0 (compatible; Googlebot/2.1; +http://www.google.com/bot.html)"
180.76.5.90 - - [03/Sep/2011:12:38:19 +0000] "GET /robots.txt HTTP/1.1" 404 148 "-" "Baiduspider+(+http://www.baidu.com/search/spider.htm)"
207.97.227.242 - - [03/Sep/2011:17:05:12 +0000] "GET /amqp-debug.png HTTP/1.1" 404 169 "-" "-"
95.108.217.251 - - [03/Sep/2011:18:29:10 +0000] "GET /robots.txt HTTP/1.1" 404 169 "-" "Mozilla/5.0 (compatible; YandexBot/3.0; +http://yandex.com/bots)"
95.108.217.251 - - [03/Sep/2011:18:29:15 +0000] "GET /CV.html HTTP/1.1" 200 5934 "-" "Mozilla/5.0 (compatible; YandexBot/3.0; +http://yandex.com/bots)"
89.203.146.130 - - [03/Sep/2011:21:34:53 +0000] "GET /CV.html HTTP/1.1" 200 5934 "http://www.facebook.com/l.php?u=http%3A%2F%2Fstatic.101ideas.cz%2FCV.html&h=CAQAmkqPW" "Mozilla/5.0 (Macintosh; Intel Mac OS X 10_7) AppleWebKit/534.48.3 (KHTML, like Gecko) Version/5.1 Safari/534.48.3"
89.203.146.130 - - [03/Sep/2011:21:34:53 +0000] "GET /assets/css/all.css HTTP/1.1" 200 190 "http://static.101ideas.cz/CV.html" "Mozilla/5.0 (Macintosh; Intel Mac OS X 10_7) AppleWebKit/534.48.3 (KHTML, like Gecko) Version/5.1 Safari/534.48.3"
89.203.146.130 - - [03/Sep/2011:21:34:53 +0000] "GET /assets/css/design.css HTTP/1.1" 200 762 "http://static.101ideas.cz/CV.html" "Mozilla/5.0 (Macintosh; Intel Mac OS X 10_7) AppleWebKit/534.48.3 (KHTML, like Gecko) Version/5.1 Safari/534.48.3"
89.203.146.130 - - [03/Sep/2011:21:34:53 +0000] "GET /assets/js/application.js HTTP/1.1" 200 1053 "http://static.101ideas.cz/CV.html" "Mozilla/5.0 (Macintosh; Intel Mac OS X 10_7) AppleWebKit/534.48.3 (KHTML, like Gecko) Version/5.1 Safari/534.48.3"
89.203.146.130 - - [03/Sep/2011:21:34:53 +0000] "GET /assets/js/mootools-1.2-core.js HTTP/1.1" 200 66868 "http://static.101ideas.cz/CV.html" "Mozilla/5.0 (Macintosh; Intel Mac OS X 10_7) AppleWebKit/534.48.3 (KHTML, like Gecko) Version/5.1 Safari/534.48.3"
89.203.146.130 - - [03/Sep/2011:21:34:53 +0000] "GET /assets/js/mootools-1.2-more.js HTTP/1.1" 200 130450 "http://static.101ideas.cz/CV.html" "Mozilla/5.0 (Macintosh; Intel Mac OS X 10_7) AppleWebKit/534.48.3 (KHTML, like Gecko) Version/5.1 Safari/534.48.3"
89.203.146.130 - - [03/Sep/2011:21:34:53 +0000] "GET /favicon.ico HTTP/1.1" 404 148 "http://static.101ideas.cz/CV.html" "Mozilla/5.0 (Macintosh; Intel Mac OS X 10_7) AppleWebKit/534.48.3 (KHTML, like Gecko) Version/5.1 Safari/534.48.3"
66.220.146.247 - - [03/Sep/2011:21:34:54 +0000] "GET /CV.html HTTP/1.0" 206 15819 "-" "facebookexternalhit/1.1 (+http://www.facebook.com/externalhit_uatext.php)"
207.97.227.235 - - [03/Sep/2011:22:18:52 +0000] "GET /amqp-debug.png HTTP/1.1" 404 169 "-" "-"
67.195.113.228 - - [04/Sep/2011:03:42:05 +0000] "GET /robots.txt HTTP/1.0" 404 169 "-" "Mozilla/5.0 (compatible; Yahoo! Slurp; http://help.yahoo.com/help/us/ysearch/slurp)"
67.195.113.228 - - [04/Sep/2011:03:42:05 +0000] "GET /CV.html HTTP/1.0" 200 15819 "-" "Mozilla/5.0 (compatible; Yahoo! Slurp; http://help.yahoo.com/help/us/ysearch/slurp)"
67.195.113.228 - - [04/Sep/2011:03:42:08 +0000] "GET /assets/css/all.css HTTP/1.0" 200 190 "http://static.101ideas.cz/CV.html" "Mozilla/5.0 (compatible; Yahoo! Slurp; http://help.yahoo.com/help/us/ysearch/slurp)"
67.195.113.228 - - [04/Sep/2011:03:42:11 +0000] "GET /assets/css/design.css HTTP/1.0" 200 762 "http://static.101ideas.cz/CV.html" "Mozilla/5.0 (compatible; Yahoo! Slurp; http://help.yahoo.com/help/us/ysearch/slurp)"
207.97.227.236 - - [04/Sep/2011:04:52:43 +0000] "GET /amqp-debug.png HTTP/1.1" 404 169 "-" "-"
180.76.5.156 - - [04/Sep/2011:13:53:25 +0000] "GET /robots.txt HTTP/1.1" 404 148 "-" "Baiduspider+(+http://www.baidu.com/search/spider.htm)"
207.97.227.233 - - [04/Sep/2011:19:40:35 +0000] "GET /amqp-debug.png HTTP/1.1" 404 169 "-" "-"
180.76.5.64 - - [04/Sep/2011:21:17:00 +0000] "GET /robots.txt HTTP/1.1" 404 148 "-" "Baiduspider+(+http://www.baidu.com/search/spider.htm)"
90.183.39.17 - - [05/Sep/2011:00:31:41 +0000] "GET /robots.txt HTTP/1.1" 404 169 "-" "holmes/3.12.4 (http://morfeo.centrum.cz/bot)"
173.203.140.221 - - [05/Sep/2011:05:25:51 +0000] "GET /amqp-debug.png HTTP/1.1" 404 169 "-" "-"
173.203.140.221 - - [05/Sep/2011:05:26:10 +0000] "GET /amqp-debug.png HTTP/1.1" 404 169 "-" "-"
207.97.227.234 - - [05/Sep/2011:05:52:42 +0000] "GET /amqp-debug.png HTTP/1.1" 404 169 "-" "-"
173.203.140.220 - - [05/Sep/2011:05:54:39 +0000] "GET /amqp-debug.png HTTP/1.1" 404 169 "-" "-"
207.97.227.233 - - [05/Sep/2011:06:57:20 +0000] "GET /amqp-debug.png HTTP/1.1" 404 169 "-" "-"
207.97.227.233 - - [05/Sep/2011:06:57:42 +0000] "GET /amqp-debug.png HTTP/1.1" 404 169 "-" "-"
207.97.227.234 - - [05/Sep/2011:16:50:49 +0000] "GET /amqp-debug.png HTTP/1.1" 404 169 "-" "-"
213.186.122.3 - - [05/Sep/2011:18:47:51 +0000] "GET /robots.txt HTTP/1.1" 404 148 "-" "Mozilla/5.0 (compatible; AhrefsBot/1.0; +http://ahrefs.com/robot/)"
213.186.122.3 - - [05/Sep/2011:18:47:52 +0000] "GET /CV.html HTTP/1.1" 200 5934 "-" "Mozilla/5.0 (compatible; AhrefsBot/1.0; +http://ahrefs.com/robot/)"
180.76.5.14 - - [05/Sep/2011:20:17:57 +0000] "GET /robots.txt HTTP/1.1" 404 148 "-" "Baiduspider+(+http://www.baidu.com/search/spider.htm)"
95.108.217.251 - - [05/Sep/2011:21:28:10 +0000] "GET /robots.txt HTTP/1.1" 404 169 "-" "Mozilla/5.0 (compatible; YandexBot/3.0; +http://yandex.com/bots)"
95.108.217.251 - - [05/Sep/2011:22:50:06 +0000] "GET /CV.html HTTP/1.1" 200 5934 "-" "Mozilla/5.0 (compatible; YandexBot/3.0; +http://yandex.com/bots)"
207.97.227.236 - - [06/Sep/2011:06:14:20 +0000] "GET /amqp-debug.png HTTP/1.1" 404 169 "-" "-"
208.115.111.68 - - [06/Sep/2011:15:18:02 +0000] "GET /robots.txt HTTP/1.1" 404 169 "-" "Mozilla/5.0 (compatible; Ezooms/1.0; ezooms.bot@gmail.com)"
207.97.227.242 - - [06/Sep/2011:15:19:00 +0000] "GET /amqp-debug.png HTTP/1.1" 404 169 "-" "-"
208.115.111.68 - - [06/Sep/2011:16:41:48 +0000] "GET /CV.html HTTP/1.1" 200 15819 "-" "Mozilla/5.0 (compatible; Ezooms/1.0; ezooms.bot@gmail.com)"
95.108.217.251 - - [06/Sep/2011:18:43:42 +0000] "GET /robots.txt HTTP/1.1" 404 169 "-" "Mozilla/5.0 (compatible; YandexBot/3.0; +http://yandex.com/bots)"
95.108.217.251 - - [06/Sep/2011:18:43:48 +0000] "GET / HTTP/1.1" 200 353 "-" "Mozilla/5.0 (compatible; YandexBot/3.0; +http://yandex.com/bots)"
147.251.48.4 - - [06/Sep/2011:19:30:54 +0000] "GET /robots.txt HTTP/1.1" 404 169 "-" "Mozilla/5.0 (compatible; socketcrawler; http://nlp.fi.muni.cz/projects/biwec/)"
90.183.39.17 - - [07/Sep/2011:09:59:32 +0000] "GET / HTTP/1.1" 200 881 "-" "holmes/3.12.4 (http://morfeo.centrum.cz/bot)"
173.203.140.221 - - [07/Sep/2011:16:46:33 +0000] "GET /amqp-debug.png HTTP/1.1" 404 169 "-" "-"
173.203.140.221 - - [07/Sep/2011:23:39:19 +0000] "GET /amqp-debug.png HTTP/1.1" 404 169 "-" "-"
69.28.58.27 - - [08/Sep/2011:08:18:47 +0000] "GET /robots.txt HTTP/1.0" 404 529 "-" "Mozilla/4.0 (compatible; MSIE 6.0; Windows NT 5.0) (larbin2.6.3@unspecified.mail)"
69.28.58.27 - - [08/Sep/2011:08:18:51 +0000] "GET / HTTP/1.0" 200 869 "-" "Mozilla/4.0 (compatible; MSIE 6.0; Windows NT 5.0) larbin2.6.3@unspecified.mail"
80.255.245.237 - - [08/Sep/2011:13:49:29 +0000] "GET /amqp-debug.png HTTP/1.1" 404 148 "http://rdoc.info/gems/amq-protocol/0.8.1/file/README.textile" "Mozilla/5.0 (Macintosh; Intel Mac OS X 10.7; rv:9.0a1) Gecko/20110907 Firefox/9.0a1"
207.97.227.236 - - [08/Sep/2011:15:39:45 +0000] "GET /amqp-debug.png HTTP/1.1" 404 169 "-" "-"
207.97.227.234 - - [08/Sep/2011:16:04:14 +0000] "GET /amqp-debug.png HTTP/1.1" 404 169 "-" "-"
112.134.105.93 - - [08/Sep/2011:18:28:34 +0000] "GET / HTTP/1.1" 200 881 "-" "-"
207.97.227.242 - - [08/Sep/2011:18:52:40 +0000] "GET /amqp-debug.png HTTP/1.1" 404 169 "-" "-"
207.97.227.234 - - [09/Sep/2011:02:42:29 +0000] "GET /amqp-debug.png HTTP/1.1" 404 169 "-" "-"
38.101.148.126 - - [09/Sep/2011:03:13:45 +0000] "GET /robots.txt HTTP/1.1" 404 148 "-" "Mozilla/5.0 (compatible; discobot/1.1; +http://discoveryengine.com/discobot.html)"
207.97.227.233 - - [09/Sep/2011:15:26:02 +0000] "GET /amqp-debug.png HTTP/1.1" 404 169 "-" "-"
207.97.227.233 - - [09/Sep/2011:17:10:35 +0000] "GET /amqp-debug.png HTTP/1.1" 404 169 "-" "-"
67.195.113.228 - - [09/Sep/2011:19:24:05 +0000] "GET /robots.txt HTTP/1.0" 404 169 "-" "Mozilla/5.0 (compatible; Yahoo! Slurp; http://help.yahoo.com/help/us/ysearch/slurp)"
67.195.113.228 - - [09/Sep/2011:19:24:06 +0000] "GET /CV.html HTTP/1.0" 200 15819 "-" "Mozilla/5.0 (compatible; Yahoo! Slurp; http://help.yahoo.com/help/us/ysearch/slurp)"
67.195.113.228 - - [09/Sep/2011:19:24:06 +0000] "GET /assets/css/all.css HTTP/1.0" 200 190 "http://static.101ideas.cz/CV.html" "Mozilla/5.0 (compatible; Yahoo! Slurp; http://help.yahoo.com/help/us/ysearch/slurp)"
67.195.113.228 - - [09/Sep/2011:19:24:07 +0000] "GET /assets/css/design.css HTTP/1.0" 200 762 "http://static.101ideas.cz/CV.html" "Mozilla/5.0 (compatible; Yahoo! Slurp; http://help.yahoo.com/help/us/ysearch/slurp)"
207.97.227.242 - - [09/Sep/2011:22:20:05 +0000] "GET /amqp-debug.png HTTP/1.1" 404 169 "-" "-"
77.88.27.26 - - [10/Sep/2011:01:44:25 +0000] "GET /robots.txt HTTP/1.1" 404 169 "-" "Mozilla/5.0 (compatible; YandexBot/3.0; +http://yandex.com/bots)"
77.88.27.26 - - [10/Sep/2011:02:37:14 +0000] "GET /CV.html HTTP/1.1" 200 5934 "-" "Mozilla/5.0 (compatible; YandexBot/3.0; +http://yandex.com/bots)"
75.101.173.137 - - [10/Sep/2011:04:21:43 +0000] "GET /robots.txt HTTP/1.0" 404 169 "-" "Covario-IDS/1.0 (Covario; http://www.covario.com/ids; support at covario dot com)"
75.101.173.137 - - [10/Sep/2011:04:21:43 +0000] "GET /CV.html HTTP/1.0" 200 15819 "-" "Covario-IDS/1.0 (Covario; http://www.covario.com/ids; support at covario dot com)"
147.251.48.4 - - [10/Sep/2011:06:21:06 +0000] "GET /robots.txt HTTP/1.1" 404 169 "-" "Mozilla/5.0 (compatible; socketcrawler; http://nlp.fi.muni.cz/projects/biwec/)"
213.111.225.146 - - [11/Sep/2011:00:53:42 +0000] "GET /CV.html HTTP/1.0" 200 15819 "http://static.101ideas.cz/CV.html" "Mozilla/4.0 (compatible; MSIE 6.0; Windows NT 5.0; T312461)"
173.203.140.220 - - [11/Sep/2011:06:56:15 +0000] "GET /amqp-debug.png HTTP/1.1" 404 169 "-" "-"
207.97.227.254 - - [11/Sep/2011:09:02:19 +0000] "GET /amqp-debug.png HTTP/1.1" 404 169 "-" "-"
194.35.93.249 - - [11/Sep/2011:10:14:00 +0000] "GET /rooomie.com.mov HTTP/1.1" 200 67186397 "-" "Mozilla/5.0 (Macintosh; Intel Mac OS X 10_7_1) AppleWebKit/535.2 (KHTML, like Gecko) Chrome/15.0.874.3 Safari/535.2"
194.35.93.249 - - [11/Sep/2011:10:14:00 +0000] "GET /favicon.ico HTTP/1.1" 404 148 "-" "Mozilla/5.0 (Macintosh; Intel Mac OS X 10_7_1) AppleWebKit/535.2 (KHTML, like Gecko) Chrome/15.0.874.3 Safari/535.2"
77.88.27.26 - - [11/Sep/2011:10:18:08 +0000] "GET /robots.txt HTTP/1.1" 404 169 "-" "Mozilla/5.0 (compatible; YandexBot/3.0; +http://yandex.com/bots)"
199.59.149.166 - - [11/Sep/2011:10:18:21 +0000] "GET /robots.txt HTTP/1.1" 404 148 "-" "Twitterbot/1.0"
72.14.179.62 - - [11/Sep/2011:10:18:21 +0000] "GET /rooomie.com.mov HTTP/1.1" 206 16385 "-" "InAGist URL Resolver (http://inagist.com)"
174.36.36.62 - - [11/Sep/2011:10:18:21 +0000] "HEAD /rooomie.com.mov HTTP/1.1" 200 0 "-" "Python-urllib/2.6"
199.59.149.31 - - [11/Sep/2011:10:18:21 +0000] "HEAD /rooomie.com.mov HTTP/1.1" 200 0 "-" "Twitterbot/0.1"
184.73.105.1 - - [11/Sep/2011:10:18:21 +0000] "HEAD /rooomie.com.mov HTTP/1.1" 200 0 "-" "-"
50.18.121.64 - - [11/Sep/2011:10:18:21 +0000] "HEAD /rooomie.com.mov HTTP/1.1" 200 0 "-" "UnwindFetchor/1.0 (+http://www.gnip.com/)"
184.72.29.242 - - [11/Sep/2011:10:18:21 +0000] "GET /rooomie.com.mov HTTP/1.1" 206 4096 "-" "JS-Kit URL Resolver, http://js-kit.com/"
184.72.46.215 - - [11/Sep/2011:10:18:21 +0000] "HEAD /rooomie.com.mov HTTP/1.1" 200 0 "-" "UnwindFetchor/1.0 (+http://www.gnip.com/)"
199.59.149.166 - - [11/Sep/2011:10:18:23 +0000] "GET /rooomie.com.mov HTTP/1.1" 200 1739048 "-" "Twitterbot/1.0"
65.52.6.105 - - [11/Sep/2011:10:18:25 +0000] "GET /rooomie.com.mov HTTP/1.1" 200 124100 "-" "Mozilla/4.0 (compatible; MSIE 7.0; Windows NT 6.0)"
65.52.17.111 - - [11/Sep/2011:10:18:33 +0000] "GET /rooomie.com.mov HTTP/1.1" 200 137240 "-" "Mozilla/4.0 (compatible; MSIE 7.0; Windows NT 6.0)"
74.112.131.131 - - [11/Sep/2011:10:18:41 +0000] "GET /robots.txt HTTP/1.0" 404 169 "-" "Mozilla/5.0 (compatible; Butterfly/1.0; +http://labs.topsy.com/butterfly/) Gecko/2009032608 Firefox/3.0.8"
74.112.131.131 - - [11/Sep/2011:10:18:42 +0000] "GET /rooomie.com.mov HTTP/1.0" 200 177840 "-" "Mozilla/5.0 (compatible; Butterfly/1.0; +http://labs.topsy.com/butterfly/) Gecko/2009032608 Firefox/3.0.8"
184.73.108.194 - - [11/Sep/2011:10:18:51 +0000] "HEAD /rooomie.com.mov HTTP/1.1" 206 0 "-" "MetaURI API/2.0 +metauri.com"
184.73.108.194 - - [11/Sep/2011:10:18:52 +0000] "GET /rooomie.com.mov HTTP/1.1" 206 524289 "-" "MetaURI API/2.0 +metauri.com"
174.37.79.34 - - [11/Sep/2011:10:18:53 +0000] "GET /robots.txt HTTP/1.1" 404 148 "-" "Mozilla/5.0 (compatible; ScribdReader/1.0; +http://www.scribd.com/reader.html)"
174.37.79.34 - - [11/Sep/2011:10:18:53 +0000] "GET /rooomie.com.mov HTTP/1.1" 200 14480 "-" "Mozilla/5.0 (compatible; ScribdReader/1.0; +http://www.scribd.com/reader.html)"
50.18.121.40 - - [11/Sep/2011:10:19:11 +0000] "HEAD /rooomie.com.mov HTTP/1.1" 200 0 "-" "UnwindFetchor/1.0 (+http://www.gnip.com/)"
184.72.47.71 - - [11/Sep/2011:10:19:12 +0000] "HEAD /rooomie.com.mov HTTP/1.1" 200 0 "-" "UnwindFetchor/1.0 (+http://www.gnip.com/)"
199.59.149.166 - - [11/Sep/2011:10:19:13 +0000] "GET /rooomie.com.mov HTTP/1.1" 200 1833168 "-" "Twitterbot/1.0"
184.72.200.248 - - [11/Sep/2011:10:19:13 +0000] "HEAD /rooomie.com.mov HTTP/1.1" 200 0 "-" "Summify (Summify/1.0.1; +http://summify.com)"
216.52.242.14 - - [11/Sep/2011:10:19:32 +0000] "GET /rooomie.com.mov HTTP/1.1" 200 1876800 "-" "LinkedInBot/1.0 (compatible; Mozilla/5.0; Jakarta Commons-HttpClient/3.1 +http://www.linkedin.com)"
109.80.191.2 - - [11/Sep/2011:10:20:10 +0000] "GET /rooomie.com.mov HTTP/1.1" 200 67186397 "http://t.co/WwzdXn8" "Mozilla/5.0 (Windows NT 6.1) AppleWebKit/535.1 (KHTML, like Gecko) Chrome/13.0.782.220 Safari/535.1"
50.19.207.194 - - [11/Sep/2011:10:20:41 +0000] "GET /robots.txt HTTP/1.1" 404 169 "-" "Mozilla/5.0 (compatible; FlipboardProxy/1.1; +http://flipboard.com/browserproxy)"
50.19.207.194 - - [11/Sep/2011:10:20:42 +0000] "HEAD /rooomie.com.mov HTTP/1.1" 200 0 "-" "Mozilla/5.0 (Macintosh; U; Intel Mac OS X 10.6; en-US; rv:1.9.2) Gecko/20100115 Firefox/3.6 (FlipboardProxy/1.1; +http://flipboard.com/browserproxy)"
174.129.76.14 - - [11/Sep/2011:10:20:43 +0000] "GET /rooomie.com.mov HTTP/1.1" 200 14480 "-" "Mozilla/5.0 (Macintosh; U; Intel Mac OS X 10.6; en-US; rv:1.9.2) Gecko/20100115 Firefox/3.6 (FlipboardProxy/0.0.5; +http://flipboard.com/browserproxy)"
89.151.116.52 - - [11/Sep/2011:10:20:59 +0000] "GET /rooomie.com.mov HTTP/1.1" 200 14480 "-" "Mozilla/5.0 (compatible; TweetmemeBot/2.11; +http://tweetmeme.com/)"
89.151.116.52 - - [11/Sep/2011:10:20:59 +0000] "GET /rooomie.com.mov HTTP/1.1" 200 14480 "-" "Mozilla/5.0 (compatible; TweetmemeBot/2.11; +http://tweetmeme.com/)"
109.80.168.187 - - [11/Sep/2011:10:21:00 +0000] "GET /rooomie.com.mov HTTP/1.1" 200 67680 "http://www.facebook.com/l.php?u=http%3A%2F%2Ft.co%2FWwzdXn8&h=TAQAZXRrpAQAG8o8esXdVLpslRlI_LYtt3LGVPczBdcJ2EA" "Mozilla/5.0 (Macintosh; Intel Mac OS X 10_7_1) AppleWebKit/534.48.3 (KHTML, like Gecko) Version/5.1 Safari/534.48.3"
109.80.168.187 - - [11/Sep/2011:10:21:00 +0000] "GET /rooomie.com.mov HTTP/1.1" 206 2 "-" "AppleCoreMedia/1.0.0.11B26 (Macintosh; U; Intel Mac OS X 10_7_1; en_us)"
66.220.149.247 - - [11/Sep/2011:10:21:01 +0000] "GET /rooomie.com.mov HTTP/1.0" 206 40961 "-" "facebookexternalhit/1.1 (+http://www.facebook.com/externalhit_uatext.php)"
109.80.168.187 - - [11/Sep/2011:10:21:01 +0000] "GET /rooomie.com.mov HTTP/1.1" 206 70560 "-" "AppleCoreMedia/1.0.0.11B26 (Macintosh; U; Intel Mac OS X 10_7_1; en_us)"
109.80.168.187 - - [11/Sep/2011:10:21:01 +0000] "GET /rooomie.com.mov HTTP/1.1" 206 143069 "-" "AppleCoreMedia/1.0.0.11B26 (Macintosh; U; Intel Mac OS X 10_7_1; en_us)"
109.80.168.187 - - [11/Sep/2011:10:21:02 +0000] "GET /rooomie.com.mov HTTP/1.1" 206 1949 "-" "AppleCoreMedia/1.0.0.11B26 (Macintosh; U; Intel Mac OS X 10_7_1; en_us)"
109.80.168.187 - - [11/Sep/2011:10:21:02 +0000] "GET /rooomie.com.mov HTTP/1.1" 206 1949 "-" "AppleCoreMedia/1.0.0.11B26 (Macintosh; U; Intel Mac OS X 10_7_1; en_us)"
109.80.168.187 - - [11/Sep/2011:10:21:02 +0000] "GET /rooomie.com.mov HTTP/1.1" 206 65536 "-" "AppleCoreMedia/1.0.0.11B26 (Macintosh; U; Intel Mac OS X 10_7_1; en_us)"
109.80.168.187 - - [11/Sep/2011:10:21:02 +0000] "GET /favicon.ico HTTP/1.1" 404 148 "http://static.101ideas.cz/rooomie.com.mov" "Mozilla/5.0 (Macintosh; Intel Mac OS X 10_7_1) AppleWebKit/534.48.3 (KHTML, like Gecko) Version/5.1 Safari/534.48.3"
173.192.79.101 - - [11/Sep/2011:10:21:36 +0000] "GET /rooomie.com.mov HTTP/1.1" 200 14480 "-" "-"
109.80.168.187 - - [11/Sep/2011:10:21:37 +0000] "GET /rooomie.com.mov HTTP/1.1" 206 67021728 "-" "AppleCoreMedia/1.0.0.11B26 (Macintosh; U; Intel Mac OS X 10_7_1; en_us)"
216.252.125.137 - - [11/Sep/2011:10:21:39 +0000] "GET /rooomie.com.mov HTTP/1.1" 200 67186397 "-" "Python-urllib/2.5"
173.255.237.12 - - [11/Sep/2011:10:21:48 +0000] "GET /rooomie.com.mov HTTP/1.1" 200 17376 "-" "Java/1.6.0_26"
216.252.125.157 - - [11/Sep/2011:10:21:55 +0000] "GET /rooomie.com.mov HTTP/1.1" 200 67186397 "-" "Python-urllib/2.5"
212.140.245.210 - - [11/Sep/2011:10:22:21 +0000] "GET /rooomie.com.mov HTTP/1.1" 200 15413559 "http://t.co/WwzdXn8" "Mozilla/5.0 (Macintosh; Intel Mac OS X 10_6_6) AppleWebKit/535.1 (KHTML, like Gecko) Chrome/13.0.782.220 Safari/535.1"
212.140.245.210 - - [11/Sep/2011:10:22:22 +0000] "GET /rooomie.com.mov HTTP/1.1" 206 1 "-" "Mozilla/5.0 (Macintosh; Intel Mac OS X 10_6_6) AppleWebKit/535.1 (KHTML, like Gecko) Chrome/13.0.782.220 Safari/535.1"
216.252.125.134 - - [11/Sep/2011:10:22:43 +0000] "GET /rooomie.com.mov HTTP/1.1" 200 67186397 "-" "Python-urllib/2.5"
107.20.8.26 - - [11/Sep/2011:10:23:12 +0000] "GET /rooomie.com.mov HTTP/1.1" 200 72400 "-" "Java/1.6.0_07"
76.21.112.154 - - [11/Sep/2011:10:23:53 +0000] "GET /rooomie.com.mov HTTP/1.1" 200 67186397 "http://www.facebook.com/l.php?u=http%3A%2F%2Ft.co%2FWwzdXn8&h=bAQBxI9GZAQB3uofnhiqbrbjcjaDKJnip8e0h0cX3Qono3g" "Mozilla/5.0 (Windows NT 6.1; WOW64) AppleWebKit/535.1 (KHTML, like Gecko) Chrome/13.0.782.220 Safari/535.1"
76.21.112.154 - - [11/Sep/2011:10:23:53 +0000] "GET /favicon.ico HTTP/1.1" 404 148 "-" "Mozilla/5.0 (Windows NT 6.1; WOW64) AppleWebKit/535.1 (KHTML, like Gecko) Chrome/13.0.782.220 Safari/535.1"
174.129.42.87 - - [11/Sep/2011:10:24:01 +0000] "GET /rooomie.com.mov HTTP/1.1" 200 101360 "-" "Python-urllib/2.6"
174.129.42.87 - - [11/Sep/2011:10:24:19 +0000] "GET /rooomie.com.mov HTTP/1.1" 200 39096 "-" "Python-urllib/2.6"
212.140.245.210 - - [11/Sep/2011:10:24:20 +0000] "GET /rooomie.com.mov HTTP/1.1" 206 51797156 "-" "Mozilla/5.0 (Macintosh; Intel Mac OS X 10_6_6) AppleWebKit/535.1 (KHTML, like Gecko) Chrome/13.0.782.220 Safari/535.1"
212.140.245.210 - - [11/Sep/2011:10:24:20 +0000] "GET /favicon.ico HTTP/1.1" 404 148 "-" "Mozilla/5.0 (Macintosh; Intel Mac OS X 10_6_6) AppleWebKit/535.1 (KHTML, like Gecko) Chrome/13.0.782.220 Safari/535.1"
109.80.168.187 - - [11/Sep/2011:10:25:14 +0000] "GET /rooomie.com.mov HTTP/1.1" 200 67680 "http://www.facebook.com/l.php?u=http%3A%2F%2Ft.co%2FWwzdXn8&h=CAQDif3FKAQBnSiPhnQNoe2O_1WDYY27M5agPaEdJR_s_IQ" "Mozilla/5.0 (Macintosh; Intel Mac OS X 10_7_1) AppleWebKit/534.48.3 (KHTML, like Gecko) Version/5.1 Safari/534.48.3"
109.80.168.187 - - [11/Sep/2011:10:25:15 +0000] "GET /rooomie.com.mov HTTP/1.1" 206 2 "-" "AppleCoreMedia/1.0.0.11B26 (Macintosh; U; Intel Mac OS X 10_7_1; en_us)"
86.18.190.112 - - [11/Sep/2011:10:25:15 +0000] "GET /favicon.ico HTTP/1.1" 404 148 "-" "Mozilla/5.0 (compatible; Google Desktop/5.9.1005.12335; http://desktop.google.com/)"
109.80.168.187 - - [11/Sep/2011:10:25:15 +0000] "GET /rooomie.com.mov HTTP/1.1" 206 70560 "-" "AppleCoreMedia/1.0.0.11B26 (Macintosh; U; Intel Mac OS X 10_7_1; en_us)"
109.80.168.187 - - [11/Sep/2011:10:25:15 +0000] "GET /rooomie.com.mov HTTP/1.1" 206 143069 "-" "AppleCoreMedia/1.0.0.11B26 (Macintosh; U; Intel Mac OS X 10_7_1; en_us)"
109.80.168.187 - - [11/Sep/2011:10:25:15 +0000] "GET /rooomie.com.mov HTTP/1.1" 206 65536 "-" "AppleCoreMedia/1.0.0.11B26 (Macintosh; U; Intel Mac OS X 10_7_1; en_us)"
109.80.168.187 - - [11/Sep/2011:10:25:27 +0000] "GET /rooomie.com.mov HTTP/1.1" 206 20918880 "-" "AppleCoreMedia/1.0.0.11B26 (Macintosh; U; Intel Mac OS X 10_7_1; en_us)"
109.80.168.187 - - [11/Sep/2011:10:25:27 +0000] "GET /rooomie.com.mov HTTP/1.1" 206 67680 "-" "AppleCoreMedia/1.0.0.11B26 (Macintosh; U; Intel Mac OS X 10_7_1; en_us)"
109.80.168.187 - - [11/Sep/2011:10:25:40 +0000] "GET /rooomie.com.mov HTTP/1.1" 206 23410080 "-" "AppleCoreMedia/1.0.0.11B26 (Macintosh; U; Intel Mac OS X 10_7_1; en_us)"
109.80.168.187 - - [11/Sep/2011:10:25:40 +0000] "GET /rooomie.com.mov HTTP/1.1" 206 67680 "-" "AppleCoreMedia/1.0.0.11B26 (Macintosh; U; Intel Mac OS X 10_7_1; en_us)"
109.80.168.187 - - [11/Sep/2011:10:25:44 +0000] "GET /rooomie.com.mov HTTP/1.1" 206 2891520 "-" "AppleCoreMedia/1.0.0.11B26 (Macintosh; U; Intel Mac OS X 10_7_1; en_us)"
109.80.168.187 - - [11/Sep/2011:10:25:44 +0000] "GET /rooomie.com.mov HTTP/1.1" 206 67680 "-" "AppleCoreMedia/1.0.0.11B26 (Macintosh; U; Intel Mac OS X 10_7_1; en_us)"
174.129.90.119 - - [11/Sep/2011:10:25:58 +0000] "GET /rooomie.com.mov HTTP/1.1" 200 43634032 "-" "EQENTIA-BOT"
174.129.90.119 - - [11/Sep/2011:10:26:04 +0000] "GET /rooomie.com.mov HTTP/1.1" 200 46421432 "-" "EQENTIA-BOT"
86.18.190.112 - - [11/Sep/2011:10:26:09 +0000] "GET /rooomie.com.mov HTTP/1.1" 200 67186397 "http://t.co/WwzdXn8" "Mozilla/5.0 (Windows NT 6.1; WOW64) AppleWebKit/535.1 (KHTML, like Gecko) Chrome/13.0.782.220 Safari/535.1"
86.18.190.112 - - [11/Sep/2011:10:26:11 +0000] "GET /favicon.ico HTTP/1.1" 404 148 "-" "Mozilla/5.0 (Windows NT 6.1; WOW64) AppleWebKit/535.1 (KHTML, like Gecko) Chrome/13.0.782.220 Safari/535.1"
109.80.168.187 - - [11/Sep/2011:10:26:55 +0000] "GET /rooomie.com.mov HTTP/1.1" 200 67680 "http://www.facebook.com/l.php?u=http%3A%2F%2Ft.co%2FWwzdXn8&h=CAQDif3FKAQBnSiPhnQNoe2O_1WDYY27M5agPaEdJR_s_IQ" "Mozilla/5.0 (Macintosh; Intel Mac OS X 10_7_1) AppleWebKit/534.48.3 (KHTML, like Gecko) Version/5.1 Safari/534.48.3"
109.80.168.187 - - [11/Sep/2011:10:26:55 +0000] "GET /rooomie.com.mov HTTP/1.1" 304 0 "-" "AppleCoreMedia/1.0.0.11B26 (Macintosh; U; Intel Mac OS X 10_7_1; en_us)"
109.80.168.187 - - [11/Sep/2011:10:27:04 +0000] "GET /rooomie.com.mov HTTP/1.1" 206 14447520 "-" "AppleCoreMedia/1.0.0.11B26 (Macintosh; U; Intel Mac OS X 10_7_1; en_us)"
109.80.168.187 - - [11/Sep/2011:10:27:04 +0000] "GET /rooomie.com.mov HTTP/1.1" 206 20448 "-" "AppleCoreMedia/1.0.0.11B26 (Macintosh; U; Intel Mac OS X 10_7_1; en_us)"
109.80.168.187 - - [11/Sep/2011:10:27:04 +0000] "GET /rooomie.com.mov HTTP/1.1" 206 67680 "-" "AppleCoreMedia/1.0.0.11B26 (Macintosh; U; Intel Mac OS X 10_7_1; en_us)"
109.80.168.187 - - [11/Sep/2011:10:27:11 +0000] "GET /rooomie.com.mov HTTP/1.1" 206 6901728 "-" "AppleCoreMedia/1.0.0.11B26 (Macintosh; U; Intel Mac OS X 10_7_1; en_us)"
213.220.224.155 - - [11/Sep/2011:10:28:00 +0000] "GET /rooomie.com.mov HTTP/1.1" 200 43141540 "http://t.co/WwzdXn8" "Mozilla/5.0 (Windows NT 6.1; WOW64) AppleWebKit/535.1 (KHTML, like Gecko) Chrome/13.0.782.220 Safari/535.1"
92.195.111.91 - - [11/Sep/2011:10:28:21 +0000] "GET /rooomie.com.mov HTTP/1.1" 200 67186397 "http://t.co/WwzdXn8" "Mozilla/5.0 (Macintosh; Intel Mac OS X 10_6_8) AppleWebKit/535.1 (KHTML, like Gecko) Chrome/13.0.782.218 Safari/535.1"
92.195.111.91 - - [11/Sep/2011:10:28:21 +0000] "GET /favicon.ico HTTP/1.1" 404 148 "-" "Mozilla/5.0 (Macintosh; Intel Mac OS X 10_6_8) AppleWebKit/535.1 (KHTML, like Gecko) Chrome/13.0.782.218 Safari/535.1"
213.220.224.155 - - [11/Sep/2011:10:29:29 +0000] "GET /rooomie.com.mov HTTP/1.1" 200 67186397 "-" "Mozilla/5.0 (Windows NT 6.1; WOW64) AppleWebKit/535.1 (KHTML, like Gecko) Chrome/13.0.782.220 Safari/535.1"
213.220.224.155 - - [11/Sep/2011:10:29:30 +0000] "GET /favicon.ico HTTP/1.1" 404 148 "-" "Mozilla/5.0 (Windows NT 6.1; WOW64) AppleWebKit/535.1 (KHTML, like Gecko) Chrome/13.0.782.220 Safari/535.1"
82.6.110.61 - - [11/Sep/2011:10:29:45 +0000] "GET /rooomie.com.mov HTTP/1.1" 206 2 "-" "AppleCoreMedia/1.0.0.7B367 (iPad; U; CPU OS 3_2 like Mac OS X)"
82.6.110.61 - - [11/Sep/2011:10:29:45 +0000] "GET /rooomie.com.mov HTTP/1.1" 200 531416 "-" "Mozilla/5.0 (iPad; U; CPU OS 3_2 like Mac OS X; en-us) AppleWebKit/531.21.10 (KHTML, like Gecko) Mobile/7B367 Twitter for iPad"
82.6.110.61 - - [11/Sep/2011:10:29:45 +0000] "GET /rooomie.com.mov HTTP/1.1" 206 68056 "-" "AppleCoreMedia/1.0.0.7B367 (iPad; U; CPU OS 3_2 like Mac OS X)"
82.6.110.61 - - [11/Sep/2011:10:29:45 +0000] "GET /rooomie.com.mov HTTP/1.1" 206 143069 "-" "AppleCoreMedia/1.0.0.7B367 (iPad; U; CPU OS 3_2 like Mac OS X)"
82.6.110.61 - - [11/Sep/2011:10:29:45 +0000] "GET /rooomie.com.mov HTTP/1.1" 206 11997 "-" "AppleCoreMedia/1.0.0.7B367 (iPad; U; CPU OS 3_2 like Mac OS X)"
82.6.110.61 - - [11/Sep/2011:10:29:45 +0000] "GET /rooomie.com.mov HTTP/1.1" 206 38400 "-" "AppleCoreMedia/1.0.0.7B367 (iPad; U; CPU OS 3_2 like Mac OS X)"
82.6.110.61 - - [11/Sep/2011:10:29:46 +0000] "GET /rooomie.com.mov HTTP/1.1" 206 217200 "-" "AppleCoreMedia/1.0.0.7B367 (iPad; U; CPU OS 3_2 like Mac OS X)"
82.6.110.61 - - [11/Sep/2011:10:29:46 +0000] "GET /rooomie.com.mov HTTP/1.1" 206 2 "-" "AppleCoreMedia/1.0.0.7B367 (iPad; U; CPU OS 3_2 like Mac OS X)"
82.6.110.61 - - [11/Sep/2011:10:29:46 +0000] "GET /rooomie.com.mov HTTP/1.1" 206 68056 "-" "AppleCoreMedia/1.0.0.7B367 (iPad; U; CPU OS 3_2 like Mac OS X)"
82.6.110.61 - - [11/Sep/2011:10:29:46 +0000] "GET /rooomie.com.mov HTTP/1.1" 206 143069 "-" "AppleCoreMedia/1.0.0.7B367 (iPad; U; CPU OS 3_2 like Mac OS X)"
82.6.110.61 - - [11/Sep/2011:10:29:47 +0000] "GET /rooomie.com.mov HTTP/1.1" 206 11997 "-" "AppleCoreMedia/1.0.0.7B367 (iPad; U; CPU OS 3_2 like Mac OS X)"
82.6.110.61 - - [11/Sep/2011:10:29:47 +0000] "GET /rooomie.com.mov HTTP/1.1" 206 39848 "-" "AppleCoreMedia/1.0.0.7B367 (iPad; U; CPU OS 3_2 like Mac OS X)"
82.6.110.61 - - [11/Sep/2011:10:29:47 +0000] "GET /rooomie.com.mov HTTP/1.1" 206 183896 "-" "AppleCoreMedia/1.0.0.7B367 (iPad; U; CPU OS 3_2 like Mac OS X)"
82.6.110.61 - - [11/Sep/2011:10:29:47 +0000] "GET /rooomie.com.mov HTTP/1.1" 206 65536 "-" "AppleCoreMedia/1.0.0.7B367 (iPad; U; CPU OS 3_2 like Mac OS X)"
82.6.110.61 - - [11/Sep/2011:10:29:48 +0000] "GET /rooomie.com.mov HTTP/1.1" 206 65536 "-" "AppleCoreMedia/1.0.0.7B367 (iPad; U; CPU OS 3_2 like Mac OS X)"
82.6.110.61 - - [11/Sep/2011:10:29:48 +0000] "GET /rooomie.com.mov HTTP/1.1" 206 65536 "-" "AppleCoreMedia/1.0.0.7B367 (iPad; U; CPU OS 3_2 like Mac OS X)"
213.220.224.155 - - [11/Sep/2011:10:29:56 +0000] "GET /rooomie.com.mov HTTP/1.1" 200 67186397 "-" "Mozilla/5.0 (Windows NT 6.1; WOW64) AppleWebKit/535.1 (KHTML, like Gecko) Chrome/13.0.782.220 Safari/535.1"
82.6.110.61 - - [11/Sep/2011:10:30:16 +0000] "GET /rooomie.com.mov HTTP/1.1" 206 37626280 "-" "AppleCoreMedia/1.0.0.7B367 (iPad; U; CPU OS 3_2 like Mac OS X)"
82.6.110.61 - - [11/Sep/2011:10:30:18 +0000] "GET /rooomie.com.mov HTTP/1.1" 206 863008 "-" "AppleCoreMedia/1.0.0.7B367 (iPad; U; CPU OS 3_2 like Mac OS X)"
82.6.110.61 - - [11/Sep/2011:10:30:20 +0000] "GET /rooomie.com.mov HTTP/1.1" 206 748616 "-" "AppleCoreMedia/1.0.0.7B367 (iPad; U; CPU OS 3_2 like Mac OS X)"
82.6.110.61 - - [11/Sep/2011:10:30:21 +0000] "GET /rooomie.com.mov HTTP/1.1" 206 631328 "-" "AppleCoreMedia/1.0.0.7B367 (iPad; U; CPU OS 3_2 like Mac OS X)"
82.6.110.61 - - [11/Sep/2011:10:30:23 +0000] "GET /rooomie.com.mov HTTP/1.1" 206 984640 "-" "AppleCoreMedia/1.0.0.7B367 (iPad; U; CPU OS 3_2 like Mac OS X)"
82.6.110.61 - - [11/Sep/2011:10:30:24 +0000] "GET /rooomie.com.mov HTTP/1.1" 206 543000 "-" "AppleCoreMedia/1.0.0.7B367 (iPad; U; CPU OS 3_2 like Mac OS X)"
82.6.110.61 - - [11/Sep/2011:10:30:25 +0000] "GET /rooomie.com.mov HTTP/1.1" 206 68056 "-" "AppleCoreMedia/1.0.0.7B367 (iPad; U; CPU OS 3_2 like Mac OS X)"
82.6.110.61 - - [11/Sep/2011:10:30:28 +0000] "GET /rooomie.com.mov HTTP/1.1" 206 1555152 "-" "AppleCoreMedia/1.0.0.7B367 (iPad; U; CPU OS 3_2 like Mac OS X)"
82.6.110.61 - - [11/Sep/2011:10:30:30 +0000] "GET /rooomie.com.mov HTTP/1.1" 206 582096 "-" "AppleCoreMedia/1.0.0.7B367 (iPad; U; CPU OS 3_2 like Mac OS X)"
82.6.110.61 - - [11/Sep/2011:10:30:32 +0000] "GET /rooomie.com.mov HTTP/1.1" 206 761648 "-" "AppleCoreMedia/1.0.0.7B367 (iPad; U; CPU OS 3_2 like Mac OS X)"
82.6.110.61 - - [11/Sep/2011:10:30:32 +0000] "GET /rooomie.com.mov HTTP/1.1" 206 68056 "-" "AppleCoreMedia/1.0.0.7B367 (iPad; U; CPU OS 3_2 like Mac OS X)"
82.6.110.61 - - [11/Sep/2011:10:30:34 +0000] "GET /rooomie.com.mov HTTP/1.1" 206 1559496 "-" "AppleCoreMedia/1.0.0.7B367 (iPad; U; CPU OS 3_2 like Mac OS X)"
82.6.110.61 - - [11/Sep/2011:10:30:36 +0000] "GET /rooomie.com.mov HTTP/1.1" 206 1236592 "-" "AppleCoreMedia/1.0.0.7B367 (iPad; U; CPU OS 3_2 like Mac OS X)"
82.6.110.61 - - [11/Sep/2011:10:30:37 +0000] "GET /rooomie.com.mov HTTP/1.1" 206 466256 "-" "AppleCoreMedia/1.0.0.7B367 (iPad; U; CPU OS 3_2 like Mac OS X)"
82.6.110.61 - - [11/Sep/2011:10:30:39 +0000] "GET /rooomie.com.mov HTTP/1.1" 206 831152 "-" "AppleCoreMedia/1.0.0.7B367 (iPad; U; CPU OS 3_2 like Mac OS X)"
82.6.110.61 - - [11/Sep/2011:10:30:41 +0000] "GET /rooomie.com.mov HTTP/1.1" 206 298288 "-" "AppleCoreMedia/1.0.0.7B367 (iPad; U; CPU OS 3_2 like Mac OS X)"
82.6.110.61 - - [11/Sep/2011:10:30:46 +0000] "GET /rooomie.com.mov HTTP/1.1" 206 2158968 "-" "AppleCoreMedia/1.0.0.7B367 (iPad; U; CPU OS 3_2 like Mac OS X)"
82.6.110.61 - - [11/Sep/2011:10:30:48 +0000] "GET /rooomie.com.mov HTTP/1.1" 206 1061384 "-" "AppleCoreMedia/1.0.0.7B367 (iPad; U; CPU OS 3_2 like Mac OS X)"
82.6.110.61 - - [11/Sep/2011:10:30:49 +0000] "GET /rooomie.com.mov HTTP/1.1" 206 799296 "-" "AppleCoreMedia/1.0.0.7B367 (iPad; U; CPU OS 3_2 like Mac OS X)"
82.6.110.61 - - [11/Sep/2011:10:30:51 +0000] "GET /rooomie.com.mov HTTP/1.1" 206 328696 "-" "AppleCoreMedia/1.0.0.7B367 (iPad; U; CPU OS 3_2 like Mac OS X)"
82.6.110.61 - - [11/Sep/2011:10:30:52 +0000] "GET /rooomie.com.mov HTTP/1.1" 206 1120752 "-" "AppleCoreMedia/1.0.0.7B367 (iPad; U; CPU OS 3_2 like Mac OS X)"
82.6.110.61 - - [11/Sep/2011:10:30:54 +0000] "GET /rooomie.com.mov HTTP/1.1" 206 706624 "-" "AppleCoreMedia/1.0.0.7B367 (iPad; U; CPU OS 3_2 like Mac OS X)"
82.6.110.61 - - [11/Sep/2011:10:30:56 +0000] "GET /rooomie.com.mov HTTP/1.1" 206 431504 "-" "AppleCoreMedia/1.0.0.7B367 (iPad; U; CPU OS 3_2 like Mac OS X)"
82.6.110.61 - - [11/Sep/2011:10:31:04 +0000] "GET /rooomie.com.mov HTTP/1.1" 206 3454928 "-" "AppleCoreMedia/1.0.0.7B367 (iPad; U; CPU OS 3_2 like Mac OS X)"
82.6.110.61 - - [11/Sep/2011:10:31:10 +0000] "GET /rooomie.com.mov HTTP/1.1" 206 2166208 "-" "AppleCoreMedia/1.0.0.7B367 (iPad; U; CPU OS 3_2 like Mac OS X)"
82.6.110.61 - - [11/Sep/2011:10:31:10 +0000] "GET /rooomie.com.mov HTTP/1.1" 206 318560 "-" "AppleCoreMedia/1.0.0.7B367 (iPad; U; CPU OS 3_2 like Mac OS X)"
